000
CDUS43 KMKX 250050
CLIMSN


CLIMATE REPORT
NATIONAL WEATHER SERVICE IN MILWAUKEE
747 PM CDT MON AUG 24 2015


...................................

...THE MADISON WI CLIMATE SUMMARY FOR AUGUST 24 2015...
VALID TODAY AS OF 0700 PM LOCAL TIME.

CLIMATE NORMAL PERIOD 1981 TO 2010
CLIMATE RECORD PERIOD 1871 TO 2015


WEATHER ITEM   OBSERVED TIME   RECORD YEAR NORMAL DEPARTURE LAST
                VALUE   (LST)  VALUE       VALUE  FROM      YEAR
                                                  NORMAL
..................................................................
TEMPERATURE (F)
 TODAY
  MAXIMUM         66    141 PM  98    1948  79    -13       87
                                      1947
  MINIMUM         54    522 AM  41    1984  58     -4       71
                                      1977
  AVERAGE         60                        68     -8       79

PRECIPITATION (IN)
  TODAY            0.00          2.25 2006   0.12  -0.12     0.00
  MONTH TO DATE    2.30                      3.35  -1.05     3.91
  SINCE JUN 1     10.47                     12.07  -1.60    14.54
  SINCE JAN 1     20.99                     23.90  -2.91    26.29

SNOWFALL (IN)
  TODAY            0.0           0.0    MM   0.0    0.0      0.0
  MONTH TO DATE    0.0                       0.0    0.0      0.0
  SINCE JUN 1      0.0                       0.0    0.0      0.0
  SINCE JUL 1      0.0                       0.0    0.0      0.0
  SNOW DEPTH       0

DEGREE DAYS
 HEATING
  TODAY            5                         1      4        0
  MONTH TO DATE    8                        21    -13        4
  SINCE JUN 1     61                        91    -30       26
  SINCE JUL 1     24                        31     -7       17

 COOLING
  TODAY            0                         4     -4       14
  MONTH TO DATE  160                       131     29      156
  SINCE JUN 1    471                       457     14      481
  SINCE JAN 1    521                       487     34      532
..................................................................


WIND (MPH)
  HIGHEST WIND SPEED    20   HIGHEST WIND DIRECTION    NW (300)
  HIGHEST GUST SPEED    30   HIGHEST GUST DIRECTION    NW (300)
  AVERAGE WIND SPEED     9.8


SKY COVER
  POSSIBLE SUNSHINE  MM
  AVERAGE SKY COVER 0.4


WEATHER CONDITIONS
 THE FOLLOWING WEATHER WAS RECORDED TODAY.
  NO SIGNIFICANT WEATHER WAS OBSERVED.


RELATIVE HUMIDITY (PERCENT)
 HIGHEST    72           400 AM
 LOWEST     48           200 PM
 AVERAGE    60

..........................................................


THE MADISON WI CLIMATE NORMALS FOR TOMORROW
                         NORMAL    RECORD    YEAR
 MAXIMUM TEMPERATURE (F)   79        94      1953
                                             1948
 MINIMUM TEMPERATURE (F)   58        37      1958


SUNRISE AND SUNSET
AUGUST 24 2015........SUNRISE   613 AM CDT   SUNSET   746 PM CDT
AUGUST 25 2015........SUNRISE   614 AM CDT   SUNSET   744 PM CDT


-  INDICATES NEGATIVE NUMBERS.
R  INDICATES RECORD WAS SET OR TIED.
MM INDICATES DATA IS MISSING.
T  INDICATES TRACE AMOUNT.




$$

HAHN
