000
CDUS43 KMKX 150744
CLIMSN


CLIMATE REPORT
NATIONAL WEATHER SERVICE IN MILWAUKEE
144 AM CST SAT NOV 15 2014


...................................

...THE MADISON WI CLIMATE SUMMARY FOR NOVEMBER 14 2014...

CLIMATE NORMAL PERIOD 1981 TO 2010
CLIMATE RECORD PERIOD 1871 TO 2014


WEATHER ITEM   OBSERVED TIME   RECORD YEAR NORMAL DEPARTURE LAST
                VALUE   (LST)  VALUE       VALUE  FROM      YEAR
                                                  NORMAL
..................................................................
TEMPERATURE (F)
 YESTERDAY
  MAXIMUM         27    251 PM  71    1971  45    -18       47
  MINIMUM         12   1159 PM   2    1959  29    -17       34
  AVERAGE         20                        37    -17       41

PRECIPITATION (IN)
  YESTERDAY        T             1.04 1956   0.08  -0.08     0.01
  MONTH TO DATE    0.31                      1.12  -0.81     0.87
  SINCE SEP 1      5.24                      6.65  -1.41     5.95
  SINCE JAN 1     33.05                     31.47   1.58    42.43

SNOWFALL (IN)
  YESTERDAY        T             2.0  1997   0.1   -0.1      0.0
  MONTH TO DATE    0.4                       0.8   -0.4      0.8
  SINCE SEP 1      0.6                       1.3   -0.7      0.8
  SINCE JUL 1      0.6                       1.3   -0.7      0.8
  SNOW DEPTH       T

DEGREE DAYS
 HEATING
  YESTERDAY       45                        28     17       24
  MONTH TO DATE  374                       348     26      355
  SINCE SEP 1   1000                      1024    -24      943
  SINCE JUL 1   1017                      1061    -44      973

 COOLING
  YESTERDAY        0                         0      0        0
  MONTH TO DATE    0                         0      0        0
  SINCE SEP 1     44                        55    -11       96
  SINCE JAN 1    620                       568     52      709
..................................................................


WIND (MPH)
  HIGHEST WIND SPEED    10   HIGHEST WIND DIRECTION    NW (320)
  HIGHEST GUST SPEED    13   HIGHEST GUST DIRECTION     W (270)
  AVERAGE WIND SPEED     3.8


SKY COVER
  POSSIBLE SUNSHINE  MM
  AVERAGE SKY COVER 0.7


WEATHER CONDITIONS
 THE FOLLOWING WEATHER WAS RECORDED YESTERDAY.
  LIGHT SNOW


RELATIVE HUMIDITY (PERCENT)
 HIGHEST    88          1100 PM
 LOWEST     50           400 PM
 AVERAGE    69

..........................................................


THE MADISON WI CLIMATE NORMALS FOR TODAY
                         NORMAL    RECORD    YEAR
 MAXIMUM TEMPERATURE (F)   44        68      1990
 MINIMUM TEMPERATURE (F)   29         5      1959


SUNRISE AND SUNSET
NOVEMBER 15 2014......SUNRISE   650 AM CST   SUNSET   433 PM CST
NOVEMBER 16 2014......SUNRISE   651 AM CST   SUNSET   432 PM CST


-  INDICATES NEGATIVE NUMBERS.
R  INDICATES RECORD WAS SET OR TIED.
MM INDICATES DATA IS MISSING.
T  INDICATES TRACE AMOUNT.




$$
