667
CDUS43 KMKX 082231
CLIMSN


CLIMATE REPORT
NATIONAL WEATHER SERVICE IN MILWAUKEE
430 PM CST WED NOV 8 2017


...................................

...THE MADISON WI CLIMATE SUMMARY FOR NOVEMBER 8 2017...
VALID TODAY AS OF 0400 PM LOCAL TIME.

CLIMATE NORMAL PERIOD 1981 TO 2010
CLIMATE RECORD PERIOD 1871 TO 2017


WEATHER ITEM   OBSERVED TIME   RECORD YEAR NORMAL DEPARTURE LAST
                VALUE   (LST)  VALUE       VALUE  FROM      YEAR
                                                  NORMAL
..................................................................
TEMPERATURE (F)
 TODAY
  MAXIMUM         44    146 PM  74    1999  48     -4       58
  MINIMUM         22    621 AM   7    1991  32    -10       38
  AVERAGE         33                        40     -7       48

PRECIPITATION (IN)
  TODAY            0.00          1.19 1932   0.08  -0.08     0.01
  MONTH TO DATE    0.35                      0.65  -0.30     0.25
  SINCE SEP 1      4.46                      6.18  -1.72    13.67
  SINCE JAN 1     37.22                     31.00   6.22    41.91

SNOWFALL (IN)
  TODAY            0.0           7.6  1921   0.1   -0.1      0.0
  MONTH TO DATE    0.0                       0.4   -0.4      0.0
  SINCE SEP 1      T                         0.9   -0.9      0.0
  SINCE JUL 1      T                         0.9   -0.9      0.0
  SNOW DEPTH       0

DEGREE DAYS
 HEATING
  TODAY           32                        25      7       17
  MONTH TO DATE  216                       188     28      102
  SINCE SEP 1    676                       864   -188      491
  SINCE JUL 1    701                       901   -200      498

 COOLING
  TODAY            0                         0      0        0
  MONTH TO DATE    0                         0      0        0
  SINCE SEP 1    120                        55     65       85
  SINCE JAN 1    580                       568     12      780
..................................................................


WIND (MPH)
  HIGHEST WIND SPEED    14   HIGHEST WIND DIRECTION    SW (240)
  HIGHEST GUST SPEED    19   HIGHEST GUST DIRECTION    SW (240)
  AVERAGE WIND SPEED     4.4


SKY COVER
  POSSIBLE SUNSHINE  MM
  AVERAGE SKY COVER 0.2


WEATHER CONDITIONS
 THE FOLLOWING WEATHER WAS RECORDED TODAY.
  NO SIGNIFICANT WEATHER WAS OBSERVED.


RELATIVE HUMIDITY (PERCENT)
 HIGHEST    88           700 AM
 LOWEST     57           100 PM
 AVERAGE    73

..........................................................


THE MADISON WI CLIMATE NORMALS FOR TOMORROW
                         NORMAL    RECORD    YEAR
 MAXIMUM TEMPERATURE (F)   48        73      1999
 MINIMUM TEMPERATURE (F)   31        13      2003


SUNRISE AND SUNSET
NOVEMBER  8 2017......SUNRISE   641 AM CST   SUNSET   440 PM CST
NOVEMBER  9 2017......SUNRISE   643 AM CST   SUNSET   439 PM CST


-  INDICATES NEGATIVE NUMBERS.
R  INDICATES RECORD WAS SET OR TIED.
MM INDICATES DATA IS MISSING.
T  INDICATES TRACE AMOUNT.




$$
