000
CDUS43 KMKX 292140
CLIMSN


CLIMATE REPORT
NATIONAL WEATHER SERVICE IN MILWAUKEE
440 PM CDT SAT JUL 29 2017


...................................

...THE MADISON WI CLIMATE SUMMARY FOR JULY 29 2017...
VALID TODAY AS OF 0400 PM LOCAL TIME.

CLIMATE NORMAL PERIOD 1981 TO 2010
CLIMATE RECORD PERIOD 1871 TO 2017


WEATHER ITEM   OBSERVED TIME   RECORD YEAR NORMAL DEPARTURE LAST
                VALUE   (LST)  VALUE       VALUE  FROM      YEAR
                                                  NORMAL
..................................................................
TEMPERATURE (F)
 TODAY
  MAXIMUM         78    255 PM 101    1916  81     -3       76
  MINIMUM         55    440 AM  43    1965  61     -6       63
  AVERAGE         67                        71     -4       70

PRECIPITATION (IN)
  TODAY            0.00          2.16 1959   0.13  -0.13     0.14
  MONTH TO DATE    6.52                      3.93   2.59     5.23
  SINCE JUN 1     13.25                      8.47   4.78    10.58
  SINCE JAN 1     28.91                     20.30   8.61    20.37

SNOWFALL (IN)
  TODAY            0.0           0.0    MM   0.0    0.0      0.0
  MONTH TO DATE    0.0                       0.0    0.0      0.0
  SINCE JUN 1      0.0                       0.0    0.0      0.0
  SINCE JUL 1      0.0                       0.0    0.0      0.0
  SNOW DEPTH       0

DEGREE DAYS
 HEATING
  TODAY            0                         0      0        0
  MONTH TO DATE    0                         0      0        4
  SINCE JUN 1     30                        60    -30       18
  SINCE JUL 1      0                         0      0        4

 COOLING
  TODAY            2                         6     -4        5
  MONTH TO DATE  192                       196     -4      246
  SINCE JUN 1    349                       316     33      395
  SINCE JAN 1    364                       346     18      447
..................................................................


WIND (MPH)
  HIGHEST WIND SPEED    12   HIGHEST WIND DIRECTION     E (100)
  HIGHEST GUST SPEED    17   HIGHEST GUST DIRECTION     E (110)
  AVERAGE WIND SPEED     5.4


SKY COVER
  POSSIBLE SUNSHINE  MM
  AVERAGE SKY COVER 0.2


WEATHER CONDITIONS
 THE FOLLOWING WEATHER WAS RECORDED TODAY.
  NO SIGNIFICANT WEATHER WAS OBSERVED.


RELATIVE HUMIDITY (PERCENT)
 HIGHEST    93           100 AM
 LOWEST     40           200 PM
 AVERAGE    67

..........................................................


THE MADISON WI CLIMATE NORMALS FOR TOMORROW
                         NORMAL    RECORD    YEAR
 MAXIMUM TEMPERATURE (F)   81        97      1999
                                             1955
                                             1916
 MINIMUM TEMPERATURE (F)   61        45      1971


SUNRISE AND SUNSET
JULY 29 2017..........SUNRISE   545 AM CDT   SUNSET   822 PM CDT
JULY 30 2017..........SUNRISE   546 AM CDT   SUNSET   821 PM CDT


-  INDICATES NEGATIVE NUMBERS.
R  INDICATES RECORD WAS SET OR TIED.
MM INDICATES DATA IS MISSING.
T  INDICATES TRACE AMOUNT.




$$
