000
CDUS43 KMKX 170659
CLIMSN


CLIMATE REPORT
NATIONAL WEATHER SERVICE IN MILWAUKEE
159 AM CDT SAT SEP 17 2016


...................................

...THE MADISON WI CLIMATE SUMMARY FOR SEPTEMBER 16 2016...

CLIMATE NORMAL PERIOD 1981 TO 2010
CLIMATE RECORD PERIOD 1871 TO 2016


WEATHER ITEM   OBSERVED TIME   RECORD YEAR NORMAL DEPARTURE LAST
                VALUE   (LST)  VALUE       VALUE  FROM      YEAR
                                                  NORMAL
..................................................................
TEMPERATURE (F)
 YESTERDAY
  MAXIMUM         78    215 PM  91    1931  72      6       83
  MINIMUM         63    515 AM  32    1984  50     13       63
  AVERAGE         71                        61     10       73

PRECIPITATION (IN)
  YESTERDAY        0.57          1.75 1992   0.10   0.47     0.00
  MONTH TO DATE    4.41                      1.74   2.67     1.28
  SINCE SEP 1      4.41                      1.74   2.67     1.28
  SINCE JAN 1     32.65                     26.56   6.09    24.07

SNOWFALL (IN)
  YESTERDAY        0.0           0.0    MM   0.0    0.0      0.0
  MONTH TO DATE    0.0                       0.0    0.0      0.0
  SINCE SEP 1      0.0                       0.0    0.0      0.0
  SINCE JUL 1      0.0                       0.0    0.0      0.0
  SNOW DEPTH       0

DEGREE DAYS
 HEATING
  YESTERDAY        0                         6     -6        0
  MONTH TO DATE    9                        57    -48       23
  SINCE SEP 1      9                        57    -48       23
  SINCE JUL 1     16                        94    -78       55

 COOLING
  YESTERDAY        6                         2      4        8
  MONTH TO DATE   51                        40     11      117
  SINCE SEP 1     51                        40     11      117
  SINCE JAN 1    746                       553    193      646
..................................................................


WIND (MPH)
  HIGHEST WIND SPEED    21   HIGHEST WIND DIRECTION     S (170)
  HIGHEST GUST SPEED    24   HIGHEST GUST DIRECTION     S (170)
  AVERAGE WIND SPEED     6.9


SKY COVER
  POSSIBLE SUNSHINE  MM
  AVERAGE SKY COVER 0.7


WEATHER CONDITIONS
 THE FOLLOWING WEATHER WAS RECORDED YESTERDAY.
  THUNDERSTORM
  HEAVY RAIN
  RAIN
  LIGHT RAIN
  FOG


RELATIVE HUMIDITY (PERCENT)
 HIGHEST   100           700 PM
 LOWEST     69           300 PM
 AVERAGE    85

..........................................................


THE MADISON WI CLIMATE NORMALS FOR TODAY
                         NORMAL    RECORD    YEAR
 MAXIMUM TEMPERATURE (F)   71        90      1955
 MINIMUM TEMPERATURE (F)   50        36      1980


SUNRISE AND SUNSET
SEPTEMBER 17 2016.....SUNRISE   640 AM CDT   SUNSET   703 PM CDT
SEPTEMBER 18 2016.....SUNRISE   641 AM CDT   SUNSET   701 PM CDT


-  INDICATES NEGATIVE NUMBERS.
R  INDICATES RECORD WAS SET OR TIED.
MM INDICATES DATA IS MISSING.
T  INDICATES TRACE AMOUNT.




$$
