000
CDUS43 KMKX 130728
CLIMSN


CLIMATE REPORT
NATIONAL WEATHER SERVICE IN MILWAUKEE
227 AM CDT SAT AUG 13 2016


...................................

...THE MADISON WI CLIMATE SUMMARY FOR AUGUST 12 2016...

CLIMATE NORMAL PERIOD 1981 TO 2010
CLIMATE RECORD PERIOD 1871 TO 2016


WEATHER ITEM   OBSERVED TIME   RECORD YEAR NORMAL DEPARTURE LAST
                VALUE   (LST)  VALUE       VALUE  FROM      YEAR
                                                  NORMAL
..................................................................
TEMPERATURE (F)
 YESTERDAY
  MAXIMUM         81    241 PM  99    1995  80      1       82
  MINIMUM         72   1159 PM  38    1967  60     12       55
  AVERAGE         77                        70      7       69

PRECIPITATION (IN)
  YESTERDAY        0.95          1.50 1875   0.15   0.80     0.00
  MONTH TO DATE    2.71                      1.65   1.06     0.37
  SINCE JUN 1     13.29                     10.37   2.92     8.54
  SINCE JAN 1     23.08                     22.20   0.88    19.06

SNOWFALL (IN)
  YESTERDAY        0.0           0.0    MM   0.0    0.0      0.0
  MONTH TO DATE    0.0                       0.0    0.0      0.0
  SINCE JUN 1      0.0                       0.0    0.0      0.0
  SINCE JUL 1      0.0                       0.0    0.0      0.0
  SNOW DEPTH       0

DEGREE DAYS
 HEATING
  YESTERDAY        0                         1     -1        0
  MONTH TO DATE    0                         9     -9        0
  SINCE JUN 1     18                        79    -61       53
  SINCE JUL 1      4                        19    -15       16

 COOLING
  YESTERDAY       12                         6      6        4
  MONTH TO DATE  119                        72     47       74
  SINCE JUN 1    523                       398    125      385
  SINCE JAN 1    575                       428    147      435
..................................................................


WIND (MPH)
  HIGHEST WIND SPEED    12   HIGHEST WIND DIRECTION     S (200)
  HIGHEST GUST SPEED    15   HIGHEST GUST DIRECTION     S (190)
  AVERAGE WIND SPEED     5.1


SKY COVER
  POSSIBLE SUNSHINE  MM
  AVERAGE SKY COVER 0.8


WEATHER CONDITIONS
 THE FOLLOWING WEATHER WAS RECORDED YESTERDAY.
  HEAVY RAIN
  RAIN
  LIGHT RAIN
  FOG
  FOG W/VISIBILITY <= 1/4 MILE


RELATIVE HUMIDITY (PERCENT)
 HIGHEST   100           600 AM
 LOWEST     74           200 PM
 AVERAGE    87

..........................................................


THE MADISON WI CLIMATE NORMALS FOR TODAY
                         NORMAL    RECORD    YEAR
 MAXIMUM TEMPERATURE (F)   80        95      1995
 MINIMUM TEMPERATURE (F)   60        43      1967


SUNRISE AND SUNSET
AUGUST 13 2016........SUNRISE   601 AM CDT   SUNSET   802 PM CDT
AUGUST 14 2016........SUNRISE   602 AM CDT   SUNSET   801 PM CDT


-  INDICATES NEGATIVE NUMBERS.
R  INDICATES RECORD WAS SET OR TIED.
MM INDICATES DATA IS MISSING.
T  INDICATES TRACE AMOUNT.




$$
