000
CDUS43 KMKX 130042
CLIMSN


CLIMATE REPORT
NATIONAL WEATHER SERVICE IN MILWAUKEE
640 PM CST FRI DEC 12 2014


...................................

...THE MADISON WI CLIMATE SUMMARY FOR DECEMBER 12 2014...
VALID TODAY AS OF 0600 PM LOCAL TIME.

CLIMATE NORMAL PERIOD 1981 TO 2010
CLIMATE RECORD PERIOD 1871 TO 2014


WEATHER ITEM   OBSERVED TIME   RECORD YEAR NORMAL DEPARTURE LAST
                VALUE   (LST)  VALUE       VALUE  FROM      YEAR
                                                  NORMAL
..................................................................
TEMPERATURE (F)
 TODAY
  MAXIMUM         36    402 PM  53    1991  31      5       24
                                      1968
                                      1965
  MINIMUM         24   1219 AM -10    1962  17      7       -1
  AVERAGE         30                        24      6       12

PRECIPITATION (IN)
  TODAY            0.00          0.96 1909   0.06  -0.06     0.00
  MONTH TO DATE    0.23                      0.82  -0.59     0.52
  SINCE DEC 1      0.23                      0.82  -0.59     0.52
  SINCE JAN 1     34.51                     33.56   0.95    44.28

SNOWFALL (IN)
  TODAY            0.0          10.6  1909   0.4   -0.4      0.0
  MONTH TO DATE    0.1                       5.1   -5.0      6.5
  SINCE DEC 1      0.1                       5.1   -5.0      6.5
  SINCE JUL 1      8.6                       9.2   -0.6     10.0
  SNOW DEPTH       T

DEGREE DAYS
 HEATING
  TODAY           35                        41     -6       53
  MONTH TO DATE  468                       468      0      546
  SINCE DEC 1    468                       468      0      546
  SINCE JUL 1   2152                      2047    105     2065

 COOLING
  TODAY            0                         0      0        0
  MONTH TO DATE    0                         0      0        0
  SINCE DEC 1      0                         0      0        0
  SINCE JAN 1    620                       568     52      709
..................................................................


WIND (MPH)
  HIGHEST WIND SPEED    10   HIGHEST WIND DIRECTION    NW (300)
  HIGHEST GUST SPEED    14   HIGHEST GUST DIRECTION    NW (310)
  AVERAGE WIND SPEED     3.5


SKY COVER
  POSSIBLE SUNSHINE  MM
  AVERAGE SKY COVER 1.0


WEATHER CONDITIONS
 THE FOLLOWING WEATHER WAS RECORDED TODAY.
  FOG


RELATIVE HUMIDITY (PERCENT)
 HIGHEST   100           700 AM
 LOWEST     82           500 PM
 AVERAGE    91

..........................................................


THE MADISON WI CLIMATE NORMALS FOR TOMORROW
                         NORMAL    RECORD    YEAR
 MAXIMUM TEMPERATURE (F)   31        57      1975
 MINIMUM TEMPERATURE (F)   16       -17      1903


SUNRISE AND SUNSET
DECEMBER 12 2014......SUNRISE   720 AM CST   SUNSET   422 PM CST
DECEMBER 13 2014......SUNRISE   721 AM CST   SUNSET   422 PM CST


-  INDICATES NEGATIVE NUMBERS.
R  INDICATES RECORD WAS SET OR TIED.
MM INDICATES DATA IS MISSING.
T  INDICATES TRACE AMOUNT.




$$
