000
CDUS43 KMKX 080645
CLIMSN


CLIMATE REPORT
NATIONAL WEATHER SERVICE IN MILWAUKEE
145 AM CDT SAT APR 8 2017


...................................

...THE MADISON WI CLIMATE SUMMARY FOR APRIL 7 2017...

CLIMATE NORMAL PERIOD 1981 TO 2010
CLIMATE RECORD PERIOD 1871 TO 2017


WEATHER ITEM   OBSERVED TIME   RECORD YEAR NORMAL DEPARTURE LAST
                VALUE   (LST)  VALUE       VALUE  FROM      YEAR
                                                  NORMAL
..................................................................
TEMPERATURE (F)
 YESTERDAY
  MAXIMUM         56    525 PM  82    1871  54      2       40
  MINIMUM         33    608 AM   0    1982  33      0       30
  AVERAGE         45                        43      2       35

PRECIPITATION (IN)
  YESTERDAY        0.00          1.19 1907   0.11  -0.11      T
  MONTH TO DATE    0.87                      0.73   0.14     0.71
  SINCE MAR 1      3.70                      2.93   0.77     4.67
  SINCE JAN 1      8.40                      5.61   2.79     6.17

SNOWFALL (IN)
  YESTERDAY        0.0           4.0  1907   0.2   -0.2     MM
  MONTH TO DATE    T                         1.0   -1.0      2.4
  SINCE MAR 1      8.3                       8.0    0.3      6.4
  SINCE JUL 1     44.0                      49.1   -5.1     30.9
  SNOW DEPTH       0

DEGREE DAYS
 HEATING
  YESTERDAY       20                        22     -2       30
  MONTH TO DATE  138                       162    -24      191
  SINCE MAR 1   1087                      1125    -38      961
  SINCE JUL 1   5599                      6611  -1012     5561

 COOLING
  YESTERDAY        0                         0      0        0
  MONTH TO DATE    0                         0      0        0
  SINCE MAR 1      0                         0      0        0
  SINCE JAN 1      0                         0      0        0
..................................................................


WIND (MPH)
  HIGHEST WIND SPEED    15   HIGHEST WIND DIRECTION     N (10)
  HIGHEST GUST SPEED    20   HIGHEST GUST DIRECTION     N (10)
  AVERAGE WIND SPEED     6.6


SKY COVER
  POSSIBLE SUNSHINE  MM
  AVERAGE SKY COVER 0.3


WEATHER CONDITIONS
 THE FOLLOWING WEATHER WAS RECORDED YESTERDAY.
  NO SIGNIFICANT WEATHER WAS OBSERVED.


RELATIVE HUMIDITY (PERCENT)
 HIGHEST    58           800 PM
 LOWEST     19           500 PM
 AVERAGE    39

..........................................................


THE MADISON WI CLIMATE NORMALS FOR TODAY
                         NORMAL    RECORD    YEAR
 MAXIMUM TEMPERATURE (F)   54        77      1971
 MINIMUM TEMPERATURE (F)   33         9      1972


SUNRISE AND SUNSET
APRIL  8 2017.........SUNRISE   627 AM CDT   SUNSET   732 PM CDT
APRIL  9 2017.........SUNRISE   625 AM CDT   SUNSET   733 PM CDT


-  INDICATES NEGATIVE NUMBERS.
R  INDICATES RECORD WAS SET OR TIED.
MM INDICATES DATA IS MISSING.
T  INDICATES TRACE AMOUNT.




$$
