000
CDUS43 KMKX 152145
CLIMSN


CLIMATE REPORT
NATIONAL WEATHER SERVICE IN MILWAUKEE
444 PM CDT FRI AUG 15 2014


...................................

...THE MADISON WI CLIMATE SUMMARY FOR AUGUST 15 2014...
VALID TODAY AS OF 0400 PM LOCAL TIME.

CLIMATE NORMAL PERIOD 1981 TO 2010
CLIMATE RECORD PERIOD 1871 TO 2014


WEATHER ITEM   OBSERVED TIME   RECORD YEAR NORMAL DEPARTURE LAST
                VALUE   (LST)  VALUE       VALUE  FROM      YEAR
                                                  NORMAL
..................................................................
TEMPERATURE (F)
 TODAY
  MAXIMUM         79    259 PM  95    1988  80     -1       77
                                      1955
  MINIMUM         48    520 AM  37    1979  59    -11       57
  AVERAGE         64                        70     -6       67

PRECIPITATION (IN)
  TODAY            0.00          2.67 1993   0.15  -0.15     0.00
  MONTH TO DATE    2.69                      2.10   0.59     0.30
  SINCE JUN 1     13.32                     10.82   2.50    15.16
  SINCE JAN 1     25.07                     22.65   2.42    35.25

SNOWFALL (IN)
  TODAY            0.0           0.0    MM   0.0    0.0      0.0
  MONTH TO DATE    0.0                       0.0    0.0      0.0
  SINCE JUN 1      0.0                       0.0    0.0      0.0
  SINCE JUL 1      0.0                       0.0    0.0      0.0
  SNOW DEPTH       0

DEGREE DAYS
 HEATING
  TODAY            1                         1      0        0
  MONTH TO DATE    4                        12     -8       12
  SINCE JUN 1     26                        82    -56       82
  SINCE JUL 1     17                        22     -5       30

 COOLING
  TODAY            0                         5     -5        2
  MONTH TO DATE   67                        87    -20       47
  SINCE JUN 1    392                       413    -21      415
  SINCE JAN 1    443                       443      0      468
..................................................................


WIND (MPH)
  HIGHEST WIND SPEED    10   HIGHEST WIND DIRECTION     S (190)
  HIGHEST GUST SPEED    17   HIGHEST GUST DIRECTION     S (180)
  AVERAGE WIND SPEED     4.2


SKY COVER
  POSSIBLE SUNSHINE  MM
  AVERAGE SKY COVER 0.2


WEATHER CONDITIONS
 THE FOLLOWING WEATHER WAS RECORDED TODAY.
  NO SIGNIFICANT WEATHER WAS OBSERVED.


RELATIVE HUMIDITY (PERCENT)
 HIGHEST    93           100 AM
 LOWEST     46          1200 PM
 AVERAGE    70

..........................................................


THE MADISON WI CLIMATE NORMALS FOR TOMORROW
                         NORMAL    RECORD    YEAR
 MAXIMUM TEMPERATURE (F)   80       102      1988
 MINIMUM TEMPERATURE (F)   59        38      1979


SUNRISE AND SUNSET
AUGUST 15 2014........SUNRISE   603 AM CDT   SUNSET   800 PM CDT
AUGUST 16 2014........SUNRISE   604 AM CDT   SUNSET   758 PM CDT


-  INDICATES NEGATIVE NUMBERS.
R  INDICATES RECORD WAS SET OR TIED.
MM INDICATES DATA IS MISSING.
T  INDICATES TRACE AMOUNT.




$$
