000
CDUS43 KMKX 092140
CLIMSN


CLIMATE REPORT
NATIONAL WEATHER SERVICE IN MILWAUKEE
440 PM CDT SAT SEP 9 2017


...................................

...THE MADISON WI CLIMATE SUMMARY FOR SEPTEMBER 9 2017...
VALID TODAY AS OF 0400 PM LOCAL TIME.

CLIMATE NORMAL PERIOD 1981 TO 2010
CLIMATE RECORD PERIOD 1871 TO 2017


WEATHER ITEM   OBSERVED TIME   RECORD YEAR NORMAL DEPARTURE LAST
                VALUE   (LST)  VALUE       VALUE  FROM      YEAR
                                                  NORMAL
..................................................................
TEMPERATURE (F)
 TODAY
  MAXIMUM         72    234 PM  97    1955  75     -3       76
  MINIMUM         44    432 AM  36    1975  53     -9       56
  AVERAGE         58                        64     -6       66

PRECIPITATION (IN)
  TODAY            0.00          2.45 1994   0.11  -0.11     0.01
  MONTH TO DATE    0.14                      1.02  -0.88     3.02
  SINCE SEP 1      0.14                      1.02  -0.88     3.02
  SINCE JAN 1     32.90                     25.84   7.06    31.26

SNOWFALL (IN)
  TODAY            0.0           0.0    MM   0.0    0.0      0.0
  MONTH TO DATE    0.0                       0.0    0.0      0.0
  SINCE SEP 1      0.0                       0.0    0.0      0.0
  SINCE JUL 1      0.0                       0.0    0.0      0.0
  SNOW DEPTH       0

DEGREE DAYS
 HEATING
  TODAY            7                         4      3        0
  MONTH TO DATE   57                        24     33        5
  SINCE SEP 1     57                        24     33        5
  SINCE JUL 1     82                        61     21       12

 COOLING
  TODAY            0                         2     -2        1
  MONTH TO DATE    0                        26    -26       42
  SINCE SEP 1      0                        26    -26       42
  SINCE JAN 1    460                       539    -79      737
..................................................................


WIND (MPH)
  HIGHEST WIND SPEED    16   HIGHEST WIND DIRECTION    SE (120)
  HIGHEST GUST SPEED    22   HIGHEST GUST DIRECTION    SE (130)
  AVERAGE WIND SPEED     7.0


SKY COVER
  POSSIBLE SUNSHINE  MM
  AVERAGE SKY COVER 0.2


WEATHER CONDITIONS
 THE FOLLOWING WEATHER WAS RECORDED TODAY.
  NO SIGNIFICANT WEATHER WAS OBSERVED.


RELATIVE HUMIDITY (PERCENT)
 HIGHEST   100           100 AM
 LOWEST     47           300 PM
 AVERAGE    74

..........................................................


THE MADISON WI CLIMATE NORMALS FOR TOMORROW
                         NORMAL    RECORD    YEAR
 MAXIMUM TEMPERATURE (F)   74        95      1931
 MINIMUM TEMPERATURE (F)   53        33      1967


SUNRISE AND SUNSET
SEPTEMBER  9 2017.....SUNRISE   631 AM CDT   SUNSET   718 PM CDT
SEPTEMBER 10 2017.....SUNRISE   632 AM CDT   SUNSET   716 PM CDT


-  INDICATES NEGATIVE NUMBERS.
R  INDICATES RECORD WAS SET OR TIED.
MM INDICATES DATA IS MISSING.
T  INDICATES TRACE AMOUNT.




$$
