000
CDUS43 KMKX 250651
CLIMSN


CLIMATE REPORT
NATIONAL WEATHER SERVICE IN MILWAUKEE
151 AM CDT THU JUN 25 2015


...................................

...THE MADISON WI CLIMATE SUMMARY FOR JUNE 24 2015...

CLIMATE NORMAL PERIOD 1981 TO 2010
CLIMATE RECORD PERIOD 1871 TO 2015


WEATHER ITEM   OBSERVED TIME   RECORD YEAR NORMAL DEPARTURE LAST
                VALUE   (LST)  VALUE       VALUE  FROM      YEAR
                                                  NORMAL
..................................................................
TEMPERATURE (F)
 YESTERDAY
  MAXIMUM         80    156 PM  96    1923  80      0       85
  MINIMUM         56    435 AM  44    1972  59     -3       63
  AVERAGE         68                        70     -2       74

PRECIPITATION (IN)
  YESTERDAY        0.00          1.49 1882   0.15  -0.15     0.00
  MONTH TO DATE    3.06                      3.64  -0.58     6.80
  SINCE JUN 1      3.06                      3.64  -0.58     6.80
  SINCE JAN 1     13.58                     15.47  -1.89    18.55

SNOWFALL (IN)
  YESTERDAY        0.0           0.0    MM   0.0    0.0      0.0
  MONTH TO DATE    0.0                       0.0    0.0      0.0
  SINCE JUN 1      0.0                       0.0    0.0      0.0
  SINCE JUL 1     33.7                      50.9  -17.2     59.2
  SNOW DEPTH       0

DEGREE DAYS
 HEATING
  YESTERDAY        0                         1     -1        0
  MONTH TO DATE   35                        57    -22        9
  SINCE JUN 1     35                        57    -22        9
  SINCE JUL 1   7365                      7330     35     8057

 COOLING
  YESTERDAY        3                         6     -3        9
  MONTH TO DATE   96                        84     12      122
  SINCE JUN 1     96                        84     12      122
  SINCE JAN 1    146                       114     32      173
..................................................................


WIND (MPH)
  HIGHEST WIND SPEED    15   HIGHEST WIND DIRECTION     S (190)
  HIGHEST GUST SPEED    19   HIGHEST GUST DIRECTION     S (200)
  AVERAGE WIND SPEED     3.3


SKY COVER
  POSSIBLE SUNSHINE  MM
  AVERAGE SKY COVER 0.6


WEATHER CONDITIONS
 THE FOLLOWING WEATHER WAS RECORDED YESTERDAY.
  NO SIGNIFICANT WEATHER WAS OBSERVED.


RELATIVE HUMIDITY (PERCENT)
 HIGHEST    93           200 AM
 LOWEST     43          1000 AM
 AVERAGE    68

..........................................................


THE MADISON WI CLIMATE NORMALS FOR TODAY
                         NORMAL    RECORD    YEAR
 MAXIMUM TEMPERATURE (F)   81        97      1988
 MINIMUM TEMPERATURE (F)   59        36      1979


SUNRISE AND SUNSET
JUNE 25 2015..........SUNRISE   519 AM CDT   SUNSET   841 PM CDT
JUNE 26 2015..........SUNRISE   519 AM CDT   SUNSET   841 PM CDT


-  INDICATES NEGATIVE NUMBERS.
R  INDICATES RECORD WAS SET OR TIED.
MM INDICATES DATA IS MISSING.
T  INDICATES TRACE AMOUNT.




$$
