000
CDUS43 KMKX 160046
CLIMSN


CLIMATE REPORT
NATIONAL WEATHER SERVICE IN MILWAUKEE
745 PM CDT MON AUG 15 2016


...................................

...THE MADISON WI CLIMATE SUMMARY FOR AUGUST 15 2016...
VALID TODAY AS OF 0700 PM LOCAL TIME.

CLIMATE NORMAL PERIOD 1981 TO 2010
CLIMATE RECORD PERIOD 1871 TO 2016


WEATHER ITEM   OBSERVED TIME   RECORD YEAR NORMAL DEPARTURE LAST
                VALUE   (LST)  VALUE       VALUE  FROM      YEAR
                                                  NORMAL
..................................................................
TEMPERATURE (F)
 TODAY
  MAXIMUM         81    300 PM  95    1988  80      1       91
                                      1955
  MINIMUM         61        MM  37    1979  59      2       68
  AVERAGE         71                        70      1       80

PRECIPITATION (IN)
  TODAY            0.00          2.67 1993   0.15  -0.15     0.00
  MONTH TO DATE    2.78                      2.10   0.68     0.37
  SINCE JUN 1     13.36                     10.82   2.54     8.54
  SINCE JAN 1     23.15                     22.65   0.50    19.06

SNOWFALL (IN)
  TODAY            0.0           0.0    MM   0.0    0.0      0.0
  MONTH TO DATE    0.0                       0.0    0.0      0.0
  SINCE JUN 1      0.0                       0.0    0.0      0.0
  SINCE JUL 1      0.0                       0.0    0.0      0.0
  SNOW DEPTH       0

DEGREE DAYS
 HEATING
  TODAY            0                         1     -1        0
  MONTH TO DATE    0                        12    -12        0
  SINCE JUN 1     18                        82    -64       53
  SINCE JUL 1      4                        22    -18       16

 COOLING
  TODAY            6                         5      1       15
  MONTH TO DATE  141                        87     54      116
  SINCE JUN 1    545                       413    132      427
  SINCE JAN 1    597                       443    154      477
..................................................................


WIND (MPH)
  HIGHEST WIND SPEED    12   HIGHEST WIND DIRECTION     E (100)
  HIGHEST GUST SPEED    18   HIGHEST GUST DIRECTION     E (90)
  AVERAGE WIND SPEED     4.1


SKY COVER
  POSSIBLE SUNSHINE  MM
  AVERAGE SKY COVER 0.6


WEATHER CONDITIONS
 THE FOLLOWING WEATHER WAS RECORDED TODAY.
  FOG


RELATIVE HUMIDITY (PERCENT)
 HIGHEST   100           100 AM
 LOWEST     58           300 PM
 AVERAGE    79

..........................................................


THE MADISON WI CLIMATE NORMALS FOR TOMORROW
                         NORMAL    RECORD    YEAR
 MAXIMUM TEMPERATURE (F)   80       102      1988
 MINIMUM TEMPERATURE (F)   59        38      1979


SUNRISE AND SUNSET
AUGUST 15 2016........SUNRISE   604 AM CDT   SUNSET   759 PM CDT
AUGUST 16 2016........SUNRISE   605 AM CDT   SUNSET   758 PM CDT


-  INDICATES NEGATIVE NUMBERS.
R  INDICATES RECORD WAS SET OR TIED.
MM INDICATES DATA IS MISSING.
T  INDICATES TRACE AMOUNT.




$$
