000
CDUS43 KMKX 142046
CLIMSN


CLIMATE REPORT
NATIONAL WEATHER SERVICE IN MILWAUKEE
345 PM CDT TUE OCT 14 2014


...................................

...THE MADISON WI CLIMATE SUMMARY FOR OCTOBER 14 2014...
VALID TODAY AS OF 0300 PM LOCAL TIME.

CLIMATE NORMAL PERIOD 1981 TO 2010
CLIMATE RECORD PERIOD 1871 TO 2014


WEATHER ITEM   OBSERVED TIME   RECORD YEAR NORMAL DEPARTURE LAST
                VALUE   (LST)  VALUE       VALUE  FROM      YEAR
                                                  NORMAL
..................................................................
TEMPERATURE (F)
 TODAY
  MAXIMUM         63    212 AM  82    1947  60      3       63
  MINIMUM         52    159 PM  22    1979  39     13       32
  AVERAGE         58                        50      8       48

PRECIPITATION (IN)
  TODAY            0.63          1.74 2012   0.08   0.55     0.00
  MONTH TO DATE    2.85                      1.08   1.77     0.84
  SINCE SEP 1      4.69                      4.21   0.48     4.03
  SINCE JAN 1     32.50                     29.03   3.47    40.51

SNOWFALL (IN)
  TODAY            0.0           T    2001   0.0    0.0      0.0
  MONTH TO DATE    T                         0.1   -0.1      0.0
  SINCE SEP 1      T                         0.1   -0.1      0.0
  SINCE JUL 1      T                         0.1   -0.1      0.0
  SNOW DEPTH       0

DEGREE DAYS
 HEATING
  TODAY            7                        16     -9       17
  MONTH TO DATE  181                       188     -7       98
  SINCE SEP 1    347                       359    -12      225
  SINCE JUL 1    364                       396    -32      255

 COOLING
  TODAY            0                         0      0        0
  MONTH TO DATE    0                         0      0        2
  SINCE SEP 1     44                        51     -7       96
  SINCE JAN 1    620                       564     56      709
..................................................................


WIND (MPH)
  HIGHEST WIND SPEED    30   HIGHEST WIND DIRECTION     N (10)
  HIGHEST GUST SPEED    38   HIGHEST GUST DIRECTION     N (10)
  AVERAGE WIND SPEED     8.5


SKY COVER
  POSSIBLE SUNSHINE  MM
  AVERAGE SKY COVER 1.0


WEATHER CONDITIONS
 THE FOLLOWING WEATHER WAS RECORDED TODAY.
  HEAVY RAIN
  RAIN
  LIGHT RAIN
  FOG


RELATIVE HUMIDITY (PERCENT)
 HIGHEST   100           100 AM
 LOWEST     90           400 AM
 AVERAGE    95

..........................................................


THE MADISON WI CLIMATE NORMALS FOR TOMORROW
                         NORMAL    RECORD    YEAR
 MAXIMUM TEMPERATURE (F)   59        86      1947
 MINIMUM TEMPERATURE (F)   39        23      1876


SUNRISE AND SUNSET
OCTOBER 14 2014.......SUNRISE   710 AM CDT   SUNSET   616 PM CDT
OCTOBER 15 2014.......SUNRISE   711 AM CDT   SUNSET   615 PM CDT


-  INDICATES NEGATIVE NUMBERS.
R  INDICATES RECORD WAS SET OR TIED.
MM INDICATES DATA IS MISSING.
T  INDICATES TRACE AMOUNT.




$$
