000
CDUS43 KMKX 260646
CLIMSN


CLIMATE REPORT
NATIONAL WEATHER SERVICE IN MILWAUKEE
1244 AM CST SUN NOV 26 2017


...................................

...THE MADISON WI CLIMATE SUMMARY FOR NOVEMBER 25 2017...

CLIMATE NORMAL PERIOD 1981 TO 2010
CLIMATE RECORD PERIOD 1871 TO 2017


WEATHER ITEM   OBSERVED TIME   RECORD YEAR NORMAL DEPARTURE LAST
                VALUE   (LST)  VALUE       VALUE  FROM      YEAR
                                                  NORMAL
..................................................................
TEMPERATURE (F)
 YESTERDAY
  MAXIMUM         48   1216 AM  62    1908  39      9       39
  MINIMUM         26   1050 PM  -8    1950  24      2       34
  AVERAGE         37                        31      6       37

PRECIPITATION (IN)
  YESTERDAY        0.00          0.90 1952   0.08  -0.08      T
  MONTH TO DATE    0.68                      2.00  -1.32     0.48
  SINCE SEP 1      4.79                      7.53  -2.74    13.90
  SINCE JAN 1     37.55                     32.35   5.20    42.14

SNOWFALL (IN)
  YESTERDAY        0.0           3.0  1987   0.2   -0.2      0.0
  MONTH TO DATE    0.3                       2.4   -2.1       T
  SINCE SEP 1      0.3                       2.9   -2.6       T
  SINCE JUL 1      0.3                       2.9   -2.6       T
  SNOW DEPTH       0

DEGREE DAYS
 HEATING
  YESTERDAY       28                        34     -6       28
  MONTH TO DATE  745                       690     55      503
  SINCE SEP 1   1205                      1366   -161      892
  SINCE JUL 1   1230                      1403   -173      899

 COOLING
  YESTERDAY        0                         0      0        0
  MONTH TO DATE    0                         0      0        0
  SINCE SEP 1    120                        55     65       85
  SINCE JAN 1    580                       568     12      780
..................................................................


WIND (MPH)
  HIGHEST WIND SPEED    18   HIGHEST WIND DIRECTION    NW (320)
  HIGHEST GUST SPEED    29   HIGHEST GUST DIRECTION    NW (320)
  AVERAGE WIND SPEED     8.0


SKY COVER
  POSSIBLE SUNSHINE  MM
  AVERAGE SKY COVER 0.2


WEATHER CONDITIONS
 THE FOLLOWING WEATHER WAS RECORDED YESTERDAY.
  NO SIGNIFICANT WEATHER WAS OBSERVED.


RELATIVE HUMIDITY (PERCENT)
 HIGHEST    82           600 AM
 LOWEST     45           100 PM
 AVERAGE    64

..........................................................


THE MADISON WI CLIMATE NORMALS FOR TODAY
                         NORMAL    RECORD    YEAR
 MAXIMUM TEMPERATURE (F)   38        65      1990
 MINIMUM TEMPERATURE (F)   24        -5      1977


SUNRISE AND SUNSET
NOVEMBER 26 2017......SUNRISE   704 AM CST   SUNSET   425 PM CST
NOVEMBER 27 2017......SUNRISE   705 AM CST   SUNSET   425 PM CST


-  INDICATES NEGATIVE NUMBERS.
R  INDICATES RECORD WAS SET OR TIED.
MM INDICATES DATA IS MISSING.
T  INDICATES TRACE AMOUNT.




$$
