000
CDUS43 KMKX 240656
CLIMSN


CLIMATE REPORT
NATIONAL WEATHER SERVICE IN MILWAUKEE
156 AM CDT SUN AUG 24 2014


...................................

...THE MADISON WI CLIMATE SUMMARY FOR AUGUST 23 2014...

CLIMATE NORMAL PERIOD 1981 TO 2010
CLIMATE RECORD PERIOD 1871 TO 2014


WEATHER ITEM   OBSERVED TIME   RECORD YEAR NORMAL DEPARTURE LAST
                VALUE   (LST)  VALUE       VALUE  FROM      YEAR
                                                  NORMAL
..................................................................
TEMPERATURE (F)
 YESTERDAY
  MAXIMUM         79    451 PM  98    1947  79      0       82
  MINIMUM         72   1159 PM  43    1952  58     14       55
  AVERAGE         76                        68      8       69

PRECIPITATION (IN)
  YESTERDAY        0.03          3.00 1910   0.13  -0.10     0.00
  MONTH TO DATE    3.91                      3.23   0.68     1.53
  SINCE JUN 1     14.54                     11.95   2.59    16.39
  SINCE JAN 1     26.29                     23.78   2.51    36.48

SNOWFALL (IN)
  YESTERDAY        0.0           0.0    MM   0.0    0.0      0.0
  MONTH TO DATE    0.0                       0.0    0.0      0.0
  SINCE JUN 1      0.0                       0.0    0.0      0.0
  SINCE JUL 1      0.0                       0.0    0.0      0.0
  SNOW DEPTH       0

DEGREE DAYS
 HEATING
  YESTERDAY        0                         1     -1        0
  MONTH TO DATE    4                        20    -16       12
  SINCE JUN 1     26                        90    -64       82
  SINCE JUL 1     17                        30    -13       30

 COOLING
  YESTERDAY       11                         5      6        4
  MONTH TO DATE  142                       127     15       93
  SINCE JUN 1    467                       453     14      461
  SINCE JAN 1    518                       483     35      514
..................................................................


WIND (MPH)
  HIGHEST WIND SPEED    14   HIGHEST WIND DIRECTION    SE (150)
  HIGHEST GUST SPEED    19   HIGHEST GUST DIRECTION    SE (130)
  AVERAGE WIND SPEED     6.7


SKY COVER
  POSSIBLE SUNSHINE  MM
  AVERAGE SKY COVER 1.0


WEATHER CONDITIONS
 THE FOLLOWING WEATHER WAS RECORDED YESTERDAY.
  THUNDERSTORM
  LIGHT RAIN
  FOG
  HAZE


RELATIVE HUMIDITY (PERCENT)
 HIGHEST   100           500 AM
 LOWEST     79           400 PM
 AVERAGE    90

..........................................................


THE MADISON WI CLIMATE NORMALS FOR TODAY
                         NORMAL    RECORD    YEAR
 MAXIMUM TEMPERATURE (F)   79        98      1948
                                             1947
 MINIMUM TEMPERATURE (F)   58        41      1984
                                             1977


SUNRISE AND SUNSET
AUGUST 24 2014........SUNRISE   613 AM CDT   SUNSET   746 PM CDT
AUGUST 25 2014........SUNRISE   614 AM CDT   SUNSET   744 PM CDT


-  INDICATES NEGATIVE NUMBERS.
R  INDICATES RECORD WAS SET OR TIED.
MM INDICATES DATA IS MISSING.
T  INDICATES TRACE AMOUNT.




$$
