000
CDUS43 KMKX 010647
CLIMSN


CLIMATE REPORT
NATIONAL WEATHER SERVICE IN MILWAUKEE
146 AM CDT SUN OCT 1 2017


...................................

...THE MADISON WI CLIMATE SUMMARY FOR SEPTEMBER 30 2017...

CLIMATE NORMAL PERIOD 1981 TO 2010
CLIMATE RECORD PERIOD 1871 TO 2017


WEATHER ITEM   OBSERVED TIME   RECORD YEAR NORMAL DEPARTURE LAST
                VALUE   (LST)  VALUE       VALUE  FROM      YEAR
                                                  NORMAL
..................................................................
TEMPERATURE (F)
 YESTERDAY
  MAXIMUM         68    309 PM  88    1971  66      2       64
  MINIMUM         40    612 AM  28    1993  44     -4       56
                                      1883
  AVERAGE         54                        55     -1       60

PRECIPITATION (IN)
  YESTERDAY        0.00          1.72 1881   0.08  -0.08     0.09
  MONTH TO DATE    0.55                      3.13  -2.58     8.46
  SINCE SEP 1      0.55                      3.13  -2.58     8.46
  SINCE JAN 1     33.31                     27.95   5.36    36.70

SNOWFALL (IN)
  YESTERDAY        0.0           0.0    MM   0.0    0.0      0.0
  MONTH TO DATE    0.0                       0.0    0.0      0.0
  SINCE SEP 1      0.0                       0.0    0.0      0.0
  SINCE JUL 1      0.0                       0.0    0.0      0.0
  SNOW DEPTH       0

DEGREE DAYS
 HEATING
  YESTERDAY       11                        11      0        5
  MONTH TO DATE  113                       173    -60       42
  SINCE SEP 1    113                       171    -58       42
  SINCE JUL 1    138                       208    -70       49

 COOLING
  YESTERDAY        0                         1     -1        0
  MONTH TO DATE  110                        51     59       76
  SINCE SEP 1    110                        51     59       76
  SINCE JAN 1    570                       564      6      771
..................................................................


WIND (MPH)
  HIGHEST WIND SPEED    14   HIGHEST WIND DIRECTION    SE (130)
  HIGHEST GUST SPEED    17   HIGHEST GUST DIRECTION    SE (130)
  AVERAGE WIND SPEED     6.3


SKY COVER
  POSSIBLE SUNSHINE  MM
  AVERAGE SKY COVER 0.3


WEATHER CONDITIONS
 THE FOLLOWING WEATHER WAS RECORDED YESTERDAY.
  NO SIGNIFICANT WEATHER WAS OBSERVED.


RELATIVE HUMIDITY (PERCENT)
 HIGHEST   100           500 AM
 LOWEST     42           100 PM
 AVERAGE    71

..........................................................


THE MADISON WI CLIMATE NORMALS FOR TODAY
                         NORMAL    RECORD    YEAR
 MAXIMUM TEMPERATURE (F)   65        90      1976
 MINIMUM TEMPERATURE (F)   44        27      1974


SUNRISE AND SUNSET
OCTOBER  1 2017.......SUNRISE   655 AM CDT   SUNSET   638 PM CDT
OCTOBER  2 2017.......SUNRISE   656 AM CDT   SUNSET   636 PM CDT


-  INDICATES NEGATIVE NUMBERS.
R  INDICATES RECORD WAS SET OR TIED.
MM INDICATES DATA IS MISSING.
T  INDICATES TRACE AMOUNT.




$$
