453
CDUS43 KMKX 030658
CLIMSN


CLIMATE REPORT
NATIONAL WEATHER SERVICE IN MILWAUKEE
1256 AM CST SAT DEC 3 2016


...................................

...THE MADISON WI CLIMATE SUMMARY FOR DECEMBER 2 2016...

CLIMATE NORMAL PERIOD 1981 TO 2010
CLIMATE RECORD PERIOD 1871 TO 2016


WEATHER ITEM   OBSERVED TIME   RECORD YEAR NORMAL DEPARTURE LAST
                VALUE   (LST)  VALUE       VALUE  FROM      YEAR
                                                  NORMAL
..................................................................
TEMPERATURE (F)
 YESTERDAY
  MAXIMUM         35    529 AM  62    1982  35      0       33
  MINIMUM         30   1159 PM -12    1886  21      9       29
  AVERAGE         33                        28      5       31

PRECIPITATION (IN)
  YESTERDAY        T             1.58 1982   0.08  -0.08     0.10
  MONTH TO DATE    T                         0.15  -0.15     0.16
  SINCE DEC 1      T                         0.15  -0.15     0.16
  SINCE JAN 1     43.53                     32.89  10.64    36.42

SNOWFALL (IN)
  YESTERDAY        0.0           4.5  1978   0.4   -0.4      1.0
  MONTH TO DATE    0.0                       0.8   -0.8      1.0
  SINCE DEC 1      0.0                       0.8   -0.8      1.0
  SINCE JUL 1      T                         4.9   -4.9      5.1
  SNOW DEPTH       0

DEGREE DAYS
 HEATING
  YESTERDAY       32                        37     -5       34
  MONTH TO DATE   59                        74    -15       63
  SINCE DEC 1     59                        74    -15       63
  SINCE JUL 1   1081                      1653   -572     1254

 COOLING
  YESTERDAY        0                         0      0        0
  MONTH TO DATE    0                         0      0        0
  SINCE DEC 1      0                         0      0        0
  SINCE JAN 1    780                       568    212      666
..................................................................


WIND (MPH)
  HIGHEST WIND SPEED    14   HIGHEST WIND DIRECTION    NW (310)
  HIGHEST GUST SPEED    19   HIGHEST GUST DIRECTION    NW (320)
  AVERAGE WIND SPEED     5.8


SKY COVER
  POSSIBLE SUNSHINE  MM
  AVERAGE SKY COVER 1.0


WEATHER CONDITIONS
 THE FOLLOWING WEATHER WAS RECORDED YESTERDAY.
  LIGHT RAIN


RELATIVE HUMIDITY (PERCENT)
 HIGHEST    82          1200 AM
 LOWEST     63           400 PM
 AVERAGE    73

..........................................................


THE MADISON WI CLIMATE NORMALS FOR TODAY
                         NORMAL    RECORD    YEAR
 MAXIMUM TEMPERATURE (F)   35        65      2012
 MINIMUM TEMPERATURE (F)   20       -12      1940


SUNRISE AND SUNSET
DECEMBER  3 2016......SUNRISE   712 AM CST   SUNSET   423 PM CST
DECEMBER  4 2016......SUNRISE   713 AM CST   SUNSET   422 PM CST


-  INDICATES NEGATIVE NUMBERS.
R  INDICATES RECORD WAS SET OR TIED.
MM INDICATES DATA IS MISSING.
T  INDICATES TRACE AMOUNT.




$$
