000
CDUS43 KMKX 150706
CLIMSN


CLIMATE REPORT
NATIONAL WEATHER SERVICE IN MILWAUKEE
205 AM CDT SUN MAY 15 2016


...................................

...THE MADISON WI CLIMATE SUMMARY FOR MAY 14 2016...

CLIMATE NORMAL PERIOD 1981 TO 2010
CLIMATE RECORD PERIOD 1871 TO 2016


WEATHER ITEM   OBSERVED TIME   RECORD YEAR NORMAL DEPARTURE LAST
                VALUE   (LST)  VALUE       VALUE  FROM      YEAR
                                                  NORMAL
..................................................................
TEMPERATURE (F)
 YESTERDAY
  MAXIMUM         45    456 PM  89    1991  68    -23       66
  MINIMUM         32R  1136 PM  32    1964  46    -14       40
  AVERAGE         39                        57    -18       53

PRECIPITATION (IN)
  YESTERDAY        T             1.70 1883   0.11  -0.11     0.12
  MONTH TO DATE    1.47                      1.53  -0.06     1.04
  SINCE MAR 1      7.54                      7.13   0.41     6.18
  SINCE JAN 1      9.04                      9.81  -0.77     7.38

SNOWFALL (IN)
  YESTERDAY        0.0           0.0    MM   0.0    0.0      0.0
  MONTH TO DATE    0.0                       0.2   -0.2      0.0
  SINCE MAR 1      8.2                       9.8   -1.6      4.2
  SINCE JUL 1     32.7                      50.9  -18.2     33.7
  SNOW DEPTH       0

DEGREE DAYS
 HEATING
  YESTERDAY       26                         9     17       12
  MONTH TO DATE  168                       151     17       99
  SINCE MAR 1   1506                      1672   -166     1528
  SINCE JUL 1   6106                      7158  -1052     7239

 COOLING
  YESTERDAY        0                         1     -1        0
  MONTH TO DATE    0                         4     -4       12
  SINCE MAR 1      0                         8     -8       12
  SINCE JAN 1      0                         8     -8       12
..................................................................


WIND (MPH)
  HIGHEST WIND SPEED    20   HIGHEST WIND DIRECTION    NW (330)
  HIGHEST GUST SPEED    31   HIGHEST GUST DIRECTION     N (340)
  AVERAGE WIND SPEED     9.6


SKY COVER
  POSSIBLE SUNSHINE  MM
  AVERAGE SKY COVER 0.8


WEATHER CONDITIONS
 THE FOLLOWING WEATHER WAS RECORDED YESTERDAY.
  LIGHT RAIN


RELATIVE HUMIDITY (PERCENT)
 HIGHEST    85          1100 PM
 LOWEST     49          1000 AM
 AVERAGE    67

..........................................................


THE MADISON WI CLIMATE NORMALS FOR TODAY
                         NORMAL    RECORD    YEAR
 MAXIMUM TEMPERATURE (F)   68        86      2012
                                             1977
 MINIMUM TEMPERATURE (F)   46        30      1983


SUNRISE AND SUNSET
MAY 15 2016...........SUNRISE   533 AM CDT   SUNSET   815 PM CDT
MAY 16 2016...........SUNRISE   532 AM CDT   SUNSET   816 PM CDT


-  INDICATES NEGATIVE NUMBERS.
R  INDICATES RECORD WAS SET OR TIED.
MM INDICATES DATA IS MISSING.
T  INDICATES TRACE AMOUNT.




$$
