000
CDUS43 KMKX 242143
CLIMSN


CLIMATE REPORT
NATIONAL WEATHER SERVICE IN MILWAUKEE
442 PM CDT WED SEP 24 2014


...................................

...THE MADISON WI CLIMATE SUMMARY FOR SEPTEMBER 24 2014...
VALID TODAY AS OF 0400 PM LOCAL TIME.

CLIMATE NORMAL PERIOD 1981 TO 2010
CLIMATE RECORD PERIOD 1871 TO 2014


WEATHER ITEM   OBSERVED TIME   RECORD YEAR NORMAL DEPARTURE LAST
                VALUE   (LST)  VALUE       VALUE  FROM      YEAR
                                                  NORMAL
..................................................................
TEMPERATURE (F)
 TODAY
  MAXIMUM         73    123 PM  88    1935  68      5       72
  MINIMUM         49    345 AM  26    1976  47      2       40
  AVERAGE         61                        57      4       56

PRECIPITATION (IN)
  TODAY            0.00          2.07 1899   0.10  -0.10     0.00
  MONTH TO DATE    1.79                      2.58  -0.79     3.02
  SINCE SEP 1      1.79                      2.58  -0.79     3.02
  SINCE JAN 1     29.60                     27.40   2.20    39.50

SNOWFALL (IN)
  TODAY            0.0           0.0    MM   0.0    0.0      0.0
  MONTH TO DATE    0.0                       0.0    0.0      0.0
  SINCE SEP 1      0.0                       0.0    0.0      0.0
  SINCE JUL 1      0.0                       0.0    0.0      0.0
  SNOW DEPTH       0

DEGREE DAYS
 HEATING
  TODAY            4                         8     -4        9
  MONTH TO DATE  147                       114     33       98
  SINCE SEP 1    147                       114     33       98
  SINCE JUL 1    164                       151     13      128

 COOLING
  TODAY            0                         1     -1        0
  MONTH TO DATE   39                        48     -9       92
  SINCE SEP 1     39                        48     -9       92
  SINCE JAN 1    615                       561     54      705
..................................................................


WIND (MPH)
  HIGHEST WIND SPEED    16   HIGHEST WIND DIRECTION     S (170)
  HIGHEST GUST SPEED    19   HIGHEST GUST DIRECTION     S (170)
  AVERAGE WIND SPEED     4.7


SKY COVER
  POSSIBLE SUNSHINE  MM
  AVERAGE SKY COVER 0.5


WEATHER CONDITIONS
 THE FOLLOWING WEATHER WAS RECORDED TODAY.
  NO SIGNIFICANT WEATHER WAS OBSERVED.


RELATIVE HUMIDITY (PERCENT)
 HIGHEST    93           200 AM
 LOWEST     44           100 PM
 AVERAGE    69

..........................................................


THE MADISON WI CLIMATE NORMALS FOR TOMORROW
                         NORMAL    RECORD    YEAR
 MAXIMUM TEMPERATURE (F)   68        89      1920
 MINIMUM TEMPERATURE (F)   46        30      1942


SUNRISE AND SUNSET
SEPTEMBER 24 2014.....SUNRISE   647 AM CDT   SUNSET   651 PM CDT
SEPTEMBER 25 2014.....SUNRISE   648 AM CDT   SUNSET   649 PM CDT


-  INDICATES NEGATIVE NUMBERS.
R  INDICATES RECORD WAS SET OR TIED.
MM INDICATES DATA IS MISSING.
T  INDICATES TRACE AMOUNT.




$$
