000
CDUS43 KMKX 062142
CLIMSN


CLIMATE REPORT
NATIONAL WEATHER SERVICE IN MILWAUKEE
436 PM CDT THU APR 6 2017


...................................

...THE MADISON WI CLIMATE SUMMARY FOR APRIL 6 2017...
VALID TODAY AS OF 0400 PM LOCAL TIME.

CLIMATE NORMAL PERIOD 1981 TO 2010
CLIMATE RECORD PERIOD 1871 TO 2017


WEATHER ITEM   OBSERVED TIME   RECORD YEAR NORMAL DEPARTURE LAST
                VALUE   (LST)  VALUE       VALUE  FROM      YEAR
                                                  NORMAL
..................................................................
TEMPERATURE (F)
 TODAY
  MAXIMUM         53    245 PM  85    1991  53      0       48
  MINIMUM         34    621 AM   4    1982  32      2       35
  AVERAGE         44                        43      1       42

PRECIPITATION (IN)
  TODAY            0.00          1.09 1929   0.10  -0.10     0.58
  MONTH TO DATE    0.87                      0.62   0.25     0.71
  SINCE MAR 1      3.70                      2.82   0.88     4.67
  SINCE JAN 1      8.40                      5.50   2.90     6.17

SNOWFALL (IN)
  TODAY            0.0           4.5  1911   0.1   -0.1      0.0
  MONTH TO DATE    T                         0.8   -0.8      2.4
  SINCE MAR 1      8.3                       7.8    0.5      6.4
  SINCE JUL 1     44.0                      48.9   -4.9     30.9
  SNOW DEPTH       0

DEGREE DAYS
 HEATING
  TODAY           21                        22     -1       23
  MONTH TO DATE  118                       140    -22      161
  SINCE MAR 1   1067                      1103    -36      931
  SINCE JUL 1   5579                      6589  -1010     5531

 COOLING
  TODAY            0                         0      0        0
  MONTH TO DATE    0                         0      0        0
  SINCE MAR 1      0                         0      0        0
  SINCE JAN 1      0                         0      0        0
..................................................................


WIND (MPH)
  HIGHEST WIND SPEED    23   HIGHEST WIND DIRECTION     N (350)
  HIGHEST GUST SPEED    31   HIGHEST GUST DIRECTION     N (340)
  AVERAGE WIND SPEED    15.7


SKY COVER
  POSSIBLE SUNSHINE  MM
  AVERAGE SKY COVER 0.5


WEATHER CONDITIONS
 THE FOLLOWING WEATHER WAS RECORDED TODAY.
  NO SIGNIFICANT WEATHER WAS OBSERVED.


RELATIVE HUMIDITY (PERCENT)
 HIGHEST    69           600 AM
 LOWEST     35           300 PM
 AVERAGE    52

..........................................................


THE MADISON WI CLIMATE NORMALS FOR TOMORROW
                         NORMAL    RECORD    YEAR
 MAXIMUM TEMPERATURE (F)   54        82      1871
 MINIMUM TEMPERATURE (F)   33         0      1982


SUNRISE AND SUNSET
APRIL  6 2017.........SUNRISE   630 AM CDT   SUNSET   730 PM CDT
APRIL  7 2017.........SUNRISE   628 AM CDT   SUNSET   731 PM CDT


-  INDICATES NEGATIVE NUMBERS.
R  INDICATES RECORD WAS SET OR TIED.
MM INDICATES DATA IS MISSING.
T  INDICATES TRACE AMOUNT.




$$

HAHN
