000
CDUS43 KMKX 130654
CLIMSN


CLIMATE REPORT
NATIONAL WEATHER SERVICE IN MILWAUKEE
153 AM CDT FRI MAY 13 2016


...................................

...THE MADISON WI CLIMATE SUMMARY FOR MAY 12 2016...

CLIMATE NORMAL PERIOD 1981 TO 2010
CLIMATE RECORD PERIOD 1871 TO 2016


WEATHER ITEM   OBSERVED TIME   RECORD YEAR NORMAL DEPARTURE LAST
                VALUE   (LST)  VALUE       VALUE  FROM      YEAR
                                                  NORMAL
..................................................................
TEMPERATURE (F)
 YESTERDAY
  MAXIMUM         68   1148 AM  86    1991  67      1       52
  MINIMUM         49   1159 PM  24    1981  45      4       37
  AVERAGE         59                        56      3       45

PRECIPITATION (IN)
  YESTERDAY        0.44          1.84 1970   0.11   0.33     0.00
  MONTH TO DATE    1.27                      1.31  -0.04     0.92
  SINCE MAR 1      7.34                      6.91   0.43     6.06
  SINCE JAN 1      8.84                      9.59  -0.75     7.26

SNOWFALL (IN)
  YESTERDAY        0.0           T    2006   0.1   -0.1      0.0
  MONTH TO DATE    0.0                       0.2   -0.2      0.0
  SINCE MAR 1      8.2                       9.8   -1.6      4.2
  SINCE JUL 1     32.7                      50.9  -18.2     33.7
  SNOW DEPTH       0

DEGREE DAYS
 HEATING
  YESTERDAY        6                        10     -4       20
  MONTH TO DATE  128                       133     -5       70
  SINCE MAR 1   1466                      1654   -188     1499
  SINCE JUL 1   6066                      7140  -1074     7210

 COOLING
  YESTERDAY        0                         1     -1        0
  MONTH TO DATE    0                         2     -2       12
  SINCE MAR 1      0                         6     -6       12
  SINCE JAN 1      0                         6     -6       12
..................................................................


WIND (MPH)
  HIGHEST WIND SPEED    17   HIGHEST WIND DIRECTION     W (280)
  HIGHEST GUST SPEED    26   HIGHEST GUST DIRECTION     W (290)
  AVERAGE WIND SPEED     7.1


SKY COVER
  POSSIBLE SUNSHINE  MM
  AVERAGE SKY COVER 0.7


WEATHER CONDITIONS
 THE FOLLOWING WEATHER WAS RECORDED YESTERDAY.
  HEAVY RAIN
  RAIN
  LIGHT RAIN
  FOG


RELATIVE HUMIDITY (PERCENT)
 HIGHEST   100          1200 AM
 LOWEST     52           200 PM
 AVERAGE    76

..........................................................


THE MADISON WI CLIMATE NORMALS FOR TODAY
                         NORMAL    RECORD    YEAR
 MAXIMUM TEMPERATURE (F)   68        88      1977
 MINIMUM TEMPERATURE (F)   45        29      1966


SUNRISE AND SUNSET
MAY 13 2016...........SUNRISE   535 AM CDT   SUNSET   813 PM CDT
MAY 14 2016...........SUNRISE   534 AM CDT   SUNSET   814 PM CDT


-  INDICATES NEGATIVE NUMBERS.
R  INDICATES RECORD WAS SET OR TIED.
MM INDICATES DATA IS MISSING.
T  INDICATES TRACE AMOUNT.




$$
