000
CDUS43 KMKX 280110
CLIMSN


CLIMATE REPORT
NATIONAL WEATHER SERVICE IN MILWAUKEE
810 PM CDT FRI MAY 27 2016


...................................

...THE MADISON WI CLIMATE SUMMARY FOR MAY 27 2016...
VALID TODAY AS OF 0800 PM LOCAL TIME.

CLIMATE NORMAL PERIOD 1981 TO 2010
CLIMATE RECORD PERIOD 1871 TO 2016


WEATHER ITEM   OBSERVED TIME   RECORD YEAR NORMAL DEPARTURE LAST
                VALUE   (LST)  VALUE       VALUE  FROM      YEAR
                                                  NORMAL
..................................................................
TEMPERATURE (F)
 TODAY
  MAXIMUM         79    130 PM  94    2012  72      7       77
  MINIMUM         60    422 AM  31    1971  50     10       60
  AVERAGE         70                        61      9       69

PRECIPITATION (IN)
  TODAY            0.01          1.46 2014   0.13  -0.12      T
  MONTH TO DATE    1.64                      3.04  -1.40     3.78
  SINCE MAR 1      7.71                      8.64  -0.93     8.92
  SINCE JAN 1      9.21                     11.32  -2.11    10.12

SNOWFALL (IN)
  TODAY            0.0           0.0    MM   0.0    0.0      0.0
  MONTH TO DATE    0.0                       0.2   -0.2      0.0
  SINCE MAR 1      8.2                       9.8   -1.6      4.2
  SINCE JUL 1     32.7                      50.9  -18.2     33.7
  SNOW DEPTH       0

DEGREE DAYS
 HEATING
  TODAY            0                         6     -6        0
  MONTH TO DATE  246                       246      0      167
  SINCE MAR 1   1584                      1767   -183     1596
  SINCE JUL 1   6184                      7253  -1069     7307

 COOLING
  TODAY            5                         1      4        4
  MONTH TO DATE   28                        17     11       40
  SINCE MAR 1     28                        21      7       40
  SINCE JAN 1     28                        21      7       40
..................................................................


WIND (MPH)
  HIGHEST WIND SPEED    25   HIGHEST WIND DIRECTION    SE (140)
  HIGHEST GUST SPEED    32   HIGHEST GUST DIRECTION     S (170)
  AVERAGE WIND SPEED     5.7


SKY COVER
  POSSIBLE SUNSHINE  MM
  AVERAGE SKY COVER 0.5


WEATHER CONDITIONS
 THE FOLLOWING WEATHER WAS RECORDED TODAY.
  THUNDERSTORM
  LIGHT RAIN


RELATIVE HUMIDITY (PERCENT)
 HIGHEST    90           200 AM
 LOWEST     62           100 PM
 AVERAGE    76

..........................................................


THE MADISON WI CLIMATE NORMALS FOR TOMORROW
                         NORMAL    RECORD    YEAR
 MAXIMUM TEMPERATURE (F)   72        92      1991
 MINIMUM TEMPERATURE (F)   50        34      1965
                                             1949


SUNRISE AND SUNSET
MAY 27 2016...........SUNRISE   523 AM CDT   SUNSET   826 PM CDT
MAY 28 2016...........SUNRISE   522 AM CDT   SUNSET   827 PM CDT


-  INDICATES NEGATIVE NUMBERS.
R  INDICATES RECORD WAS SET OR TIED.
MM INDICATES DATA IS MISSING.
T  INDICATES TRACE AMOUNT.




$$
