000
CDUS43 KMKX 220700
CLIMSN


CLIMATE REPORT
NATIONAL WEATHER SERVICE IN MILWAUKEE
200 AM CDT FRI SEP 22 2017


...................................

...THE MADISON WI CLIMATE SUMMARY FOR SEPTEMBER 21 2017...

CLIMATE NORMAL PERIOD 1981 TO 2010
CLIMATE RECORD PERIOD 1871 TO 2017


WEATHER ITEM   OBSERVED TIME   RECORD YEAR NORMAL DEPARTURE LAST
                VALUE   (LST)  VALUE       VALUE  FROM      YEAR
                                                  NORMAL
..................................................................
TEMPERATURE (F)
 YESTERDAY
  MAXIMUM         84    423 PM  90    1908  70     14       73
                                      1891
  MINIMUM         68    611 AM  33    1991  48     20       61
                                      1982
                                      1974
  AVERAGE         76                        59     17       67

PRECIPITATION (IN)
  YESTERDAY        T             2.71 1947   0.10  -0.10     2.58
  MONTH TO DATE    0.55                      2.26  -1.71     7.90
  SINCE SEP 1      0.55                      2.26  -1.71     7.90
  SINCE JAN 1     33.31                     27.08   6.23    36.14

SNOWFALL (IN)
  YESTERDAY        0.0           0.0    MM   0.0    0.0      0.0
  MONTH TO DATE    0.0                       0.0    0.0      0.0
  SINCE SEP 1      0.0                       0.0    0.0      0.0
  SINCE JUL 1      0.0                       0.0    0.0      0.0
  SNOW DEPTH       0

DEGREE DAYS
 HEATING
  YESTERDAY        0                         7     -7        0
  MONTH TO DATE   76                        90    -14        9
  SINCE SEP 1     76                        90    -14        9
  SINCE JUL 1    101                       127    -26       16

 COOLING
  YESTERDAY       11                         1     10        2
  MONTH TO DATE   52                        45      7       65
  SINCE SEP 1     52                        45      7       65
  SINCE JAN 1    512                       558    -46      760
..................................................................


WIND (MPH)
  HIGHEST WIND SPEED    12   HIGHEST WIND DIRECTION    SE (140)
  HIGHEST GUST SPEED    16   HIGHEST GUST DIRECTION    SE (130)
  AVERAGE WIND SPEED     5.0


SKY COVER
  POSSIBLE SUNSHINE  MM
  AVERAGE SKY COVER 0.6


WEATHER CONDITIONS
 THE FOLLOWING WEATHER WAS RECORDED YESTERDAY.
  THUNDERSTORM
  LIGHT RAIN
  FOG
  FOG W/VISIBILITY <= 1/4 MILE


RELATIVE HUMIDITY (PERCENT)
 HIGHEST   100           700 AM
 LOWEST     55           100 PM
 AVERAGE    78

..........................................................


THE MADISON WI CLIMATE NORMALS FOR TODAY
                         NORMAL    RECORD    YEAR
 MAXIMUM TEMPERATURE (F)   69        89      1937
 MINIMUM TEMPERATURE (F)   47        25      1974


SUNRISE AND SUNSET
SEPTEMBER 22 2017.....SUNRISE   645 AM CDT   SUNSET   654 PM CDT
SEPTEMBER 23 2017.....SUNRISE   646 AM CDT   SUNSET   652 PM CDT


-  INDICATES NEGATIVE NUMBERS.
R  INDICATES RECORD WAS SET OR TIED.
MM INDICATES DATA IS MISSING.
T  INDICATES TRACE AMOUNT.




$$
