000
CDUS43 KMKX 030649
CLIMSN


CLIMATE REPORT
NATIONAL WEATHER SERVICE IN MILWAUKEE
148 AM CDT WED JUN 3 2015


...................................

...THE MADISON WI CLIMATE SUMMARY FOR JUNE 2 2015...

CLIMATE NORMAL PERIOD 1981 TO 2010
CLIMATE RECORD PERIOD 1871 TO 2015


WEATHER ITEM   OBSERVED TIME   RECORD YEAR NORMAL DEPARTURE LAST
                VALUE   (LST)  VALUE       VALUE  FROM      YEAR
                                                  NORMAL
..................................................................
TEMPERATURE (F)
 YESTERDAY
  MAXIMUM         73    344 PM  91    1948  74     -1       80
  MINIMUM         38    442 AM  35    1956  52    -14       65
  AVERAGE         56                        63     -7       73

PRECIPITATION (IN)
  YESTERDAY        0.00          2.26 1878   0.14  -0.14     0.84
  MONTH TO DATE    0.00                      0.29  -0.29     2.71
  SINCE JUN 1      0.00                      0.29  -0.29     2.71
  SINCE JAN 1     10.52                     12.12  -1.60    14.46

SNOWFALL (IN)
  YESTERDAY        0.0           0.0    MM   0.0    0.0      0.0
  MONTH TO DATE    0.0                       0.0    0.0      0.0
  SINCE JUN 1      0.0                       0.0    0.0      0.0
  SINCE JUL 1     33.7                      50.9  -17.2     59.2
  SNOW DEPTH       0

DEGREE DAYS
 HEATING
  YESTERDAY        9                         4      5        0
  MONTH TO DATE   21                         9     12        0
  SINCE JUN 1     21                         9     12        0
  SINCE JUL 1   7351                      7282     69     8048

 COOLING
  YESTERDAY        0                         2     -2        8
  MONTH TO DATE    0                         4     -4       22
  SINCE JUN 1      0                         4     -4       22
  SINCE JAN 1     50                        34     16       73
..................................................................


WIND (MPH)
  HIGHEST WIND SPEED    16   HIGHEST WIND DIRECTION     S (170)
  HIGHEST GUST SPEED    21   HIGHEST GUST DIRECTION     S (190)
  AVERAGE WIND SPEED     5.8


SKY COVER
  POSSIBLE SUNSHINE  MM
  AVERAGE SKY COVER 0.3


WEATHER CONDITIONS
 THE FOLLOWING WEATHER WAS RECORDED YESTERDAY.
  NO SIGNIFICANT WEATHER WAS OBSERVED.


RELATIVE HUMIDITY (PERCENT)
 HIGHEST    85           300 AM
 LOWEST     35           400 PM
 AVERAGE    60

..........................................................


THE MADISON WI CLIMATE NORMALS FOR TODAY
                         NORMAL    RECORD    YEAR
 MAXIMUM TEMPERATURE (F)   74        91      2011
                                             1972
                                             1948
 MINIMUM TEMPERATURE (F)   52        37      1969
                                             1956


SUNRISE AND SUNSET
JUNE  3 2015..........SUNRISE   520 AM CDT   SUNSET   832 PM CDT
JUNE  4 2015..........SUNRISE   519 AM CDT   SUNSET   832 PM CDT


-  INDICATES NEGATIVE NUMBERS.
R  INDICATES RECORD WAS SET OR TIED.
MM INDICATES DATA IS MISSING.
T  INDICATES TRACE AMOUNT.




$$
