013
CDUS43 KMKX 070651
CLIMSN


CLIMATE REPORT
NATIONAL WEATHER SERVICE IN MILWAUKEE
151 AM CDT THU SEP 7 2017


...................................

...THE MADISON WI CLIMATE SUMMARY FOR SEPTEMBER 6 2017...

CLIMATE NORMAL PERIOD 1981 TO 2010
CLIMATE RECORD PERIOD 1871 TO 2017


WEATHER ITEM   OBSERVED TIME   RECORD YEAR NORMAL DEPARTURE LAST
                VALUE   (LST)  VALUE       VALUE  FROM      YEAR
                                                  NORMAL
..................................................................
TEMPERATURE (F)
 YESTERDAY
  MAXIMUM         64    150 PM  97    1922  76    -12       88
  MINIMUM         45    557 AM  34    1962  54     -9       70
  AVERAGE         55                        65    -10       79

PRECIPITATION (IN)
  YESTERDAY        0.00          2.28 1938   0.11  -0.11     1.42
  MONTH TO DATE    0.09                      0.68  -0.59     1.42
  SINCE SEP 1      0.09                      0.68  -0.59     1.42
  SINCE JAN 1     32.85                     25.50   7.35    29.66

SNOWFALL (IN)
  YESTERDAY        0.0           0.0    MM   0.0    0.0      0.0
  MONTH TO DATE    0.0                       0.0    0.0      0.0
  SINCE SEP 1      0.0                       0.0    0.0      0.0
  SINCE JUL 1      0.0                       0.0    0.0      0.0
  SNOW DEPTH       0

DEGREE DAYS
 HEATING
  YESTERDAY       10                         3      7        0
  MONTH TO DATE   35                        14     21        5
  SINCE SEP 1     35                        14     21        5
  SINCE JUL 1     60                        51      9       12

 COOLING
  YESTERDAY        0                         3     -3       14
  MONTH TO DATE    0                        18    -18       28
  SINCE SEP 1      0                        18    -18       28
  SINCE JAN 1    460                       531    -71      723
..................................................................


WIND (MPH)
  HIGHEST WIND SPEED    15   HIGHEST WIND DIRECTION     N (360)
  HIGHEST GUST SPEED    22   HIGHEST GUST DIRECTION     N (10)
  AVERAGE WIND SPEED     6.4


SKY COVER
  POSSIBLE SUNSHINE  MM
  AVERAGE SKY COVER 0.5


WEATHER CONDITIONS
 THE FOLLOWING WEATHER WAS RECORDED YESTERDAY.
  NO SIGNIFICANT WEATHER WAS OBSERVED.


RELATIVE HUMIDITY (PERCENT)
 HIGHEST   100           600 AM
 LOWEST     52           500 PM
 AVERAGE    76

..........................................................


THE MADISON WI CLIMATE NORMALS FOR TODAY
                         NORMAL    RECORD    YEAR
 MAXIMUM TEMPERATURE (F)   75        97      1939
 MINIMUM TEMPERATURE (F)   54        36      1986


SUNRISE AND SUNSET
SEPTEMBER  7 2017.....SUNRISE   628 AM CDT   SUNSET   721 PM CDT
SEPTEMBER  8 2017.....SUNRISE   630 AM CDT   SUNSET   719 PM CDT


-  INDICATES NEGATIVE NUMBERS.
R  INDICATES RECORD WAS SET OR TIED.
MM INDICATES DATA IS MISSING.
T  INDICATES TRACE AMOUNT.




$$
