944
CDUS43 KMKX 070702
CLIMSN


CLIMATE REPORT
NATIONAL WEATHER SERVICE IN MILWAUKEE
1258 AM CST TUE NOV 7 2017


...................................

...THE MADISON WI CLIMATE SUMMARY FOR NOVEMBER 6 2017...

CLIMATE NORMAL PERIOD 1981 TO 2010
CLIMATE RECORD PERIOD 1871 TO 2017


WEATHER ITEM   OBSERVED TIME   RECORD YEAR NORMAL DEPARTURE LAST
                VALUE   (LST)  VALUE       VALUE  FROM      YEAR
                                                  NORMAL
..................................................................
TEMPERATURE (F)
 YESTERDAY
  MAXIMUM         40    105 PM  71    1916  49     -9       68
  MINIMUM         25    643 AM   7    1951  32     -7       37
  AVERAGE         33                        41     -8       53

PRECIPITATION (IN)
  YESTERDAY        0.00          2.61 1885   0.09  -0.09     0.00
  MONTH TO DATE    0.35                      0.50  -0.15     0.24
  SINCE SEP 1      4.46                      6.03  -1.57    13.66
  SINCE JAN 1     37.22                     30.85   6.37    41.90

SNOWFALL (IN)
  YESTERDAY        0.0           4.5  1900   0.1   -0.1      0.0
  MONTH TO DATE    0.0                       0.3   -0.3      0.0
  SINCE SEP 1      T                         0.8   -0.8      0.0
  SINCE JUL 1      T                         0.8   -0.8      0.0
  SNOW DEPTH       0

DEGREE DAYS
 HEATING
  YESTERDAY       32                        24      8       12
  MONTH TO DATE  153                       138     15       72
  SINCE SEP 1    613                       814   -201      461
  SINCE JUL 1    638                       851   -213      468

 COOLING
  YESTERDAY        0                         0      0        0
  MONTH TO DATE    0                         0      0        0
  SINCE SEP 1    120                        55     65       85
  SINCE JAN 1    580                       568     12      780
..................................................................


WIND (MPH)
  HIGHEST WIND SPEED    15   HIGHEST WIND DIRECTION     N (340)
  HIGHEST GUST SPEED    19   HIGHEST GUST DIRECTION     N (350)
  AVERAGE WIND SPEED     6.1


SKY COVER
  POSSIBLE SUNSHINE  MM
  AVERAGE SKY COVER 0.8


WEATHER CONDITIONS
 THE FOLLOWING WEATHER WAS RECORDED YESTERDAY.
  NO SIGNIFICANT WEATHER WAS OBSERVED.


RELATIVE HUMIDITY (PERCENT)
 HIGHEST    81           500 AM
 LOWEST     48           100 PM
 AVERAGE    65

..........................................................


THE MADISON WI CLIMATE NORMALS FOR TODAY
                         NORMAL    RECORD    YEAR
 MAXIMUM TEMPERATURE (F)   49        76      1915
 MINIMUM TEMPERATURE (F)   32         1      1991


SUNRISE AND SUNSET
NOVEMBER  7 2017......SUNRISE   640 AM CST   SUNSET   441 PM CST
NOVEMBER  8 2017......SUNRISE   641 AM CST   SUNSET   440 PM CST


-  INDICATES NEGATIVE NUMBERS.
R  INDICATES RECORD WAS SET OR TIED.
MM INDICATES DATA IS MISSING.
T  INDICATES TRACE AMOUNT.




$$
