000
CDUS43 KMKX 282222
CLIMSN


CLIMATE REPORT
NATIONAL WEATHER SERVICE IN MILWAUKEE
421 PM CST THU DEC 28 2017


...................................

...THE MADISON WI CLIMATE SUMMARY FOR DECEMBER 28 2017...
VALID TODAY AS OF 0400 PM LOCAL TIME.

CLIMATE NORMAL PERIOD 1981 TO 2010
CLIMATE RECORD PERIOD 1871 TO 2017


WEATHER ITEM   OBSERVED TIME   RECORD YEAR NORMAL DEPARTURE LAST
                VALUE   (LST)  VALUE       VALUE  FROM      YEAR
                                                  NORMAL
..................................................................
TEMPERATURE (F)
 TODAY
  MAXIMUM          8    359 PM  62    1984  27    -19       37
  MINIMUM         -5   1221 AM -21    1924  13    -18       16
  AVERAGE          2                        20    -18       27

PRECIPITATION (IN)
  TODAY            0.04          0.79 1987   0.04   0.00     0.00
  MONTH TO DATE    0.70                      1.61  -0.91     2.03
  SINCE DEC 1      0.70                      1.61  -0.91     2.03
  SINCE JAN 1     38.25                     34.35   3.90    45.56

SNOWFALL AS OF 18Z (IN)
  TODAY            0.2           9.7  1987   0.5   -0.3      0.0
  MONTH TO DATE    2.9                      12.3   -9.4     22.7
  SINCE DEC 1      2.9                      12.3   -9.4     22.7
  SINCE JUL 1      3.2                      16.4  -13.2     22.7
  SNOW DEPTH       1

DEGREE DAYS
 HEATING
  TODAY           63                        45     18       38
  MONTH TO DATE 1135                      1165    -30     1197
  SINCE DEC 1   1135                      1165    -30     1197
  SINCE JUL 1   2494                      2744   -250     2219

 COOLING
  TODAY            0                         0      0        0
  MONTH TO DATE    0                         0      0        0
  SINCE DEC 1      0                         0      0        0
  SINCE JAN 1    580                       568     12      780
..................................................................


WIND (MPH)
  HIGHEST WIND SPEED    15   HIGHEST WIND DIRECTION     S (170)
  HIGHEST GUST SPEED    19   HIGHEST GUST DIRECTION     S (180)
  AVERAGE WIND SPEED     7.7


SKY COVER
  POSSIBLE SUNSHINE  MM
  AVERAGE SKY COVER 0.8


WEATHER CONDITIONS
 THE FOLLOWING WEATHER WAS RECORDED TODAY.
  LIGHT SNOW
  FOG
  HAZE


RELATIVE HUMIDITY (PERCENT)
 HIGHEST    83          1200 PM
 LOWEST     65           400 AM
 AVERAGE    74

..........................................................


THE MADISON WI CLIMATE NORMALS FOR TOMORROW
                         NORMAL    RECORD    YEAR
 MAXIMUM TEMPERATURE (F)   27        54      1984
 MINIMUM TEMPERATURE (F)   13       -21      1880


SUNRISE AND SUNSET
DECEMBER 28 2017......SUNRISE   728 AM CST   SUNSET   430 PM CST
DECEMBER 29 2017......SUNRISE   729 AM CST   SUNSET   430 PM CST


-  INDICATES NEGATIVE NUMBERS.
R  INDICATES RECORD WAS SET OR TIED.
MM INDICATES DATA IS MISSING.
T  INDICATES TRACE AMOUNT.




$$
