000
CDUS43 KMKX 230711
CLIMSN


CLIMATE REPORT
NATIONAL WEATHER SERVICE IN MILWAUKEE
111 AM CST WED NOV 23 2016


...................................

...THE MADISON WI CLIMATE SUMMARY FOR NOVEMBER 22 2016...

CLIMATE NORMAL PERIOD 1981 TO 2010
CLIMATE RECORD PERIOD 1871 TO 2016


WEATHER ITEM   OBSERVED TIME   RECORD YEAR NORMAL DEPARTURE LAST
                VALUE   (LST)  VALUE       VALUE  FROM      YEAR
                                                  NORMAL
..................................................................
TEMPERATURE (F)
 YESTERDAY
  MAXIMUM         42    123 PM  64    2010  40      2       25
                                      1913
  MINIMUM         23    104 AM   0    1929  25     -2        9
  AVERAGE         33                        33      0       17

PRECIPITATION (IN)
  YESTERDAY        0.05          1.20 1963   0.08  -0.03     0.00
  MONTH TO DATE    0.30                      1.77  -1.47     2.78
  SINCE SEP 1     13.72                      7.30   6.42    11.50
  SINCE JAN 1     41.96                     32.12   9.84    34.29

SNOWFALL (IN)
  YESTERDAY        T             4.3  1909   0.2   -0.2      0.0
  MONTH TO DATE    T                         1.9   -1.9      4.1
  SINCE SEP 1      T                         2.4   -2.4      4.1
  SINCE JUL 1      T                         2.4   -2.4      4.1
  SNOW DEPTH       0

DEGREE DAYS
 HEATING
  YESTERDAY       32                        32      0       48
  MONTH TO DATE  420                       590   -170      436
  SINCE SEP 1    809                      1266   -457      912
  SINCE JUL 1    816                      1303   -487      944

 COOLING
  YESTERDAY        0                         0      0        0
  MONTH TO DATE    0                         0      0        0
  SINCE SEP 1     85                        55     30      137
  SINCE JAN 1    780                       568    212      666
..................................................................


WIND (MPH)
  HIGHEST WIND SPEED    20   HIGHEST WIND DIRECTION    SE (120)
  HIGHEST GUST SPEED    25   HIGHEST GUST DIRECTION    SE (130)
  AVERAGE WIND SPEED     9.6


SKY COVER
  POSSIBLE SUNSHINE  MM
  AVERAGE SKY COVER 0.7


WEATHER CONDITIONS
 THE FOLLOWING WEATHER WAS RECORDED YESTERDAY.
  RAIN
  LIGHT RAIN
  LIGHT SNOW
  SLEET


RELATIVE HUMIDITY (PERCENT)
 HIGHEST    85           800 AM
 LOWEST     65           200 PM
 AVERAGE    75

..........................................................


THE MADISON WI CLIMATE NORMALS FOR TODAY
                         NORMAL    RECORD    YEAR
 MAXIMUM TEMPERATURE (F)   40        63      1931
 MINIMUM TEMPERATURE (F)   25        -3      1950


SUNRISE AND SUNSET
NOVEMBER 23 2016......SUNRISE   701 AM CST   SUNSET   427 PM CST
NOVEMBER 24 2016......SUNRISE   702 AM CST   SUNSET   426 PM CST


-  INDICATES NEGATIVE NUMBERS.
R  INDICATES RECORD WAS SET OR TIED.
MM INDICATES DATA IS MISSING.
T  INDICATES TRACE AMOUNT.




$$
