000
CDUS43 KMKX 050707
CLIMSN


CLIMATE REPORT
NATIONAL WEATHER SERVICE IN MILWAUKEE
205 AM CDT FRI MAY 5 2017


...................................

...THE MADISON WI CLIMATE SUMMARY FOR MAY 4 2017...

CLIMATE NORMAL PERIOD 1981 TO 2010
CLIMATE RECORD PERIOD 1871 TO 2017


WEATHER ITEM   OBSERVED TIME   RECORD YEAR NORMAL DEPARTURE LAST
                VALUE   (LST)  VALUE       VALUE  FROM      YEAR
                                                  NORMAL
..................................................................
TEMPERATURE (F)
 YESTERDAY
  MAXIMUM         65    439 PM  90    1952  65      0       60
  MINIMUM         33    538 AM  26    1966  42     -9       40
  AVERAGE         49                        54     -5       50

PRECIPITATION (IN)
  YESTERDAY        0.00          0.99 1913   0.11  -0.11     0.00
  MONTH TO DATE    0.37                      0.43  -0.06     0.07
  SINCE MAR 1      8.50                      6.03   2.47     6.14
  SINCE JAN 1     13.20                      8.71   4.49     7.64

SNOWFALL (IN)
  YESTERDAY        0.0           T    1967   0.1   -0.1      0.0
  MONTH TO DATE    0.0                       0.1   -0.1      0.0
  SINCE MAR 1      8.3                       9.7   -1.4      8.2
  SINCE JUL 1     44.0                      50.8   -6.8     32.7
  SNOW DEPTH       0

DEGREE DAYS
 HEATING
  YESTERDAY       16                        12      4       15
  MONTH TO DATE   75                        49     26       56
  SINCE MAR 1   1467                      1570   -103     1394
  SINCE JUL 1   5979                      7056  -1077     5994

 COOLING
  YESTERDAY        0                         0      0        0
  MONTH TO DATE    0                         0      0        0
  SINCE MAR 1      0                         4     -4        0
  SINCE JAN 1      0                         4     -4        0
..................................................................


WIND (MPH)
  HIGHEST WIND SPEED    17   HIGHEST WIND DIRECTION    NE (30)
  HIGHEST GUST SPEED    24   HIGHEST GUST DIRECTION     E (70)
  AVERAGE WIND SPEED     6.9


SKY COVER
  POSSIBLE SUNSHINE  MM
  AVERAGE SKY COVER 0.5


WEATHER CONDITIONS
 THE FOLLOWING WEATHER WAS RECORDED YESTERDAY.
  NO SIGNIFICANT WEATHER WAS OBSERVED.


RELATIVE HUMIDITY (PERCENT)
 HIGHEST    96           400 AM
 LOWEST     32           900 AM
 AVERAGE    64

..........................................................


THE MADISON WI CLIMATE NORMALS FOR TODAY
                         NORMAL    RECORD    YEAR
 MAXIMUM TEMPERATURE (F)   65        90      1949
 MINIMUM TEMPERATURE (F)   43        29      1992
                                             1958


SUNRISE AND SUNSET
MAY  5 2017...........SUNRISE   545 AM CDT   SUNSET   803 PM CDT
MAY  6 2017...........SUNRISE   544 AM CDT   SUNSET   805 PM CDT


-  INDICATES NEGATIVE NUMBERS.
R  INDICATES RECORD WAS SET OR TIED.
MM INDICATES DATA IS MISSING.
T  INDICATES TRACE AMOUNT.




$$
