000
CDUS43 KMKX 200643
CLIMSN


CLIMATE REPORT
NATIONAL WEATHER SERVICE IN MILWAUKEE
1242 AM CST SAT JAN 20 2018


...................................

...THE MADISON WI CLIMATE SUMMARY FOR JANUARY 19 2018...

CLIMATE NORMAL PERIOD 1981 TO 2010
CLIMATE RECORD PERIOD 1871 TO 2018


WEATHER ITEM   OBSERVED TIME   RECORD YEAR NORMAL DEPARTURE LAST
                VALUE   (LST)  VALUE       VALUE  FROM      YEAR
                                                  NORMAL
..................................................................
TEMPERATURE (F)
 YESTERDAY
  MAXIMUM         39    730 PM  47    2006  26     13       36
                                      1933
                                      1921
  MINIMUM         25    712 AM -27    1994  11     14       32
  AVERAGE         32                        18     14       34

PRECIPITATION (IN)
  YESTERDAY        0.00          1.07 1995   0.04  -0.04     0.31
  MONTH TO DATE    0.39                      0.76  -0.37     1.73
  SINCE DEC 1      1.12                      2.50  -1.38     3.76
  SINCE JAN 1      0.39                      0.76  -0.37     1.73

SNOWFALL (IN)
  YESTERDAY        0.0          12.6  1995   0.4   -0.4      0.0
  MONTH TO DATE    7.6                       7.9   -0.3      2.1
  SINCE DEC 1     11.3                      21.4  -10.1     24.8
  SINCE JUL 1     11.6                      25.5  -13.9     24.8
  SNOW DEPTH       1

DEGREE DAYS
 HEATING
  YESTERDAY       33                        47    -14       31
  MONTH TO DATE  955                       882     73      863
  SINCE DEC 1   2278                      2182     96     2172
  SINCE JUL 1   3637                      3761   -124     3194

 COOLING
  YESTERDAY        0                         0      0        0
  MONTH TO DATE    0                         0      0        0
  SINCE DEC 1      0                         0      0        0
  SINCE JAN 1      0                         0      0        0
..................................................................


WIND (MPH)
  HIGHEST WIND SPEED    21   HIGHEST WIND DIRECTION     S (200)
  HIGHEST GUST SPEED    32   HIGHEST GUST DIRECTION    SW (210)
  AVERAGE WIND SPEED     8.7


SKY COVER
  POSSIBLE SUNSHINE  MM
  AVERAGE SKY COVER 0.6


WEATHER CONDITIONS
 THE FOLLOWING WEATHER WAS RECORDED YESTERDAY.
  NO SIGNIFICANT WEATHER WAS OBSERVED.


RELATIVE HUMIDITY (PERCENT)
 HIGHEST    81           600 AM
 LOWEST     59           100 PM
 AVERAGE    70

..........................................................


THE MADISON WI CLIMATE NORMALS FOR TODAY
                         NORMAL    RECORD    YEAR
 MAXIMUM TEMPERATURE (F)   26        53      1906
 MINIMUM TEMPERATURE (F)   11       -27      1994


SUNRISE AND SUNSET
JANUARY 20 2018.......SUNRISE   723 AM CST   SUNSET   454 PM CST
JANUARY 21 2018.......SUNRISE   722 AM CST   SUNSET   455 PM CST


-  INDICATES NEGATIVE NUMBERS.
R  INDICATES RECORD WAS SET OR TIED.
MM INDICATES DATA IS MISSING.
T  INDICATES TRACE AMOUNT.




$$
