000
CDUS43 KMKX 180701
CLIMSN


CLIMATE REPORT
NATIONAL WEATHER SERVICE IN MILWAUKEE
100 AM CST SAT NOV 18 2017


...................................

...THE MADISON WI CLIMATE SUMMARY FOR NOVEMBER 17 2017...

CLIMATE NORMAL PERIOD 1981 TO 2010
CLIMATE RECORD PERIOD 1871 TO 2017


WEATHER ITEM   OBSERVED TIME   RECORD YEAR NORMAL DEPARTURE LAST
                VALUE   (LST)  VALUE       VALUE  FROM      YEAR
                                                  NORMAL
..................................................................
TEMPERATURE (F)
 YESTERDAY
  MAXIMUM         40   1032 PM  70    2016  43     -3       70
  MINIMUM         33    642 AM  -1    1959  28      5       48
  AVERAGE         37                        36      1       59

PRECIPITATION (IN)
  YESTERDAY        0.13          1.60 1931   0.08   0.05     0.00
  MONTH TO DATE    0.58                      1.37  -0.79     0.25
  SINCE SEP 1      4.69                      6.90  -2.21    13.67
  SINCE JAN 1     37.45                     31.72   5.73    41.91

SNOWFALL (IN)
  YESTERDAY       MM             4.3  1892   0.1   MM        0.0
  MONTH TO DATE    T                         1.1   -1.1      0.0
  SINCE SEP 1      T                         1.6   -1.6      0.0
  SINCE JUL 1      T                         1.6   -1.6      0.0
  SNOW DEPTH       0

DEGREE DAYS
 HEATING
  YESTERDAY       28                        29     -1        6
  MONTH TO DATE  509                       434     75      263
  SINCE SEP 1    969                      1110   -141      652
  SINCE JUL 1    994                      1147   -153      659

 COOLING
  YESTERDAY        0                         0      0        0
  MONTH TO DATE    0                         0      0        0
  SINCE SEP 1    120                        55     65       85
  SINCE JAN 1    580                       568     12      780
..................................................................


WIND (MPH)
  HIGHEST WIND SPEED    26   HIGHEST WIND DIRECTION     S (180)
  HIGHEST GUST SPEED    33   HIGHEST GUST DIRECTION     S (180)
  AVERAGE WIND SPEED    12.2


SKY COVER
  POSSIBLE SUNSHINE  MM
  AVERAGE SKY COVER 1.0


WEATHER CONDITIONS
 THE FOLLOWING WEATHER WAS RECORDED YESTERDAY.
  THUNDERSTORM
  RAIN
  LIGHT RAIN
  FOG


RELATIVE HUMIDITY (PERCENT)
 HIGHEST   100          1000 PM
 LOWEST     70          1100 AM
 AVERAGE    85

..........................................................


THE MADISON WI CLIMATE NORMALS FOR TODAY
                         NORMAL    RECORD    YEAR
 MAXIMUM TEMPERATURE (F)   43        69      1953
 MINIMUM TEMPERATURE (F)   27         3      1872


SUNRISE AND SUNSET
NOVEMBER 18 2017......SUNRISE   654 AM CST   SUNSET   431 PM CST
NOVEMBER 19 2017......SUNRISE   655 AM CST   SUNSET   430 PM CST


-  INDICATES NEGATIVE NUMBERS.
R  INDICATES RECORD WAS SET OR TIED.
MM INDICATES DATA IS MISSING.
T  INDICATES TRACE AMOUNT.




$$
