000
CDUS43 KMKX 032053
CLIMSN


CLIMATE REPORT
NATIONAL WEATHER SERVICE IN MILWAUKEE
353 PM CDT THU SEP 3 2015


...................................

...THE MADISON WI CLIMATE SUMMARY FOR SEPTEMBER 3 2015...
VALID TODAY AS OF 0300 PM LOCAL TIME.

CLIMATE NORMAL PERIOD 1981 TO 2010
CLIMATE RECORD PERIOD 1871 TO 2015


WEATHER ITEM   OBSERVED TIME   RECORD YEAR NORMAL DEPARTURE LAST
                VALUE   (LST)  VALUE       VALUE  FROM      YEAR
                                                  NORMAL
..................................................................
TEMPERATURE (F)
 TODAY
  MAXIMUM         88    148 PM  92    1960  77     11       82
                                      1939
  MINIMUM         70    538 AM  38    1974  55     15       57
  AVERAGE         79                        66     13       70

PRECIPITATION (IN)
  TODAY            0.00          1.03 1953   0.11  -0.11     0.00
                                      1870
  MONTH TO DATE    0.00                      0.34  -0.34     0.07
  SINCE SEP 1      0.00                      0.34  -0.34     0.07
  SINCE JAN 1     22.79                     25.16  -2.37    27.88

SNOWFALL (IN)
  TODAY            0.0           0.0    MM   0.0    0.0      0.0
  MONTH TO DATE    0.0                       0.0    0.0      0.0
  SINCE SEP 1      0.0                       0.0    0.0      0.0
  SINCE JUL 1      0.0                       0.0    0.0      0.0
  SNOW DEPTH       0

DEGREE DAYS
 HEATING
  TODAY            0                         2     -2        0
  MONTH TO DATE    0                         6     -6        0
  SINCE SEP 1      0                         6     -6        0
  SINCE JUL 1     32                        43    -11       17

 COOLING
  TODAY           14                         3     11        5
  MONTH TO DATE   40                         9     31       14
  SINCE SEP 1     40                         9     31       14
  SINCE JAN 1    569                       522     47      590
..................................................................


WIND (MPH)
  HIGHEST WIND SPEED     9   HIGHEST WIND DIRECTION     N (20)
  HIGHEST GUST SPEED    12   HIGHEST GUST DIRECTION     N (20)
  AVERAGE WIND SPEED     3.5


SKY COVER
  POSSIBLE SUNSHINE  MM
  AVERAGE SKY COVER 0.3


WEATHER CONDITIONS
 THE FOLLOWING WEATHER WAS RECORDED TODAY.
  NO SIGNIFICANT WEATHER WAS OBSERVED.


RELATIVE HUMIDITY (PERCENT)
 HIGHEST    90           300 AM
 LOWEST     61           100 PM
 AVERAGE    76

..........................................................


THE MADISON WI CLIMATE NORMALS FOR TOMORROW
                         NORMAL    RECORD    YEAR
 MAXIMUM TEMPERATURE (F)   76        94      1925
 MINIMUM TEMPERATURE (F)   55        35      1974


SUNRISE AND SUNSET
SEPTEMBER  3 2015.....SUNRISE   623 AM CDT   SUNSET   729 PM CDT
SEPTEMBER  4 2015.....SUNRISE   625 AM CDT   SUNSET   727 PM CDT


-  INDICATES NEGATIVE NUMBERS.
R  INDICATES RECORD WAS SET OR TIED.
MM INDICATES DATA IS MISSING.
T  INDICATES TRACE AMOUNT.




$$
