470
CDUS43 KMKX 240753
CLIMSN


CLIMATE REPORT
NATIONAL WEATHER SERVICE IN MILWAUKEE
252 AM CDT MON APR 24 2017


...................................

...THE MADISON WI CLIMATE SUMMARY FOR APRIL 23 2017...

CLIMATE NORMAL PERIOD 1981 TO 2010
CLIMATE RECORD PERIOD 1871 TO 2017


WEATHER ITEM   OBSERVED TIME   RECORD YEAR NORMAL DEPARTURE LAST
                VALUE   (LST)  VALUE       VALUE  FROM      YEAR
                                                  NORMAL
..................................................................
TEMPERATURE (F)
 YESTERDAY
  MAXIMUM         72    404 PM  83    1960  61     11       65
  MINIMUM         36    511 AM  19    1910  39     -3       34
  AVERAGE         54                        50      4       50

PRECIPITATION (IN)
  YESTERDAY        0.00          1.23 1944   0.11  -0.11     0.00
  MONTH TO DATE    2.98                      2.59   0.39     1.02
  SINCE MAR 1      5.81                      4.79   1.02     4.98
  SINCE JAN 1     10.51                      7.47   3.04     6.48

SNOWFALL (IN)
  YESTERDAY        0.0           7.3  1910   0.0    0.0      0.0
  MONTH TO DATE    T                         2.3   -2.3      4.2
  SINCE MAR 1      8.3                       9.3   -1.0      8.2
  SINCE JUL 1     44.0                      50.4   -6.4     32.7
  SNOW DEPTH       0

DEGREE DAYS
 HEATING
  YESTERDAY       11                        16     -5       15
  MONTH TO DATE  327                       459   -132      456
  SINCE MAR 1   1276                      1422   -146     1226
  SINCE JUL 1   5788                      6908  -1120     5826

 COOLING
  YESTERDAY        0                         0      0        0
  MONTH TO DATE    0                         0      0        0
  SINCE MAR 1      0                         0      0        0
  SINCE JAN 1      0                         0      0        0
..................................................................


WIND (MPH)
  HIGHEST WIND SPEED    14   HIGHEST WIND DIRECTION     E (90)
  HIGHEST GUST SPEED    18   HIGHEST GUST DIRECTION     W (280)
  AVERAGE WIND SPEED     4.7


SKY COVER
  POSSIBLE SUNSHINE  MM
  AVERAGE SKY COVER 0.2


WEATHER CONDITIONS
 THE FOLLOWING WEATHER WAS RECORDED YESTERDAY.
  NO SIGNIFICANT WEATHER WAS OBSERVED.


RELATIVE HUMIDITY (PERCENT)
 HIGHEST    85           200 AM
 LOWEST     23           300 PM
 AVERAGE    54

..........................................................


THE MADISON WI CLIMATE NORMALS FOR TODAY
                         NORMAL    RECORD    YEAR
 MAXIMUM TEMPERATURE (F)   61        85      1990
 MINIMUM TEMPERATURE (F)   39        21      1910


SUNRISE AND SUNSET
APRIL 24 2017.........SUNRISE   601 AM CDT   SUNSET   751 PM CDT
APRIL 25 2017.........SUNRISE   559 AM CDT   SUNSET   752 PM CDT


-  INDICATES NEGATIVE NUMBERS.
R  INDICATES RECORD WAS SET OR TIED.
MM INDICATES DATA IS MISSING.
T  INDICATES TRACE AMOUNT.




$$
