000
CDUS43 KMKX 010652
CLIMSN


CLIMATE REPORT
NATIONAL WEATHER SERVICE IN MILWAUKEE
151 AM CDT TUE SEP 1 2015


...................................

...THE MADISON WI CLIMATE SUMMARY FOR AUGUST 31 2015...

CLIMATE NORMAL PERIOD 1981 TO 2010
CLIMATE RECORD PERIOD 1871 TO 2015


WEATHER ITEM   OBSERVED TIME   RECORD YEAR NORMAL DEPARTURE LAST
                VALUE   (LST)  VALUE       VALUE  FROM      YEAR
                                                  NORMAL
..................................................................
TEMPERATURE (F)
 YESTERDAY
  MAXIMUM         83    208 PM 100    1953  77      6       85
  MINIMUM         56    527 AM  37    1967  56      0       60
  AVERAGE         70                        67      3       73

PRECIPITATION (IN)
  YESTERDAY        0.00          1.59 1989   0.13  -0.13     0.00
  MONTH TO DATE    4.10                      4.27  -0.17     5.43
  SINCE JUN 1     12.27                     12.99  -0.72    16.06
  SINCE JAN 1     22.79                     24.82  -2.03    27.81

SNOWFALL (IN)
  YESTERDAY        0.0           0.0    MM   0.0    0.0      0.0
  MONTH TO DATE    0.0                       0.0    0.0      0.0
  SINCE JUN 1      0.0                       0.0    0.0      0.0
  SINCE JUL 1      0.0                       0.0    0.0      0.0
  SNOW DEPTH       0

DEGREE DAYS
 HEATING
  YESTERDAY        0                         2     -2        0
  MONTH TO DATE   16                        30    -14        4
  SINCE JUN 1     69                        97    -28       26
  SINCE JUL 1     32                        37     -5       17

 COOLING
  YESTERDAY        5                         4      1        8
  MONTH TO DATE  168                       157     11      200
  SINCE JUN 1    479                       483     -4      525
  SINCE JAN 1    529                       513     16      576
..................................................................


WIND (MPH)
  HIGHEST WIND SPEED    14   HIGHEST WIND DIRECTION     S (180)
  HIGHEST GUST SPEED    19   HIGHEST GUST DIRECTION     S (190)
  AVERAGE WIND SPEED     4.3


SKY COVER
  POSSIBLE SUNSHINE  MM
  AVERAGE SKY COVER 0.5


WEATHER CONDITIONS
 THE FOLLOWING WEATHER WAS RECORDED YESTERDAY.
  FOG
  FOG W/VISIBILITY <= 1/4 MILE


RELATIVE HUMIDITY (PERCENT)
 HIGHEST   100           200 AM
 LOWEST     58           200 PM
 AVERAGE    79

..........................................................


THE MADISON WI CLIMATE NORMALS FOR TODAY
                         NORMAL    RECORD    YEAR
 MAXIMUM TEMPERATURE (F)   77        99      1953
 MINIMUM TEMPERATURE (F)   56        36      1967


SUNRISE AND SUNSET
SEPTEMBER  1 2015.....SUNRISE   621 AM CDT   SUNSET   733 PM CDT
SEPTEMBER  2 2015.....SUNRISE   622 AM CDT   SUNSET   731 PM CDT


-  INDICATES NEGATIVE NUMBERS.
R  INDICATES RECORD WAS SET OR TIED.
MM INDICATES DATA IS MISSING.
T  INDICATES TRACE AMOUNT.




$$
