000
CDUS43 KMKX 220643
CLIMSN


CLIMATE REPORT
NATIONAL WEATHER SERVICE IN MILWAUKEE
1242 AM CST WED FEB 22 2017


...................................

...THE MADISON WI CLIMATE SUMMARY FOR FEBRUARY 21 2017...

CLIMATE NORMAL PERIOD 1981 TO 2010
CLIMATE RECORD PERIOD 1871 TO 2017


WEATHER ITEM   OBSERVED TIME   RECORD YEAR NORMAL DEPARTURE LAST
                VALUE   (LST)  VALUE       VALUE  FROM      YEAR
                                                  NORMAL
..................................................................
TEMPERATURE (F)
 YESTERDAY
  MAXIMUM         62R   357 PM  60    1930  33     29       38
  MINIMUM         42    713 AM -15    2008  17     25       28
                                      1873
  AVERAGE         52                        25     27       33

PRECIPITATION (IN)
  YESTERDAY        0.02          1.54 1922   0.06  -0.04     0.00
  MONTH TO DATE    0.71                      1.03  -0.32     0.50
  SINCE DEC 1      5.50                      4.00   1.50     4.81
  SINCE JAN 1      3.47                      2.26   1.21     1.48

SNOWFALL (IN)
  YESTERDAY        0.0           7.8  1993   0.4   -0.4      0.0
  MONTH TO DATE    T                         8.2   -8.2      6.0
  SINCE DEC 1     33.8                      34.6   -0.8     20.3
  SINCE JUL 1     33.8                      38.7   -4.9     24.4
  SNOW DEPTH       0

DEGREE DAYS
 HEATING
  YESTERDAY       13                        40    -27       32
  MONTH TO DATE  707                       902   -195      868
  SINCE DEC 1   3289                      3636   -347     3179
  SINCE JUL 1   4311                      5215   -904     4370

 COOLING
  YESTERDAY        0                         0      0        0
  MONTH TO DATE    0                         0      0        0
  SINCE DEC 1      0                         0      0        0
  SINCE JAN 1      0                         0      0        0
..................................................................


WIND (MPH)
  HIGHEST WIND SPEED    12   HIGHEST WIND DIRECTION     S (170)
  HIGHEST GUST SPEED    24   HIGHEST GUST DIRECTION    SW (210)
  AVERAGE WIND SPEED     4.5


SKY COVER
  POSSIBLE SUNSHINE  MM
  AVERAGE SKY COVER 0.6


WEATHER CONDITIONS
 THE FOLLOWING WEATHER WAS RECORDED YESTERDAY.
  LIGHT RAIN
  FOG


RELATIVE HUMIDITY (PERCENT)
 HIGHEST   100          1200 AM
 LOWEST     36           400 PM
 AVERAGE    68

..........................................................


THE MADISON WI CLIMATE NORMALS FOR TODAY
                         NORMAL    RECORD    YEAR
 MAXIMUM TEMPERATURE (F)   33        60      1984
                                             1930
 MINIMUM TEMPERATURE (F)   17       -15      1873


SUNRISE AND SUNSET
FEBRUARY 22 2017......SUNRISE   644 AM CST   SUNSET   538 PM CST
FEBRUARY 23 2017......SUNRISE   643 AM CST   SUNSET   539 PM CST


-  INDICATES NEGATIVE NUMBERS.
R  INDICATES RECORD WAS SET OR TIED.
MM INDICATES DATA IS MISSING.
T  INDICATES TRACE AMOUNT.




$$
