000
CDUS43 KMKX 020651
CLIMSN


CLIMATE REPORT
NATIONAL WEATHER SERVICE IN MILWAUKEE
150 AM CDT TUE JUN 2 2015


...................................

...THE MADISON WI CLIMATE SUMMARY FOR JUNE 1 2015...

CLIMATE NORMAL PERIOD 1981 TO 2010
CLIMATE RECORD PERIOD 1871 TO 2015


WEATHER ITEM   OBSERVED TIME   RECORD YEAR NORMAL DEPARTURE LAST
                VALUE   (LST)  VALUE       VALUE  FROM      YEAR
                                                  NORMAL
..................................................................
TEMPERATURE (F)
 YESTERDAY
  MAXIMUM         67    223 PM 100    1934  74     -7       88
  MINIMUM         38    448 AM  34    1966  51    -13       69
  AVERAGE         53                        62     -9       79

PRECIPITATION (IN)
  YESTERDAY        0.00          3.46 2000   0.15  -0.15     1.87
  MONTH TO DATE    0.00                      0.15  -0.15     1.87
  SINCE JUN 1      0.00                      0.15  -0.15     1.87
  SINCE JAN 1     10.52                     11.98  -1.46    13.62

SNOWFALL (IN)
  YESTERDAY        0.0           0.0    MM   0.0    0.0      0.0
  MONTH TO DATE    0.0                       0.0    0.0      0.0
  SINCE JUN 1      0.0                       0.0    0.0      0.0
  SINCE JUL 1     33.7                      50.9  -17.2     59.2
  SNOW DEPTH       0

DEGREE DAYS
 HEATING
  YESTERDAY       12                         5      7        0
  MONTH TO DATE   12                         5      7        0
  SINCE JUN 1     12                         5      7        0
  SINCE JUL 1   7342                      7278     64     8048

 COOLING
  YESTERDAY        0                         2     -2       14
  MONTH TO DATE    0                         2     -2       14
  SINCE JUN 1      0                         2     -2       14
  SINCE JAN 1     50                        32     18       65
..................................................................


WIND (MPH)
  HIGHEST WIND SPEED    20   HIGHEST WIND DIRECTION     E (70)
  HIGHEST GUST SPEED    26   HIGHEST GUST DIRECTION     E (70)
  AVERAGE WIND SPEED     6.8


SKY COVER
  POSSIBLE SUNSHINE  MM
  AVERAGE SKY COVER 0.2


WEATHER CONDITIONS
 THE FOLLOWING WEATHER WAS RECORDED YESTERDAY.
  NO SIGNIFICANT WEATHER WAS OBSERVED.


RELATIVE HUMIDITY (PERCENT)
 HIGHEST    85           500 AM
 LOWEST     26           500 PM
 AVERAGE    56

..........................................................


THE MADISON WI CLIMATE NORMALS FOR TODAY
                         NORMAL    RECORD    YEAR
 MAXIMUM TEMPERATURE (F)   74        91      1948
 MINIMUM TEMPERATURE (F)   52        35      1956


SUNRISE AND SUNSET
JUNE  2 2015..........SUNRISE   520 AM CDT   SUNSET   831 PM CDT
JUNE  3 2015..........SUNRISE   520 AM CDT   SUNSET   832 PM CDT


-  INDICATES NEGATIVE NUMBERS.
R  INDICATES RECORD WAS SET OR TIED.
MM INDICATES DATA IS MISSING.
T  INDICATES TRACE AMOUNT.




$$
