000
CDUS43 KMKX 210643
CLIMSN


CLIMATE REPORT
NATIONAL WEATHER SERVICE IN MILWAUKEE
142 AM CDT WED JUN 21 2017


...................................

...THE MADISON WI CLIMATE SUMMARY FOR JUNE 20 2017...

CLIMATE NORMAL PERIOD 1981 TO 2010
CLIMATE RECORD PERIOD 1871 TO 2017


WEATHER ITEM   OBSERVED TIME   RECORD YEAR NORMAL DEPARTURE LAST
                VALUE   (LST)  VALUE       VALUE  FROM      YEAR
                                                  NORMAL
..................................................................
TEMPERATURE (F)
 YESTERDAY
  MAXIMUM         71    559 PM 101    1988  79     -8       87
  MINIMUM         55   1159 PM  40    2003  58     -3       67
  AVERAGE         63                        69     -6       77

PRECIPITATION (IN)
  YESTERDAY        0.03          1.50 1877   0.15  -0.12     0.00
  MONTH TO DATE    3.38                      3.03   0.35     3.27
  SINCE JUN 1      3.38                      3.03   0.35     3.27
  SINCE JAN 1     19.04                     14.86   4.18    13.06

SNOWFALL (IN)
  YESTERDAY        0.0           0.0    MM   0.0    0.0      0.0
  MONTH TO DATE    0.0                       0.0    0.0      0.0
  SINCE JUN 1      0.0                       0.0    0.0      0.0
  SINCE JUL 1     44.0                      50.9   -6.9     32.7
  SNOW DEPTH       0

DEGREE DAYS
 HEATING
  YESTERDAY        2                         1      1        0
  MONTH TO DATE    9                        53    -44       13
  SINCE JUN 1      9                        53    -44       13
  SINCE JUL 1   6197                      7326  -1129     6197

 COOLING
  YESTERDAY        0                         5     -5       12
  MONTH TO DATE  129                        63     66      100
  SINCE JUN 1    129                        63     66      100
  SINCE JAN 1    144                        93     51      152
..................................................................


WIND (MPH)
  HIGHEST WIND SPEED    16   HIGHEST WIND DIRECTION     N (350)
  HIGHEST GUST SPEED    27   HIGHEST GUST DIRECTION    SE (150)
  AVERAGE WIND SPEED     3.9


SKY COVER
  POSSIBLE SUNSHINE  MM
  AVERAGE SKY COVER 0.4


WEATHER CONDITIONS
 THE FOLLOWING WEATHER WAS RECORDED YESTERDAY.
  THUNDERSTORM
  LIGHT RAIN


RELATIVE HUMIDITY (PERCENT)
 HIGHEST    93          1100 PM
 LOWEST     53           600 PM
 AVERAGE    73

..........................................................


THE MADISON WI CLIMATE NORMALS FOR TODAY
                         NORMAL    RECORD    YEAR
 MAXIMUM TEMPERATURE (F)   80       100      1988
 MINIMUM TEMPERATURE (F)   58        36      1992


SUNRISE AND SUNSET
JUNE 21 2017..........SUNRISE   518 AM CDT   SUNSET   841 PM CDT
JUNE 22 2017..........SUNRISE   518 AM CDT   SUNSET   841 PM CDT


-  INDICATES NEGATIVE NUMBERS.
R  INDICATES RECORD WAS SET OR TIED.
MM INDICATES DATA IS MISSING.
T  INDICATES TRACE AMOUNT.




$$
