000
CDUS43 KMKX 140702
CLIMSN


CLIMATE REPORT
NATIONAL WEATHER SERVICE IN MILWAUKEE
100 AM CST SUN FEB 14 2016


...................................

...THE MADISON WI CLIMATE SUMMARY FOR FEBRUARY 13 2016...

CLIMATE NORMAL PERIOD 1981 TO 2010
CLIMATE RECORD PERIOD 1871 TO 2016


WEATHER ITEM   OBSERVED TIME   RECORD YEAR NORMAL DEPARTURE LAST
                VALUE   (LST)  VALUE       VALUE  FROM      YEAR
                                                  NORMAL
..................................................................
TEMPERATURE (F)
 YESTERDAY
  MAXIMUM         12    355 PM  51    1921  30    -18       27
  MINIMUM         -3    748 AM -24    1905  14    -17       -3
  AVERAGE          5                        22    -17       12

PRECIPITATION (IN)
  YESTERDAY        0.00          1.03 1950   0.05  -0.05      T
  MONTH TO DATE    0.40                      0.60  -0.20     0.48
  SINCE DEC 1      4.71                      3.57   1.14     2.17
  SINCE JAN 1      1.38                      1.83  -0.45     1.14

SNOWFALL (IN)
  YESTERDAY        0.0          10.3  1950   0.4   -0.4       T
  MONTH TO DATE    3.7                       5.2   -1.5      8.1
  SINCE DEC 1     18.0                      31.6  -13.6     18.4
  SINCE JUL 1     22.1                      35.7  -13.6     26.9
  SNOW DEPTH       3

DEGREE DAYS
 HEATING
  YESTERDAY       60                        43     17       53
  MONTH TO DATE  573                       573      0      655
  SINCE DEC 1   2884                      3307   -423     3175
  SINCE JUL 1   4075                      4886   -811     4859

 COOLING
  YESTERDAY        0                         0      0        0
  MONTH TO DATE    0                         0      0        0
  SINCE DEC 1      0                         0      0        0
  SINCE JAN 1      0                         0      0        0
..................................................................


WIND (MPH)
  HIGHEST WIND SPEED    14   HIGHEST WIND DIRECTION     N (340)
  HIGHEST GUST SPEED    17   HIGHEST GUST DIRECTION     N (340)
  AVERAGE WIND SPEED     5.2


SKY COVER
  POSSIBLE SUNSHINE  MM
  AVERAGE SKY COVER 0.2


WEATHER CONDITIONS
 THE FOLLOWING WEATHER WAS RECORDED YESTERDAY.
  NO SIGNIFICANT WEATHER WAS OBSERVED.


RELATIVE HUMIDITY (PERCENT)
 HIGHEST    68          1000 PM
 LOWEST     41           500 PM
 AVERAGE    55

..........................................................


THE MADISON WI CLIMATE NORMALS FOR TODAY
                         NORMAL    RECORD    YEAR
 MAXIMUM TEMPERATURE (F)   31        55      1954
                                             1934
 MINIMUM TEMPERATURE (F)   15       -13      1951


SUNRISE AND SUNSET
FEBRUARY 14 2016......SUNRISE   657 AM CST   SUNSET   526 PM CST
FEBRUARY 15 2016......SUNRISE   656 AM CST   SUNSET   528 PM CST


-  INDICATES NEGATIVE NUMBERS.
R  INDICATES RECORD WAS SET OR TIED.
MM INDICATES DATA IS MISSING.
T  INDICATES TRACE AMOUNT.




$$
