000
CDUS43 KMKX 240659
CLIMSN


CLIMATE REPORT
NATIONAL WEATHER SERVICE IN MILWAUKEE
1259 AM CST FRI NOV 24 2017


...................................

...THE MADISON WI CLIMATE SUMMARY FOR NOVEMBER 23 2017...

CLIMATE NORMAL PERIOD 1981 TO 2010
CLIMATE RECORD PERIOD 1871 TO 2017


WEATHER ITEM   OBSERVED TIME   RECORD YEAR NORMAL DEPARTURE LAST
                VALUE   (LST)  VALUE       VALUE  FROM      YEAR
                                                  NORMAL
..................................................................
TEMPERATURE (F)
 YESTERDAY
  MAXIMUM         44    345 PM  63    1931  40      4       41
  MINIMUM         30    836 PM  -3    1950  25      5       36
  AVERAGE         37                        32      5       39

PRECIPITATION (IN)
  YESTERDAY        0.00          1.70 2003   0.08  -0.08     0.18
  MONTH TO DATE    0.68                      1.85  -1.17     0.48
  SINCE SEP 1      4.79                      7.38  -2.59    13.90
  SINCE JAN 1     37.55                     32.20   5.35    42.14

SNOWFALL (IN)
  YESTERDAY        0.0           2.8  1977   0.1   -0.1      0.0
  MONTH TO DATE    0.3                       2.0   -1.7       T
  SINCE SEP 1      0.3                       2.5   -2.2       T
  SINCE JUL 1      0.3                       2.5   -2.2       T
  SNOW DEPTH       0

DEGREE DAYS
 HEATING
  YESTERDAY       28                        33     -5       26
  MONTH TO DATE  701                       623     78      446
  SINCE SEP 1   1161                      1299   -138      835
  SINCE JUL 1   1186                      1336   -150      842

 COOLING
  YESTERDAY        0                         0      0        0
  MONTH TO DATE    0                         0      0        0
  SINCE SEP 1    120                        55     65       85
  SINCE JAN 1    580                       568     12      780
..................................................................


WIND (MPH)
  HIGHEST WIND SPEED    15   HIGHEST WIND DIRECTION     S (200)
  HIGHEST GUST SPEED    20   HIGHEST GUST DIRECTION     S (200)
  AVERAGE WIND SPEED     5.2


SKY COVER
  POSSIBLE SUNSHINE  MM
  AVERAGE SKY COVER 0.4


WEATHER CONDITIONS
 THE FOLLOWING WEATHER WAS RECORDED YESTERDAY.
  NO SIGNIFICANT WEATHER WAS OBSERVED.


RELATIVE HUMIDITY (PERCENT)
 HIGHEST    70          1100 PM
 LOWEST     43           200 PM
 AVERAGE    57

..........................................................


THE MADISON WI CLIMATE NORMALS FOR TODAY
                         NORMAL    RECORD    YEAR
 MAXIMUM TEMPERATURE (F)   39        62      1931
 MINIMUM TEMPERATURE (F)   24        -6      1950


SUNRISE AND SUNSET
NOVEMBER 24 2017......SUNRISE   701 AM CST   SUNSET   426 PM CST
NOVEMBER 25 2017......SUNRISE   703 AM CST   SUNSET   426 PM CST


-  INDICATES NEGATIVE NUMBERS.
R  INDICATES RECORD WAS SET OR TIED.
MM INDICATES DATA IS MISSING.
T  INDICATES TRACE AMOUNT.




$$
