000
CDUS43 KMKX 240642
CLIMSN


CLIMATE REPORT
NATIONAL WEATHER SERVICE IN MILWAUKEE
141 AM CDT WED MAY 24 2017


...................................

...THE MADISON WI CLIMATE SUMMARY FOR MAY 23 2017...

CLIMATE NORMAL PERIOD 1981 TO 2010
CLIMATE RECORD PERIOD 1871 TO 2017


WEATHER ITEM   OBSERVED TIME   RECORD YEAR NORMAL DEPARTURE LAST
                VALUE   (LST)  VALUE       VALUE  FROM      YEAR
                                                  NORMAL
..................................................................
TEMPERATURE (F)
 YESTERDAY
  MAXIMUM         64   1233 PM  91    1975  71     -7       83
  MINIMUM         51   1159 PM  28    1958  48      3       53
  AVERAGE         58                        59     -1       68

PRECIPITATION (IN)
  YESTERDAY        0.09          3.64 1966   0.12  -0.03     0.00
  MONTH TO DATE    2.30                      2.55  -0.25     1.49
  SINCE MAR 1     10.43                      8.15   2.28     7.56
  SINCE JAN 1     15.13                     10.83   4.30     9.06

SNOWFALL (IN)
  YESTERDAY        0.0           0.0    MM   0.0    0.0      0.0
  MONTH TO DATE    0.0                       0.2   -0.2      0.0
  SINCE MAR 1      8.3                       9.8   -1.5      8.2
  SINCE JUL 1     44.0                      50.9   -6.9     32.7
  SNOW DEPTH       0

DEGREE DAYS
 HEATING
  YESTERDAY        7                         7      0        0
  MONTH TO DATE  245                       221     24      246
  SINCE MAR 1   1637                      1742   -105     1584
  SINCE JUL 1   6149                      7228  -1079     6184

 COOLING
  YESTERDAY        0                         1     -1        3
  MONTH TO DATE   15                        13      2        3
  SINCE MAR 1     15                        17     -2        3
  SINCE JAN 1     15                        17     -2        3
..................................................................


WIND (MPH)
  HIGHEST WIND SPEED    13   HIGHEST WIND DIRECTION    NE (30)
  HIGHEST GUST SPEED    15   HIGHEST GUST DIRECTION    NE (30)
  AVERAGE WIND SPEED     6.1


SKY COVER
  POSSIBLE SUNSHINE  MM
  AVERAGE SKY COVER 0.9


WEATHER CONDITIONS
 THE FOLLOWING WEATHER WAS RECORDED YESTERDAY.
  THUNDERSTORM
  RAIN
  LIGHT RAIN
  FOG


RELATIVE HUMIDITY (PERCENT)
 HIGHEST   100           300 AM
 LOWEST     65          1200 PM
 AVERAGE    83

..........................................................


THE MADISON WI CLIMATE NORMALS FOR TODAY
                         NORMAL    RECORD    YEAR
 MAXIMUM TEMPERATURE (F)   71        92      1950
 MINIMUM TEMPERATURE (F)   49        32      1992
                                             1925


SUNRISE AND SUNSET
MAY 24 2017...........SUNRISE   525 AM CDT   SUNSET   824 PM CDT
MAY 25 2017...........SUNRISE   525 AM CDT   SUNSET   824 PM CDT


-  INDICATES NEGATIVE NUMBERS.
R  INDICATES RECORD WAS SET OR TIED.
MM INDICATES DATA IS MISSING.
T  INDICATES TRACE AMOUNT.




$$
