000
CDUS43 KMKX 270643
CLIMSN


CLIMATE REPORT
NATIONAL WEATHER SERVICE IN MILWAUKEE
143 AM CDT SAT AUG 27 2016


...................................

...THE MADISON WI CLIMATE SUMMARY FOR AUGUST 26 2016...

CLIMATE NORMAL PERIOD 1981 TO 2010
CLIMATE RECORD PERIOD 1871 TO 2016


WEATHER ITEM   OBSERVED TIME   RECORD YEAR NORMAL DEPARTURE LAST
                VALUE   (LST)  VALUE       VALUE  FROM      YEAR
                                                  NORMAL
..................................................................
TEMPERATURE (F)
 YESTERDAY
  MAXIMUM         75    332 PM  95    1953  78     -3       71
  MINIMUM         57    445 AM  39    1964  58     -1       56
  AVERAGE         66                        68     -2       64

PRECIPITATION (IN)
  YESTERDAY        T             2.28 1986   0.13  -0.13     0.00
  MONTH TO DATE    6.79                      3.61   3.18     2.30
  SINCE JUN 1     17.37                     12.33   5.04    10.47
  SINCE JAN 1     27.16                     24.16   3.00    20.99

SNOWFALL (IN)
  YESTERDAY        0.0           0.0    MM   0.0    0.0      0.0
  MONTH TO DATE    0.0                       0.0    0.0      0.0
  SINCE JUN 1      0.0                       0.0    0.0      0.0
  SINCE JUL 1      0.0                       0.0    0.0      0.0
  SNOW DEPTH       0

DEGREE DAYS
 HEATING
  YESTERDAY        0                         1     -1        1
  MONTH TO DATE    3                        23    -20       12
  SINCE JUN 1     21                        93    -72       65
  SINCE JUL 1      7                        33    -26       28

 COOLING
  YESTERDAY        1                         4     -3        0
  MONTH TO DATE  205                       139     66      160
  SINCE JUN 1    609                       465    144      471
  SINCE JAN 1    661                       495    166      521
..................................................................


WIND (MPH)
  HIGHEST WIND SPEED     7   HIGHEST WIND DIRECTION     E (70)
  HIGHEST GUST SPEED    14   HIGHEST GUST DIRECTION     E (70)
  AVERAGE WIND SPEED     2.4


SKY COVER
  POSSIBLE SUNSHINE  MM
  AVERAGE SKY COVER 0.6


WEATHER CONDITIONS
 THE FOLLOWING WEATHER WAS RECORDED YESTERDAY.
  LIGHT RAIN
  FOG


RELATIVE HUMIDITY (PERCENT)
 HIGHEST   100           300 AM
 LOWEST     57          1100 AM
 AVERAGE    79

..........................................................


THE MADISON WI CLIMATE NORMALS FOR TODAY
                         NORMAL    RECORD    YEAR
 MAXIMUM TEMPERATURE (F)   78        95      1953
 MINIMUM TEMPERATURE (F)   57        35      1968


SUNRISE AND SUNSET
AUGUST 27 2016........SUNRISE   617 AM CDT   SUNSET   740 PM CDT
AUGUST 28 2016........SUNRISE   618 AM CDT   SUNSET   738 PM CDT


-  INDICATES NEGATIVE NUMBERS.
R  INDICATES RECORD WAS SET OR TIED.
MM INDICATES DATA IS MISSING.
T  INDICATES TRACE AMOUNT.




$$
