000
CDUS43 KMKX 240648
CLIMSN


CLIMATE REPORT
NATIONAL WEATHER SERVICE IN MILWAUKEE
148 AM CDT TUE OCT 24 2017


...................................

...THE MADISON WI CLIMATE SUMMARY FOR OCTOBER 23 2017...

CLIMATE NORMAL PERIOD 1981 TO 2010
CLIMATE RECORD PERIOD 1871 TO 2017


WEATHER ITEM   OBSERVED TIME   RECORD YEAR NORMAL DEPARTURE LAST
                VALUE   (LST)  VALUE       VALUE  FROM      YEAR
                                                  NORMAL
..................................................................
TEMPERATURE (F)
 YESTERDAY
  MAXIMUM         57    401 PM  81    1963  56      1       71
  MINIMUM         41    703 AM  15    1969  37      4       37
  AVERAGE         49                        46      3       54

PRECIPITATION (IN)
  YESTERDAY        0.23          1.59 1959   0.08   0.15     0.00
  MONTH TO DATE    3.21                      1.76   1.45     2.54
  SINCE SEP 1      3.76                      4.89  -1.13    11.00
  SINCE JAN 1     36.52                     29.71   6.81    39.24

SNOWFALL (IN)
  YESTERDAY        0.0           2.5  1929   0.0    0.0      0.0
  MONTH TO DATE    0.0                       0.2   -0.2      0.0
  SINCE SEP 1      0.0                       0.2   -0.2      0.0
  SINCE JUL 1      0.0                       0.2   -0.2      0.0
  SNOW DEPTH       0

DEGREE DAYS
 HEATING
  YESTERDAY       16                        19     -3       11
  MONTH TO DATE  150                       344   -194      212
  SINCE SEP 1    263                       515   -252      254
  SINCE JUL 1    288                       552   -264      261

 COOLING
  YESTERDAY        0                         0      0        0
  MONTH TO DATE   10                         0     10        9
  SINCE SEP 1    120                        51     69       85
  SINCE JAN 1    580                       564     16      780
..................................................................


WIND (MPH)
  HIGHEST WIND SPEED    14   HIGHEST WIND DIRECTION    NW (300)
  HIGHEST GUST SPEED    24   HIGHEST GUST DIRECTION     W (290)
  AVERAGE WIND SPEED     3.8


SKY COVER
  POSSIBLE SUNSHINE  MM
  AVERAGE SKY COVER 0.8


WEATHER CONDITIONS
 THE FOLLOWING WEATHER WAS RECORDED YESTERDAY.
  RAIN
  LIGHT RAIN
  FOG


RELATIVE HUMIDITY (PERCENT)
 HIGHEST   100          1200 AM
 LOWEST     57           300 PM
 AVERAGE    79

..........................................................


THE MADISON WI CLIMATE NORMALS FOR TODAY
                         NORMAL    RECORD    YEAR
 MAXIMUM TEMPERATURE (F)   56        79      1963
 MINIMUM TEMPERATURE (F)   37        18      1981


SUNRISE AND SUNSET
OCTOBER 24 2017.......SUNRISE   722 AM CDT   SUNSET   600 PM CDT
OCTOBER 25 2017.......SUNRISE   724 AM CDT   SUNSET   559 PM CDT


-  INDICATES NEGATIVE NUMBERS.
R  INDICATES RECORD WAS SET OR TIED.
MM INDICATES DATA IS MISSING.
T  INDICATES TRACE AMOUNT.




$$
