000
CDUS43 KMKX 220649
CLIMSN


CLIMATE REPORT
NATIONAL WEATHER SERVICE IN MILWAUKEE
149 AM CDT TUE AUG 22 2017


...................................

...THE MADISON WI CLIMATE SUMMARY FOR AUGUST 21 2017...

CLIMATE NORMAL PERIOD 1981 TO 2010
CLIMATE RECORD PERIOD 1871 TO 2017


WEATHER ITEM   OBSERVED TIME   RECORD YEAR NORMAL DEPARTURE LAST
                VALUE   (LST)  VALUE       VALUE  FROM      YEAR
                                                  NORMAL
..................................................................
TEMPERATURE (F)
 YESTERDAY
  MAXIMUM         81    348 PM 101    1955  79      2       72
  MINIMUM         62    440 AM  43    1970  59      3       54
                                      1969
  AVERAGE         72                        69      3       63

PRECIPITATION (IN)
  YESTERDAY        T             1.85 1966   0.13  -0.13     0.00
  MONTH TO DATE    3.34                      2.96   0.38     6.28
  SINCE JUN 1     16.59                     11.68   4.91    16.86
  SINCE JAN 1     32.25                     23.51   8.74    26.65

SNOWFALL (IN)
  YESTERDAY        0.0           0.0    MM   0.0    0.0      0.0
  MONTH TO DATE    0.0                       0.0    0.0      0.0
  SINCE JUN 1      0.0                       0.0    0.0      0.0
  SINCE JUL 1      0.0                       0.0    0.0      0.0
  SNOW DEPTH       0

DEGREE DAYS
 HEATING
  YESTERDAY        0                         1     -1        2
  MONTH TO DATE    6                        18    -12        2
  SINCE JUN 1     36                        88    -52       20
  SINCE JUL 1      6                        28    -22        6

 COOLING
  YESTERDAY        7                         5      2        0
  MONTH TO DATE   75                       117    -42      181
  SINCE JUN 1    434                       443     -9      585
  SINCE JAN 1    449                       473    -24      637
..................................................................


WIND (MPH)
  HIGHEST WIND SPEED    15   HIGHEST WIND DIRECTION     S (190)
  HIGHEST GUST SPEED    22   HIGHEST GUST DIRECTION    SW (230)
  AVERAGE WIND SPEED     5.0


SKY COVER
  POSSIBLE SUNSHINE  MM
  AVERAGE SKY COVER 0.6


WEATHER CONDITIONS
 THE FOLLOWING WEATHER WAS RECORDED YESTERDAY.
  FOG


RELATIVE HUMIDITY (PERCENT)
 HIGHEST   100          1200 AM
 LOWEST     58           400 PM
 AVERAGE    79

..........................................................


THE MADISON WI CLIMATE NORMALS FOR TODAY
                         NORMAL    RECORD    YEAR
 MAXIMUM TEMPERATURE (F)   79        94      1976
                                             1936
 MINIMUM TEMPERATURE (F)   58        44      1967


SUNRISE AND SUNSET
AUGUST 22 2017........SUNRISE   611 AM CDT   SUNSET   749 PM CDT
AUGUST 23 2017........SUNRISE   612 AM CDT   SUNSET   747 PM CDT


-  INDICATES NEGATIVE NUMBERS.
R  INDICATES RECORD WAS SET OR TIED.
MM INDICATES DATA IS MISSING.
T  INDICATES TRACE AMOUNT.




$$
