000
CDUS43 KMKX 010700
CLIMSN


CLIMATE REPORT
NATIONAL WEATHER SERVICE IN MILWAUKEE
1259 AM CST SUN FEB 1 2015


...................................

...THE MADISON WI CLIMATE SUMMARY FOR JANUARY 31 2015...

CLIMATE NORMAL PERIOD 1981 TO 2010
CLIMATE RECORD PERIOD 1871 TO 2015


WEATHER ITEM   OBSERVED TIME   RECORD YEAR NORMAL DEPARTURE LAST
                VALUE   (LST)  VALUE       VALUE  FROM      YEAR
                                                  NORMAL
..................................................................
TEMPERATURE (F)
 YESTERDAY
  MAXIMUM         35    140 PM  56    1989  27      8       15
  MINIMUM         22    801 AM -22    1985  12     10        2
  AVERAGE         29                        20      9        9

PRECIPITATION (IN)
  YESTERDAY        0.13          0.60 1871   0.04   0.09     0.00
  MONTH TO DATE    0.66                      1.23  -0.57     0.65
  SINCE DEC 1      1.69                      2.97  -1.28     2.27
  SINCE JAN 1      0.66                      1.23  -0.57     0.65

SNOWFALL (IN)
  YESTERDAY        1.3           5.4  1965   0.4    0.9      0.0
  MONTH TO DATE   10.2                      12.9   -2.7     12.4
  SINCE DEC 1     10.3                      26.4  -16.1     34.5
  SINCE JUL 1     18.8                      30.5  -11.7     38.0
  SNOW DEPTH       T

DEGREE DAYS
 HEATING
  YESTERDAY       36                        46    -10       56
  MONTH TO DATE 1392                      1435    -43     1657
  SINCE DEC 1   2520                      2734   -214     3123
  SINCE JUL 1   4204                      4313   -109     4642

 COOLING
  YESTERDAY        0                         0      0        0
  MONTH TO DATE    0                         0      0        0
  SINCE DEC 1      0                         0      0        0
  SINCE JAN 1      0                         0      0        0
..................................................................


WIND (MPH)
  HIGHEST WIND SPEED    16   HIGHEST WIND DIRECTION    NE (50)
  HIGHEST GUST SPEED    20   HIGHEST GUST DIRECTION    SW (210)
  AVERAGE WIND SPEED     6.3


SKY COVER
  POSSIBLE SUNSHINE  MM
  AVERAGE SKY COVER 0.9


WEATHER CONDITIONS
 THE FOLLOWING WEATHER WAS RECORDED YESTERDAY.
  LIGHT SNOW
  FOG


RELATIVE HUMIDITY (PERCENT)
 HIGHEST    84           900 PM
 LOWEST     56          1200 PM
 AVERAGE    70

..........................................................


THE MADISON WI CLIMATE NORMALS FOR TODAY
                         NORMAL    RECORD    YEAR
 MAXIMUM TEMPERATURE (F)   28        47      1968
 MINIMUM TEMPERATURE (F)   12       -28      1985


SUNRISE AND SUNSET
FEBRUARY  1 2015......SUNRISE   713 AM CST   SUNSET   509 PM CST
FEBRUARY  2 2015......SUNRISE   712 AM CST   SUNSET   511 PM CST


-  INDICATES NEGATIVE NUMBERS.
R  INDICATES RECORD WAS SET OR TIED.
MM INDICATES DATA IS MISSING.
T  INDICATES TRACE AMOUNT.




$$
