981
CDUS43 KMKX 040654
CLIMSN


CLIMATE REPORT
NATIONAL WEATHER SERVICE IN MILWAUKEE
1250 AM CST SUN DEC 4 2016


...................................

...THE MADISON WI CLIMATE SUMMARY FOR DECEMBER 3 2016...

CLIMATE NORMAL PERIOD 1981 TO 2010
CLIMATE RECORD PERIOD 1871 TO 2016


WEATHER ITEM   OBSERVED TIME   RECORD YEAR NORMAL DEPARTURE LAST
                VALUE   (LST)  VALUE       VALUE  FROM      YEAR
                                                  NORMAL
..................................................................
TEMPERATURE (F)
 YESTERDAY
  MAXIMUM         33    434 PM  65    2012  35     -2       38
  MINIMUM         29   1005 PM -12    1940  20      9       33
  AVERAGE         31                        27      4       36

PRECIPITATION (IN)
  YESTERDAY        T             2.19 1990   0.07  -0.07     0.00
  MONTH TO DATE    T                         0.22  -0.22     0.16
  SINCE DEC 1      T                         0.22  -0.22     0.16
  SINCE JAN 1     43.53                     32.96  10.57    36.42

SNOWFALL (IN)
  YESTERDAY        T            17.3  1990   0.4   -0.4      0.0
  MONTH TO DATE    T                         1.2   -1.2      1.0
  SINCE DEC 1      T                         1.2   -1.2      1.0
  SINCE JUL 1      T                         5.3   -5.3      5.1
  SNOW DEPTH       0

DEGREE DAYS
 HEATING
  YESTERDAY       34                        38     -4       29
  MONTH TO DATE   93                       112    -19       92
  SINCE DEC 1     93                       112    -19       92
  SINCE JUL 1   1115                      1691   -576     1283

 COOLING
  YESTERDAY        0                         0      0        0
  MONTH TO DATE    0                         0      0        0
  SINCE DEC 1      0                         0      0        0
  SINCE JAN 1    780                       568    212      666
..................................................................


WIND (MPH)
  HIGHEST WIND SPEED    10   HIGHEST WIND DIRECTION    NW (320)
  HIGHEST GUST SPEED    14   HIGHEST GUST DIRECTION    NW (310)
  AVERAGE WIND SPEED     3.5


SKY COVER
  POSSIBLE SUNSHINE  MM
  AVERAGE SKY COVER 0.9


WEATHER CONDITIONS
 THE FOLLOWING WEATHER WAS RECORDED YESTERDAY.
  LIGHT SNOW


RELATIVE HUMIDITY (PERCENT)
 HIGHEST    78           900 PM
 LOWEST     64           400 PM
 AVERAGE    71

..........................................................


THE MADISON WI CLIMATE NORMALS FOR TODAY
                         NORMAL    RECORD    YEAR
 MAXIMUM TEMPERATURE (F)   34        60      2001
 MINIMUM TEMPERATURE (F)   20       -15      1886


SUNRISE AND SUNSET
DECEMBER  4 2016......SUNRISE   713 AM CST   SUNSET   422 PM CST
DECEMBER  5 2016......SUNRISE   714 AM CST   SUNSET   422 PM CST


-  INDICATES NEGATIVE NUMBERS.
R  INDICATES RECORD WAS SET OR TIED.
MM INDICATES DATA IS MISSING.
T  INDICATES TRACE AMOUNT.




$$
