000
CDUS43 KMKX 240644
CLIMSN


CLIMATE REPORT
NATIONAL WEATHER SERVICE IN MILWAUKEE
1244 AM CST FRI FEB 24 2017


...................................

...THE MADISON WI CLIMATE SUMMARY FOR FEBRUARY 23 2017...

CLIMATE NORMAL PERIOD 1981 TO 2010
CLIMATE RECORD PERIOD 1871 TO 2017


WEATHER ITEM   OBSERVED TIME   RECORD YEAR NORMAL DEPARTURE LAST
                VALUE   (LST)  VALUE       VALUE  FROM      YEAR
                                                  NORMAL
..................................................................
TEMPERATURE (F)
 YESTERDAY
  MAXIMUM         49    116 AM  58    1984  34     15       42
  MINIMUM         32   1021 PM -20    1889  18     14       29
                                      1873
  AVERAGE         41                        26     15       36

PRECIPITATION (IN)
  YESTERDAY        0.26          1.15 1977   0.06   0.20     0.00
  MONTH TO DATE    0.97                      1.15  -0.18     0.50
  SINCE DEC 1      5.76                      4.12   1.64     4.81
  SINCE JAN 1      3.73                      2.38   1.35     1.48

SNOWFALL (IN)
  YESTERDAY        0.3          11.6  1994   0.4   -0.1      0.0
  MONTH TO DATE    0.3                       8.9   -8.6      6.0
  SINCE DEC 1     34.1                      35.3   -1.2     20.3
  SINCE JUL 1     34.1                      39.4   -5.3     24.4
  SNOW DEPTH       0

DEGREE DAYS
 HEATING
  YESTERDAY       24                        39    -15       29
  MONTH TO DATE  743                       981   -238      929
  SINCE DEC 1   3325                      3715   -390     3240
  SINCE JUL 1   4347                      5294   -947     4431

 COOLING
  YESTERDAY        0                         0      0        0
  MONTH TO DATE    0                         0      0        0
  SINCE DEC 1      0                         0      0        0
  SINCE JAN 1      0                         0      0        0
..................................................................


WIND (MPH)
  HIGHEST WIND SPEED    26   HIGHEST WIND DIRECTION    NE (50)
  HIGHEST GUST SPEED    34   HIGHEST GUST DIRECTION    NE (50)
  AVERAGE WIND SPEED    12.1


SKY COVER
  POSSIBLE SUNSHINE  MM
  AVERAGE SKY COVER 0.8


WEATHER CONDITIONS
 THE FOLLOWING WEATHER WAS RECORDED YESTERDAY.
  RAIN
  LIGHT RAIN
  SNOW
  LIGHT SNOW
  SLEET
  FOG


RELATIVE HUMIDITY (PERCENT)
 HIGHEST    92           700 PM
 LOWEST     65           300 PM
 AVERAGE    79

..........................................................


THE MADISON WI CLIMATE NORMALS FOR TODAY
                         NORMAL    RECORD    YEAR
 MAXIMUM TEMPERATURE (F)   34        62      2002
 MINIMUM TEMPERATURE (F)   18       -13      1889


SUNRISE AND SUNSET
FEBRUARY 24 2017......SUNRISE   641 AM CST   SUNSET   541 PM CST
FEBRUARY 25 2017......SUNRISE   639 AM CST   SUNSET   542 PM CST


-  INDICATES NEGATIVE NUMBERS.
R  INDICATES RECORD WAS SET OR TIED.
MM INDICATES DATA IS MISSING.
T  INDICATES TRACE AMOUNT.




$$
