000
CDUS43 KMKX 310700
CLIMSN


CLIMATE REPORT
NATIONAL WEATHER SERVICE IN MILWAUKEE
100 AM CST SAT JAN 31 2015


...................................

...THE MADISON WI CLIMATE SUMMARY FOR JANUARY 30 2015...

CLIMATE NORMAL PERIOD 1981 TO 2010
CLIMATE RECORD PERIOD 1871 TO 2015


WEATHER ITEM   OBSERVED TIME   RECORD YEAR NORMAL DEPARTURE LAST
                VALUE   (LST)  VALUE       VALUE  FROM      YEAR
                                                  NORMAL
..................................................................
TEMPERATURE (F)
 YESTERDAY
  MAXIMUM         25    443 PM  47    1974  27     -2       31
  MINIMUM         11    722 AM -37    1951  12     -1       15
  AVERAGE         18                        19     -1       23

PRECIPITATION (IN)
  YESTERDAY        0.00          0.65 1947   0.04  -0.04     0.07
  MONTH TO DATE    0.53                      1.19  -0.66     0.65
  SINCE DEC 1      1.56                      2.93  -1.37     2.27
  SINCE JAN 1      0.53                      1.19  -0.66     0.65

SNOWFALL (IN)
  YESTERDAY        0.0           5.8  2013   0.5   -0.5      1.1
  MONTH TO DATE    8.9                      12.5   -3.6     12.4
  SINCE DEC 1      9.0                      26.0  -17.0     34.5
  SINCE JUL 1     17.5                      30.1  -12.6     38.0
  SNOW DEPTH       0

DEGREE DAYS
 HEATING
  YESTERDAY       47                        46      1       42
  MONTH TO DATE 1356                      1389    -33     1601
  SINCE DEC 1   2484                      2689   -205     3067
  SINCE JUL 1   4168                      4268   -100     4586

 COOLING
  YESTERDAY        0                         0      0        0
  MONTH TO DATE    0                         0      0        0
  SINCE DEC 1      0                         0      0        0
  SINCE JAN 1      0                         0      0        0
..................................................................


WIND (MPH)
  HIGHEST WIND SPEED    16   HIGHEST WIND DIRECTION     N (340)
  HIGHEST GUST SPEED    22   HIGHEST GUST DIRECTION     N (350)
  AVERAGE WIND SPEED     4.5


SKY COVER
  POSSIBLE SUNSHINE  MM
  AVERAGE SKY COVER 0.4


WEATHER CONDITIONS
 THE FOLLOWING WEATHER WAS RECORDED YESTERDAY.
  NO SIGNIFICANT WEATHER WAS OBSERVED.


RELATIVE HUMIDITY (PERCENT)
 HIGHEST    76           700 AM
 LOWEST     46           400 PM
 AVERAGE    61

..........................................................


THE MADISON WI CLIMATE NORMALS FOR TODAY
                         NORMAL    RECORD    YEAR
 MAXIMUM TEMPERATURE (F)   27        56      1989
 MINIMUM TEMPERATURE (F)   12       -22      1985


SUNRISE AND SUNSET
JANUARY 31 2015.......SUNRISE   714 AM CST   SUNSET   508 PM CST
FEBRUARY  1 2015......SUNRISE   713 AM CST   SUNSET   509 PM CST


-  INDICATES NEGATIVE NUMBERS.
R  INDICATES RECORD WAS SET OR TIED.
MM INDICATES DATA IS MISSING.
T  INDICATES TRACE AMOUNT.




$$
