428
CDUS43 KMKX 160654
CLIMSN


CLIMATE REPORT
NATIONAL WEATHER SERVICE IN MILWAUKEE
1253 AM CST TUE JAN 16 2018


...................................

...THE MADISON WI CLIMATE SUMMARY FOR JANUARY 15 2018...

CLIMATE NORMAL PERIOD 1981 TO 2010
CLIMATE RECORD PERIOD 1871 TO 2018


WEATHER ITEM   OBSERVED TIME   RECORD YEAR NORMAL DEPARTURE LAST
                VALUE   (LST)  VALUE       VALUE  FROM      YEAR
                                                  NORMAL
..................................................................
TEMPERATURE (F)
 YESTERDAY
  MAXIMUM         22   1140 AM  54    1953  26     -4       33
  MINIMUM         13   1159 PM -30    1963  11      2        6
  AVERAGE         18                        18      0       20

PRECIPITATION (IN)
  YESTERDAY        0.12          1.00 1906   0.04   0.08     0.00
  MONTH TO DATE    0.39                      0.61  -0.22     0.75
  SINCE DEC 1      1.12                      2.35  -1.23     2.78
  SINCE JAN 1      0.39                      0.61  -0.22     0.75

SNOWFALL (IN)
  YESTERDAY        4.5 R         3.8  1943   0.4    4.1      0.0
  MONTH TO DATE    7.6                       6.2    1.4      2.1
  SINCE DEC 1     11.3                      19.7   -8.4     24.8
  SINCE JUL 1     11.6                      23.8  -12.2     24.8
  SNOW DEPTH       2

DEGREE DAYS
 HEATING
  YESTERDAY       47                        47      0       45
  MONTH TO DATE  776                       694     82      731
  SINCE DEC 1   2099                      1994    105     2040
  SINCE JUL 1   3458                      3573   -115     3062

 COOLING
  YESTERDAY        0                         0      0        0
  MONTH TO DATE    0                         0      0        0
  SINCE DEC 1      0                         0      0        0
  SINCE JAN 1      0                         0      0        0
..................................................................


WIND (MPH)
  HIGHEST WIND SPEED    18   HIGHEST WIND DIRECTION     S (160)
  HIGHEST GUST SPEED    25   HIGHEST GUST DIRECTION     S (160)
  AVERAGE WIND SPEED     6.9


SKY COVER
  POSSIBLE SUNSHINE  MM
  AVERAGE SKY COVER 1.0


WEATHER CONDITIONS
 THE FOLLOWING WEATHER WAS RECORDED YESTERDAY.
  SNOW
  LIGHT SNOW
  FOG
  FOG W/VISIBILITY <= 1/4 MILE
  HAZE


RELATIVE HUMIDITY (PERCENT)
 HIGHEST    92           800 AM
 LOWEST     77          1200 PM
 AVERAGE    85

..........................................................


THE MADISON WI CLIMATE NORMALS FOR TODAY
                         NORMAL    RECORD    YEAR
 MAXIMUM TEMPERATURE (F)   26        52      1933
 MINIMUM TEMPERATURE (F)   11       -28      1979


SUNRISE AND SUNSET
JANUARY 16 2018.......SUNRISE   726 AM CST   SUNSET   449 PM CST
JANUARY 17 2018.......SUNRISE   725 AM CST   SUNSET   450 PM CST


-  INDICATES NEGATIVE NUMBERS.
R  INDICATES RECORD WAS SET OR TIED.
MM INDICATES DATA IS MISSING.
T  INDICATES TRACE AMOUNT.




$$
