000
CDUS43 KMKX 230648
CLIMSN


CLIMATE REPORT
NATIONAL WEATHER SERVICE IN MILWAUKEE
147 AM CDT MON MAY 23 2016


...................................

...THE MADISON WI CLIMATE SUMMARY FOR MAY 22 2016...

CLIMATE NORMAL PERIOD 1981 TO 2010
CLIMATE RECORD PERIOD 1871 TO 2016


WEATHER ITEM   OBSERVED TIME   RECORD YEAR NORMAL DEPARTURE LAST
                VALUE   (LST)  VALUE       VALUE  FROM      YEAR
                                                  NORMAL
..................................................................
TEMPERATURE (F)
 YESTERDAY
  MAXIMUM         83    344 PM  92    1975  70     13       73
  MINIMUM         47    450 AM  27    1967  48     -1       40
  AVERAGE         65                        59      6       57

PRECIPITATION (IN)
  YESTERDAY        0.00          1.60 1907   0.12  -0.12     0.00
  MONTH TO DATE    1.49                      2.43  -0.94     2.65
  SINCE MAR 1      7.56                      8.03  -0.47     7.79
  SINCE JAN 1      9.06                     10.71  -1.65     8.99

SNOWFALL (IN)
  YESTERDAY        0.0           T    1963   0.0    0.0      0.0
                                      1917
  MONTH TO DATE    0.0                       0.2   -0.2      0.0
  SINCE MAR 1      8.2                       9.8   -1.6      4.2
  SINCE JUL 1     32.7                      50.9  -18.2     33.7
  SNOW DEPTH       0

DEGREE DAYS
 HEATING
  YESTERDAY        0                         7     -7        8
  MONTH TO DATE  246                       214     32      157
  SINCE MAR 1   1584                      1735   -151     1586
  SINCE JUL 1   6184                      7221  -1037     7297

 COOLING
  YESTERDAY        0                         1     -1        0
  MONTH TO DATE    0                        12    -12       26
  SINCE MAR 1      0                        16    -16       26
  SINCE JAN 1      0                        16    -16       26
..................................................................


WIND (MPH)
  HIGHEST WIND SPEED    13   HIGHEST WIND DIRECTION    SE (140)
  HIGHEST GUST SPEED    17   HIGHEST GUST DIRECTION    NE (40)
  AVERAGE WIND SPEED     3.1


SKY COVER
  POSSIBLE SUNSHINE  MM
  AVERAGE SKY COVER 0.3


WEATHER CONDITIONS
 THE FOLLOWING WEATHER WAS RECORDED YESTERDAY.
  HAZE


RELATIVE HUMIDITY (PERCENT)
 HIGHEST    80           300 AM
 LOWEST     26           500 PM
 AVERAGE    53

..........................................................


THE MADISON WI CLIMATE NORMALS FOR TODAY
                         NORMAL    RECORD    YEAR
 MAXIMUM TEMPERATURE (F)   71        91      1975
 MINIMUM TEMPERATURE (F)   48        28      1958


SUNRISE AND SUNSET
MAY 23 2016...........SUNRISE   526 AM CDT   SUNSET   823 PM CDT
MAY 24 2016...........SUNRISE   525 AM CDT   SUNSET   824 PM CDT


-  INDICATES NEGATIVE NUMBERS.
R  INDICATES RECORD WAS SET OR TIED.
MM INDICATES DATA IS MISSING.
T  INDICATES TRACE AMOUNT.




$$
