000
CDUS43 KMKX 260043
CLIMSN


CLIMATE REPORT
NATIONAL WEATHER SERVICE IN MILWAUKEE
643 PM CST WED FEB 25 2015


...................................

...THE MADISON WI CLIMATE SUMMARY FOR FEBRUARY 25 2015...
VALID TODAY AS OF 0600 PM LOCAL TIME.

CLIMATE NORMAL PERIOD 1981 TO 2010
CLIMATE RECORD PERIOD 1871 TO 2015


WEATHER ITEM   OBSERVED TIME   RECORD YEAR NORMAL DEPARTURE LAST
                VALUE   (LST)  VALUE       VALUE  FROM      YEAR
                                                  NORMAL
..................................................................
TEMPERATURE (F)
 TODAY
  MAXIMUM         18   1203 AM  64    2000  35    -17       15
  MINIMUM          4    502 AM -15    1967  18    -14        1
  AVERAGE         11                        26    -15        8

PRECIPITATION (IN)
  TODAY            0.05          1.03 1929   0.06  -0.01      T
  MONTH TO DATE    0.53                      1.27  -0.74     1.16
  SINCE DEC 1      2.22                      4.24  -2.02     3.43
  SINCE JAN 1      1.19                      2.50  -1.31     1.81

SNOWFALL (IN)
  TODAY            1.1           7.4  1935   0.3    0.8       T
  MONTH TO DATE   10.4                       9.6    0.8     11.0
  SINCE DEC 1     20.7                      36.0  -15.3     45.5
  SINCE JUL 1     29.2                      40.1  -10.9     49.0
  SNOW DEPTH       6

DEGREE DAYS
 HEATING
  TODAY           54                        39     15       57
  MONTH TO DATE 1329                      1059    270     1289
  SINCE DEC 1   3849                      3793     56     4412
  SINCE JUL 1   5533                      5372    161     5931

 COOLING
  TODAY            0                         0      0        0
  MONTH TO DATE    0                         0      0        0
  SINCE DEC 1      0                         0      0        0
  SINCE JAN 1      0                         0      0        0
..................................................................


WIND (MPH)
  HIGHEST WIND SPEED    17   HIGHEST WIND DIRECTION     N (20)
  HIGHEST GUST SPEED    19   HIGHEST GUST DIRECTION     N (20)
  AVERAGE WIND SPEED     4.3


SKY COVER
  POSSIBLE SUNSHINE  MM
  AVERAGE SKY COVER 0.6


WEATHER CONDITIONS
 THE FOLLOWING WEATHER WAS RECORDED TODAY.
  LIGHT SNOW
  HAZE


RELATIVE HUMIDITY (PERCENT)
 HIGHEST    80           400 PM
 LOWEST     42          1200 PM
 AVERAGE    61

..........................................................


THE MADISON WI CLIMATE NORMALS FOR TOMORROW
                         NORMAL    RECORD    YEAR
 MAXIMUM TEMPERATURE (F)   35        61      2000
 MINIMUM TEMPERATURE (F)   19        -9      1994


SUNRISE AND SUNSET
FEBRUARY 25 2015......SUNRISE   640 AM CST   SUNSET   541 PM CST
FEBRUARY 26 2015......SUNRISE   639 AM CST   SUNSET   542 PM CST


-  INDICATES NEGATIVE NUMBERS.
R  INDICATES RECORD WAS SET OR TIED.
MM INDICATES DATA IS MISSING.
T  INDICATES TRACE AMOUNT.




$$
