000
CDUS43 KMKX 290042
CLIMSN


CLIMATE REPORT
NATIONAL WEATHER SERVICE IN MILWAUKEE
742 PM CDT TUE JUL 28 2015


...................................

...THE MADISON WI CLIMATE SUMMARY FOR JULY 28 2015...
VALID TODAY AS OF 0700 PM LOCAL TIME.

CLIMATE NORMAL PERIOD 1981 TO 2010
CLIMATE RECORD PERIOD 1871 TO 2015


WEATHER ITEM   OBSERVED TIME   RECORD YEAR NORMAL DEPARTURE LAST
                VALUE   (LST)  VALUE       VALUE  FROM      YEAR
                                                  NORMAL
..................................................................
TEMPERATURE (F)
 TODAY
  MAXIMUM         86    325 PM  98    1916  81      5       76
  MINIMUM         67    236 AM  47    1980  61      6       55
                                      1972
                                      1965
  AVERAGE         77                        71      6       66

PRECIPITATION (IN)
  TODAY            0.00          1.02 1952   0.12  -0.12     0.00
  MONTH TO DATE    3.60                      3.80  -0.20     1.08
  SINCE JUN 1      6.75                      8.34  -1.59    10.63
  SINCE JAN 1     17.27                     20.17  -2.90    22.38

SNOWFALL (IN)
  TODAY            0.0           0.0    MM   0.0    0.0      0.0
  MONTH TO DATE    0.0                       0.0    0.0      0.0
  SINCE JUN 1      0.0                       0.0    0.0      0.0
  SINCE JUL 1      0.0                       0.0    0.0      0.0
  SNOW DEPTH       0

DEGREE DAYS
 HEATING
  TODAY            0                         0      0        0
  MONTH TO DATE   16                         0     16       13
  SINCE JUN 1     53                        60     -7       22
  SINCE JUL 1     16                         0     16       13

 COOLING
  TODAY           12                         6      6        1
  MONTH TO DATE  168                       190    -22      127
  SINCE JUN 1    279                       310    -31      309
  SINCE JAN 1    329                       340    -11      360
..................................................................


WIND (MPH)
  HIGHEST WIND SPEED    22   HIGHEST WIND DIRECTION     S (170)
  HIGHEST GUST SPEED    26   HIGHEST GUST DIRECTION     S (170)
  AVERAGE WIND SPEED     9.1


SKY COVER
  POSSIBLE SUNSHINE  MM
  AVERAGE SKY COVER 0.5


WEATHER CONDITIONS
 THE FOLLOWING WEATHER WAS RECORDED TODAY.
  NO SIGNIFICANT WEATHER WAS OBSERVED.


RELATIVE HUMIDITY (PERCENT)
 HIGHEST    81           300 AM
 LOWEST     58           900 AM
 AVERAGE    70

..........................................................


THE MADISON WI CLIMATE NORMALS FOR TOMORROW
                         NORMAL    RECORD    YEAR
 MAXIMUM TEMPERATURE (F)   81       101      1916
 MINIMUM TEMPERATURE (F)   61        43      1965


SUNRISE AND SUNSET
JULY 28 2015..........SUNRISE   543 AM CDT   SUNSET   824 PM CDT
JULY 29 2015..........SUNRISE   544 AM CDT   SUNSET   823 PM CDT


-  INDICATES NEGATIVE NUMBERS.
R  INDICATES RECORD WAS SET OR TIED.
MM INDICATES DATA IS MISSING.
T  INDICATES TRACE AMOUNT.




$$
