000
CDUS43 KMKX 170657
CLIMSN


CLIMATE REPORT
NATIONAL WEATHER SERVICE IN MILWAUKEE
157 AM CDT TUE OCT 17 2017


...................................

...THE MADISON WI CLIMATE SUMMARY FOR OCTOBER 16 2017...

CLIMATE NORMAL PERIOD 1981 TO 2010
CLIMATE RECORD PERIOD 1871 TO 2017


WEATHER ITEM   OBSERVED TIME   RECORD YEAR NORMAL DEPARTURE LAST
                VALUE   (LST)  VALUE       VALUE  FROM      YEAR
                                                  NORMAL
..................................................................
TEMPERATURE (F)
 YESTERDAY
  MAXIMUM         60    416 PM  81    1938  59      1       71
                                      1879
  MINIMUM         37    640 AM  19    1891  39     -2       61
  AVERAGE         49                        49      0       66

PRECIPITATION (IN)
  YESTERDAY        0.00          0.99 1914   0.07  -0.07     0.15
  MONTH TO DATE    2.77                      1.22   1.55     2.54
  SINCE SEP 1      3.32                      4.35  -1.03    11.00
  SINCE JAN 1     36.08                     29.17   6.91    39.24

SNOWFALL (IN)
  YESTERDAY        0.0           0.6  1952   0.0    0.0      0.0
  MONTH TO DATE    0.0                       0.1   -0.1      0.0
  SINCE SEP 1      0.0                       0.1   -0.1      0.0
  SINCE JUL 1      0.0                       0.1   -0.1      0.0
  SNOW DEPTH       0

DEGREE DAYS
 HEATING
  YESTERDAY       16                        16      0        0
  MONTH TO DATE  105                       220   -115      133
  SINCE SEP 1    218                       391   -173      175
  SINCE JUL 1    243                       428   -185      182

 COOLING
  YESTERDAY        0                         0      0        1
  MONTH TO DATE    8                         0      8        2
  SINCE SEP 1    118                        51     67       78
  SINCE JAN 1    578                       564     14      773
..................................................................


WIND (MPH)
  HIGHEST WIND SPEED    13   HIGHEST WIND DIRECTION    SW (230)
  HIGHEST GUST SPEED    17   HIGHEST GUST DIRECTION    SW (220)
  AVERAGE WIND SPEED     3.5


SKY COVER
  POSSIBLE SUNSHINE  MM
  AVERAGE SKY COVER 0.2


WEATHER CONDITIONS
 THE FOLLOWING WEATHER WAS RECORDED YESTERDAY.
  FOG


RELATIVE HUMIDITY (PERCENT)
 HIGHEST   100           600 AM
 LOWEST     39           300 PM
 AVERAGE    70

..........................................................


THE MADISON WI CLIMATE NORMALS FOR TODAY
                         NORMAL    RECORD    YEAR
 MAXIMUM TEMPERATURE (F)   59        81      1956
                                             1953
                                             1910
 MINIMUM TEMPERATURE (F)   38        19      1948


SUNRISE AND SUNSET
OCTOBER 17 2017.......SUNRISE   714 AM CDT   SUNSET   611 PM CDT
OCTOBER 18 2017.......SUNRISE   715 AM CDT   SUNSET   609 PM CDT


-  INDICATES NEGATIVE NUMBERS.
R  INDICATES RECORD WAS SET OR TIED.
MM INDICATES DATA IS MISSING.
T  INDICATES TRACE AMOUNT.




$$
