993
CDUS43 KMKX 180650
CLIMSN


CLIMATE REPORT
NATIONAL WEATHER SERVICE IN MILWAUKEE
1250 AM CST WED JAN 18 2017


...................................

...THE MADISON WI CLIMATE SUMMARY FOR JANUARY 17 2017...

CLIMATE NORMAL PERIOD 1981 TO 2010
CLIMATE RECORD PERIOD 1871 TO 2017


WEATHER ITEM   OBSERVED TIME   RECORD YEAR NORMAL DEPARTURE LAST
                VALUE   (LST)  VALUE       VALUE  FROM      YEAR
                                                  NORMAL
..................................................................
TEMPERATURE (F)
 YESTERDAY
  MAXIMUM         35    135 PM  54    1894  26      9        1
  MINIMUM         33   1159 PM -26    1982  11     22       -8
  AVERAGE         34                        18     16       -3

PRECIPITATION (IN)
  YESTERDAY        0.06          0.50 1877   0.04   0.02     0.00
  MONTH TO DATE    1.42                      0.69   0.73     0.56
  SINCE DEC 1      3.45                      2.43   1.02     3.89
  SINCE JAN 1      1.42                      0.69   0.73     0.56

SNOWFALL (IN)
  YESTERDAY        0.0           5.0  1953   0.4   -0.4      0.0
  MONTH TO DATE    2.1                       7.1   -5.0      2.1
  SINCE DEC 1     24.8                      20.6    4.2      9.5
  SINCE JUL 1     24.8                      24.7    0.1     13.6
  SNOW DEPTH       1

DEGREE DAYS
 HEATING
  YESTERDAY       31                        47    -16       68
  MONTH TO DATE  800                       788     12      788
  SINCE DEC 1   2109                      2088     21     1709
  SINCE JUL 1   3131                      3667   -536     2900

 COOLING
  YESTERDAY        0                         0      0        0
  MONTH TO DATE    0                         0      0        0
  SINCE DEC 1      0                         0      0        0
  SINCE JAN 1      0                         0      0        0
..................................................................


WIND (MPH)
  HIGHEST WIND SPEED     9   HIGHEST WIND DIRECTION     N (360)
  HIGHEST GUST SPEED    20   HIGHEST GUST DIRECTION    SW (220)
  AVERAGE WIND SPEED     4.8


SKY COVER
  POSSIBLE SUNSHINE  MM
  AVERAGE SKY COVER 1.0


WEATHER CONDITIONS
 THE FOLLOWING WEATHER WAS RECORDED YESTERDAY.
  LIGHT RAIN
  FOG


RELATIVE HUMIDITY (PERCENT)
 HIGHEST   100           100 AM
 LOWEST     96           800 PM
 AVERAGE    98

..........................................................


THE MADISON WI CLIMATE NORMALS FOR TODAY
                         NORMAL    RECORD    YEAR
 MAXIMUM TEMPERATURE (F)   26        54      1996
 MINIMUM TEMPERATURE (F)   11       -27      1994


SUNRISE AND SUNSET
JANUARY 18 2017.......SUNRISE   724 AM CST   SUNSET   452 PM CST
JANUARY 19 2017.......SUNRISE   724 AM CST   SUNSET   453 PM CST


-  INDICATES NEGATIVE NUMBERS.
R  INDICATES RECORD WAS SET OR TIED.
MM INDICATES DATA IS MISSING.
T  INDICATES TRACE AMOUNT.




$$
