150
CDUS43 KMKX 270650
CLIMSN


CLIMATE REPORT
NATIONAL WEATHER SERVICE IN MILWAUKEE
149 AM CDT WED APR 27 2016


...................................

...THE MADISON WI CLIMATE SUMMARY FOR APRIL 26 2016...

CLIMATE NORMAL PERIOD 1981 TO 2010
CLIMATE RECORD PERIOD 1871 TO 2016


WEATHER ITEM   OBSERVED TIME   RECORD YEAR NORMAL DEPARTURE LAST
                VALUE   (LST)  VALUE       VALUE  FROM      YEAR
                                                  NORMAL
..................................................................
TEMPERATURE (F)
 YESTERDAY
  MAXIMUM         49    234 PM  84    1990  62    -13       61
                                      1962
  MINIMUM         40    836 PM  25    1980  40      0       31
  AVERAGE         45                        51     -6       46

PRECIPITATION (IN)
  YESTERDAY        T             1.00 1995   0.11  -0.11     0.00
  MONTH TO DATE    1.06                      2.93  -1.87     4.38
  SINCE MAR 1      5.02                      5.13  -0.11     5.14
  SINCE JAN 1      6.52                      7.81  -1.29     6.34

SNOWFALL (IN)
  YESTERDAY        0.0           T    1950   0.1   -0.1      0.0
  MONTH TO DATE    4.2                       2.5    1.7       T
  SINCE MAR 1      8.2                       9.5   -1.3      4.2
  SINCE JUL 1     32.7                      50.6  -17.9     33.7
  SNOW DEPTH       0

DEGREE DAYS
 HEATING
  YESTERDAY       20                        15      5       19
  MONTH TO DATE  487                       504    -17      434
  SINCE MAR 1   1257                      1467   -210     1369
  SINCE JUL 1   5857                      6953  -1096     7080

 COOLING
  YESTERDAY        0                         0      0        0
  MONTH TO DATE    0                         0      0        0
  SINCE MAR 1      0                         0      0        0
  SINCE JAN 1      0                         0      0        0
..................................................................


WIND (MPH)
  HIGHEST WIND SPEED    24   HIGHEST WIND DIRECTION    NE (50)
  HIGHEST GUST SPEED    28   HIGHEST GUST DIRECTION    NE (50)
  AVERAGE WIND SPEED    13.1


SKY COVER
  POSSIBLE SUNSHINE  MM
  AVERAGE SKY COVER 1.0


WEATHER CONDITIONS
 THE FOLLOWING WEATHER WAS RECORDED YESTERDAY.
  LIGHT RAIN
  FOG


RELATIVE HUMIDITY (PERCENT)
 HIGHEST    93          1200 AM
 LOWEST     65           600 PM
 AVERAGE    79

..........................................................


THE MADISON WI CLIMATE NORMALS FOR TODAY
                         NORMAL    RECORD    YEAR
 MAXIMUM TEMPERATURE (F)   62        85      1952
 MINIMUM TEMPERATURE (F)   40        24      1976


SUNRISE AND SUNSET
APRIL 27 2016.........SUNRISE   556 AM CDT   SUNSET   755 PM CDT
APRIL 28 2016.........SUNRISE   554 AM CDT   SUNSET   756 PM CDT


-  INDICATES NEGATIVE NUMBERS.
R  INDICATES RECORD WAS SET OR TIED.
MM INDICATES DATA IS MISSING.
T  INDICATES TRACE AMOUNT.




$$
