511
CDUS43 KMKX 280701
CLIMSN


CLIMATE REPORT
NATIONAL WEATHER SERVICE IN MILWAUKEE
159 AM CDT TUE MAR 28 2017


...................................

...THE MADISON WI CLIMATE SUMMARY FOR MARCH 27 2017...

CLIMATE NORMAL PERIOD 1981 TO 2010
CLIMATE RECORD PERIOD 1871 TO 2017


WEATHER ITEM   OBSERVED TIME   RECORD YEAR NORMAL DEPARTURE LAST
                VALUE   (LST)  VALUE       VALUE  FROM      YEAR
                                                  NORMAL
..................................................................
TEMPERATURE (F)
 YESTERDAY
  MAXIMUM         48    443 PM  78    1945  48      0       45
                                      1910
  MINIMUM         40    526 AM   2    1965  29     11       37
  AVERAGE         44                        38      6       41

PRECIPITATION (IN)
  YESTERDAY        T             1.34 1887   0.08  -0.08     0.13
  MONTH TO DATE    2.10                      1.83   0.27     3.07
  SINCE MAR 1      2.10                      1.83   0.27     3.07
  SINCE JAN 1      6.80                      4.51   2.29     4.57

SNOWFALL (IN)
  YESTERDAY        0.0           8.5  1948   0.2   -0.2      0.0
  MONTH TO DATE    8.3                       6.3    2.0      4.0
  SINCE MAR 1      8.3                       6.3    2.0      4.0
  SINCE JUL 1     44.0                      47.4   -3.4     28.5
  SNOW DEPTH       0

DEGREE DAYS
 HEATING
  YESTERDAY       21                        27     -6       24
  MONTH TO DATE  852                       860     -8      693
  SINCE MAR 1    852                       860     -8      693
  SINCE JUL 1   5364                      6346   -982     5293

 COOLING
  YESTERDAY        0                         0      0        0
  MONTH TO DATE    0                         0      0        0
  SINCE MAR 1      0                         0      0        0
  SINCE JAN 1      0                         0      0        0
..................................................................


WIND (MPH)
  HIGHEST WIND SPEED    12   HIGHEST WIND DIRECTION    NE (50)
  HIGHEST GUST SPEED    MM   HIGHEST GUST DIRECTION    MM
  AVERAGE WIND SPEED     3.5


SKY COVER
  POSSIBLE SUNSHINE  MM
  AVERAGE SKY COVER 1.0


WEATHER CONDITIONS
 THE FOLLOWING WEATHER WAS RECORDED YESTERDAY.
  LIGHT RAIN
  FOG


RELATIVE HUMIDITY (PERCENT)
 HIGHEST   100           200 AM
 LOWEST     80           300 PM
 AVERAGE    90

..........................................................


THE MADISON WI CLIMATE NORMALS FOR TODAY
                         NORMAL    RECORD    YEAR
 MAXIMUM TEMPERATURE (F)   49        76      1986
                                             1946
                                             1910
 MINIMUM TEMPERATURE (F)   29         2      1923
                                             1887


SUNRISE AND SUNSET
MARCH 28 2017.........SUNRISE   646 AM CDT   SUNSET   719 PM CDT
MARCH 29 2017.........SUNRISE   644 AM CDT   SUNSET   721 PM CDT


-  INDICATES NEGATIVE NUMBERS.
R  INDICATES RECORD WAS SET OR TIED.
MM INDICATES DATA IS MISSING.
T  INDICATES TRACE AMOUNT.




$$
