000
CDUS43 KMKX 250711
CLIMSN


CLIMATE REPORT
NATIONAL WEATHER SERVICE IN MILWAUKEE
111 AM CST WED FEB 25 2015


...................................

...THE MADISON WI CLIMATE SUMMARY FOR FEBRUARY 24 2015...

CLIMATE NORMAL PERIOD 1981 TO 2010
CLIMATE RECORD PERIOD 1871 TO 2015


WEATHER ITEM   OBSERVED TIME   RECORD YEAR NORMAL DEPARTURE LAST
                VALUE   (LST)  VALUE       VALUE  FROM      YEAR
                                                  NORMAL
..................................................................
TEMPERATURE (F)
 YESTERDAY
  MAXIMUM         35    431 PM  62    2002  34      1       23
  MINIMUM          8   1204 AM -13    1889  18    -10        7
  AVERAGE         22                        26     -4       15

PRECIPITATION (IN)
  YESTERDAY        T             0.64 1892   0.06  -0.06     0.00
  MONTH TO DATE    0.48                      1.21  -0.73     1.16
  SINCE DEC 1      2.17                      4.18  -2.01     3.43
  SINCE JAN 1      1.14                      2.44  -1.30     1.81

SNOWFALL (IN)
  YESTERDAY        T             6.0  1938   0.4   -0.4      0.0
  MONTH TO DATE    9.3                       9.3    0.0     11.0
  SINCE DEC 1     19.6                      35.7  -16.1     45.5
  SINCE JUL 1     28.1                      39.8  -11.7     49.0
  SNOW DEPTH       6

DEGREE DAYS
 HEATING
  YESTERDAY       43                        39      4       50
  MONTH TO DATE 1275                      1020    255     1232
  SINCE DEC 1   3795                      3754     41     4355
  SINCE JUL 1   5479                      5333    146     5874

 COOLING
  YESTERDAY        0                         0      0        0
  MONTH TO DATE    0                         0      0        0
  SINCE DEC 1      0                         0      0        0
  SINCE JAN 1      0                         0      0        0
..................................................................


WIND (MPH)
  HIGHEST WIND SPEED    17   HIGHEST WIND DIRECTION    NW (300)
  HIGHEST GUST SPEED    26   HIGHEST GUST DIRECTION    SW (230)
  AVERAGE WIND SPEED    10.5


SKY COVER
  POSSIBLE SUNSHINE  MM
  AVERAGE SKY COVER 0.5


WEATHER CONDITIONS
 THE FOLLOWING WEATHER WAS RECORDED YESTERDAY.
  LIGHT SNOW


RELATIVE HUMIDITY (PERCENT)
 HIGHEST    68          1200 PM
 LOWEST     34           700 PM
 AVERAGE    51

..........................................................


THE MADISON WI CLIMATE NORMALS FOR TODAY
                         NORMAL    RECORD    YEAR
 MAXIMUM TEMPERATURE (F)   35        64      2000
 MINIMUM TEMPERATURE (F)   18       -15      1967


SUNRISE AND SUNSET
FEBRUARY 25 2015......SUNRISE   640 AM CST   SUNSET   541 PM CST
FEBRUARY 26 2015......SUNRISE   639 AM CST   SUNSET   542 PM CST


-  INDICATES NEGATIVE NUMBERS.
R  INDICATES RECORD WAS SET OR TIED.
MM INDICATES DATA IS MISSING.
T  INDICATES TRACE AMOUNT.




$$
