000
CDUS43 KMKX 200715
CLIMSN


CLIMATE REPORT
NATIONAL WEATHER SERVICE IN MILWAUKEE
203 AM CDT SAT MAY 20 2017


...................................

...THE MADISON WI CLIMATE SUMMARY FOR MAY 19 2017...

CLIMATE NORMAL PERIOD 1981 TO 2010
CLIMATE RECORD PERIOD 1871 TO 2017


WEATHER ITEM   OBSERVED TIME   RECORD YEAR NORMAL DEPARTURE LAST
                VALUE   (LST)  VALUE       VALUE  FROM      YEAR
                                                  NORMAL
..................................................................
TEMPERATURE (F)
 YESTERDAY
  MAXIMUM         51    524 PM  93    1975  69    -18       70
  MINIMUM         40    505 AM  31    2002  47     -7       40
  AVERAGE         46                        58    -12       55

PRECIPITATION (IN)
  YESTERDAY        0.02          2.84 1933   0.12  -0.10     0.00
  MONTH TO DATE    1.56                      2.08  -0.52     1.49
  SINCE MAR 1      9.69                      7.68   2.01     7.56
  SINCE JAN 1     14.39                     10.36   4.03     9.06

SNOWFALL (IN)
  YESTERDAY        0.0           T    1924   0.0    0.0      0.0
                                      1892
  MONTH TO DATE    0.0                       0.2   -0.2      0.0
  SINCE MAR 1      8.3                       9.8   -1.5      8.2
  SINCE JUL 1     44.0                      50.9   -6.9     32.7
  SNOW DEPTH       0

DEGREE DAYS
 HEATING
  YESTERDAY       19                         8     11       10
  MONTH TO DATE  200                       192      8      233
  SINCE MAR 1   1592                      1713   -121     1571
  SINCE JUL 1   6104                      7199  -1095     6171

 COOLING
  YESTERDAY        0                         1     -1        0
  MONTH TO DATE   15                         9      6        0
  SINCE MAR 1     15                        13      2        0
  SINCE JAN 1     15                        13      2        0
..................................................................


WIND (MPH)
  HIGHEST WIND SPEED    23   HIGHEST WIND DIRECTION    NE (50)
  HIGHEST GUST SPEED    28   HIGHEST GUST DIRECTION    NE (50)
  AVERAGE WIND SPEED    13.9


SKY COVER
  POSSIBLE SUNSHINE  MM
  AVERAGE SKY COVER 0.7


WEATHER CONDITIONS
 THE FOLLOWING WEATHER WAS RECORDED YESTERDAY.
  LIGHT RAIN


RELATIVE HUMIDITY (PERCENT)
 HIGHEST    83           100 AM
 LOWEST     42           600 PM
 AVERAGE    63

..........................................................


THE MADISON WI CLIMATE NORMALS FOR TODAY
                         NORMAL    RECORD    YEAR
 MAXIMUM TEMPERATURE (F)   70        91      1934
 MINIMUM TEMPERATURE (F)   47        32      1967
                                             1954


SUNRISE AND SUNSET
MAY 20 2017...........SUNRISE   529 AM CDT   SUNSET   820 PM CDT
MAY 21 2017...........SUNRISE   528 AM CDT   SUNSET   821 PM CDT


-  INDICATES NEGATIVE NUMBERS.
R  INDICATES RECORD WAS SET OR TIED.
MM INDICATES DATA IS MISSING.
T  INDICATES TRACE AMOUNT.




$$
