000
CDUS43 KMKX 162048
CLIMSN


CLIMATE REPORT
NATIONAL WEATHER SERVICE IN MILWAUKEE
347 PM CDT TUE SEP 16 2014


...................................

...THE MADISON WI CLIMATE SUMMARY FOR SEPTEMBER 16 2014...
VALID TODAY AS OF 0300 PM LOCAL TIME.

CLIMATE NORMAL PERIOD 1981 TO 2010
CLIMATE RECORD PERIOD 1871 TO 2014


WEATHER ITEM   OBSERVED TIME   RECORD YEAR NORMAL DEPARTURE LAST
                VALUE   (LST)  VALUE       VALUE  FROM      YEAR
                                                  NORMAL
..................................................................
TEMPERATURE (F)
 TODAY
  MAXIMUM         64    159 PM  91    1931  72     -8       66
  MINIMUM         37    610 AM  32    1984  50    -13       41
  AVERAGE         51                        61    -10       54

PRECIPITATION (IN)
  TODAY            0.00          1.75 1992   0.10  -0.10     0.00
  MONTH TO DATE    1.68                      1.74  -0.06     0.96
  SINCE SEP 1      1.68                      1.74  -0.06     0.96
  SINCE JAN 1     29.49                     26.56   2.93    37.44

SNOWFALL (IN)
  TODAY            0.0           0.0    MM   0.0    0.0      0.0
  MONTH TO DATE    0.0                       0.0    0.0      0.0
  SINCE SEP 1      0.0                       0.0    0.0      0.0
  SINCE JUL 1      0.0                       0.0    0.0      0.0
  SNOW DEPTH       0

DEGREE DAYS
 HEATING
  TODAY           14                         6      8       11
  MONTH TO DATE   99                        57     42       44
  SINCE SEP 1     99                        57     42       44
  SINCE JUL 1    116                        94     22       74

 COOLING
  TODAY            0                         2     -2        0
  MONTH TO DATE   34                        40     -6       77
  SINCE SEP 1     34                        40     -6       77
  SINCE JAN 1    610                       553     57      690
..................................................................


WIND (MPH)
  HIGHEST WIND SPEED    10   HIGHEST WIND DIRECTION    NW (320)
  HIGHEST GUST SPEED    16   HIGHEST GUST DIRECTION    SW (220)
  AVERAGE WIND SPEED     2.5


SKY COVER
  POSSIBLE SUNSHINE  MM
  AVERAGE SKY COVER 0.1


WEATHER CONDITIONS
 THE FOLLOWING WEATHER WAS RECORDED TODAY.
  FOG


RELATIVE HUMIDITY (PERCENT)
 HIGHEST   100           500 AM
 LOWEST     43           100 PM
 AVERAGE    72

..........................................................


THE MADISON WI CLIMATE NORMALS FOR TOMORROW
                         NORMAL    RECORD    YEAR
 MAXIMUM TEMPERATURE (F)   71        90      1955
 MINIMUM TEMPERATURE (F)   50        36      1980


SUNRISE AND SUNSET
SEPTEMBER 16 2014.....SUNRISE   638 AM CDT   SUNSET   706 PM CDT
SEPTEMBER 17 2014.....SUNRISE   639 AM CDT   SUNSET   704 PM CDT


-  INDICATES NEGATIVE NUMBERS.
R  INDICATES RECORD WAS SET OR TIED.
MM INDICATES DATA IS MISSING.
T  INDICATES TRACE AMOUNT.




$$
