000
CDUS43 KMKX 030655
CLIMSN


CLIMATE REPORT
NATIONAL WEATHER SERVICE IN MILWAUKEE
153 AM CDT MON AUG 3 2015


...................................

...THE MADISON WI CLIMATE SUMMARY FOR AUGUST 2 2015...

CLIMATE NORMAL PERIOD 1981 TO 2010
CLIMATE RECORD PERIOD 1871 TO 2015


WEATHER ITEM   OBSERVED TIME   RECORD YEAR NORMAL DEPARTURE LAST
                VALUE   (LST)  VALUE       VALUE  FROM      YEAR
                                                  NORMAL
..................................................................
TEMPERATURE (F)
 YESTERDAY
  MAXIMUM         90    247 PM  98    1988  81      9       85
  MINIMUM         70   1159 PM  44    1965  61      9       55
  AVERAGE         80                        71      9       70

PRECIPITATION (IN)
  YESTERDAY        0.00          3.40 2001   0.15  -0.15     0.00
  MONTH TO DATE    0.00                      0.28  -0.28     0.74
  SINCE JUN 1      8.17                      9.00  -0.83    11.37
  SINCE JAN 1     18.69                     20.83  -2.14    23.12

SNOWFALL (IN)
  YESTERDAY        0.0           0.0    MM   0.0    0.0      0.0
  MONTH TO DATE    0.0                       0.0    0.0      0.0
  SINCE JUN 1      0.0                       0.0    0.0      0.0
  SINCE JUL 1      0.0                       0.0    0.0      0.0
  SNOW DEPTH       0

DEGREE DAYS
 HEATING
  YESTERDAY        0                         0      0        0
  MONTH TO DATE    0                         0      0        0
  SINCE JUN 1     53                        70    -17       22
  SINCE JUL 1     16                        10      6       13

 COOLING
  YESTERDAY       15                         6      9        5
  MONTH TO DATE   24                        12     12       12
  SINCE JUN 1    335                       338     -3      337
  SINCE JAN 1    385                       368     17      388
..................................................................


WIND (MPH)
  HIGHEST WIND SPEED    18   HIGHEST WIND DIRECTION    SW (220)
  HIGHEST GUST SPEED    28   HIGHEST GUST DIRECTION    SW (210)
  AVERAGE WIND SPEED     9.1


SKY COVER
  POSSIBLE SUNSHINE  MM
  AVERAGE SKY COVER 0.4


WEATHER CONDITIONS
 THE FOLLOWING WEATHER WAS RECORDED YESTERDAY.
  NO SIGNIFICANT WEATHER WAS OBSERVED.


RELATIVE HUMIDITY (PERCENT)
 HIGHEST    84           500 AM
 LOWEST     40           700 PM
 AVERAGE    62

..........................................................


THE MADISON WI CLIMATE NORMALS FOR TODAY
                         NORMAL    RECORD    YEAR
 MAXIMUM TEMPERATURE (F)   81        96      1958
 MINIMUM TEMPERATURE (F)   60        43      1966


SUNRISE AND SUNSET
AUGUST  3 2015........SUNRISE   550 AM CDT   SUNSET   817 PM CDT
AUGUST  4 2015........SUNRISE   551 AM CDT   SUNSET   815 PM CDT


-  INDICATES NEGATIVE NUMBERS.
R  INDICATES RECORD WAS SET OR TIED.
MM INDICATES DATA IS MISSING.
T  INDICATES TRACE AMOUNT.




$$
