000
CDUS43 KMKX 100649
CLIMSN


CLIMATE REPORT
NATIONAL WEATHER SERVICE IN MILWAUKEE
147 AM CDT THU JUL 10 2014


...................................

...THE MADISON WI CLIMATE SUMMARY FOR JULY 9 2014...

CLIMATE NORMAL PERIOD 1981 TO 2010
CLIMATE RECORD PERIOD 1871 TO 2014


WEATHER ITEM   OBSERVED TIME   RECORD YEAR NORMAL DEPARTURE LAST
                VALUE   (LST)  VALUE       VALUE  FROM      YEAR
                                                  NORMAL
..................................................................
TEMPERATURE (F)
 YESTERDAY
  MAXIMUM         76    408 PM  98    1936  82     -6       85
  MINIMUM         56   1159 PM  47    1961  61     -5       71
  AVERAGE         66                        72     -6       78

PRECIPITATION (IN)
  YESTERDAY        0.00          2.84 1922   0.14  -0.14     1.13
  MONTH TO DATE    0.35                      1.26  -0.91     1.66
  SINCE JUN 1      9.90                      5.80   4.10    12.52
  SINCE JAN 1     21.65                     17.63   4.02    32.61

SNOWFALL (IN)
  YESTERDAY        0.0           0.0    MM   0.0    0.0      0.0
  MONTH TO DATE    0.0                       0.0    0.0      0.0
  SINCE JUN 1      0.0                       0.0    0.0      0.0
  SINCE JUL 1      0.0                       0.0    0.0      0.0
  SNOW DEPTH       0

DEGREE DAYS
 HEATING
  YESTERDAY        0                         0      0        0
  MONTH TO DATE    3                         0      3        2
  SINCE JUN 1     12                        60    -48       54
  SINCE JUL 1      3                         0      3        2

 COOLING
  YESTERDAY        1                         7     -6       13
  MONTH TO DATE   38                        61    -23       73
  SINCE JUN 1    220                       181     39      210
  SINCE JAN 1    271                       211     60      263
..................................................................


WIND (MPH)
  HIGHEST WIND SPEED    18   HIGHEST WIND DIRECTION     N (340)
  HIGHEST GUST SPEED    25   HIGHEST GUST DIRECTION    NW (330)
  AVERAGE WIND SPEED     6.1


SKY COVER
  POSSIBLE SUNSHINE  MM
  AVERAGE SKY COVER 0.3


WEATHER CONDITIONS
 THE FOLLOWING WEATHER WAS RECORDED YESTERDAY.
  NO SIGNIFICANT WEATHER WAS OBSERVED.


RELATIVE HUMIDITY (PERCENT)
 HIGHEST    93           200 AM
 LOWEST     41          1200 PM
 AVERAGE    67

..........................................................


THE MADISON WI CLIMATE NORMALS FOR TODAY
                         NORMAL    RECORD    YEAR
 MAXIMUM TEMPERATURE (F)   82       104      1976
 MINIMUM TEMPERATURE (F)   61        44      1968


SUNRISE AND SUNSET
JULY 10 2014..........SUNRISE   527 AM CDT   SUNSET   838 PM CDT
JULY 11 2014..........SUNRISE   528 AM CDT   SUNSET   837 PM CDT


-  INDICATES NEGATIVE NUMBERS.
R  INDICATES RECORD WAS SET OR TIED.
MM INDICATES DATA IS MISSING.
T  INDICATES TRACE AMOUNT.




$$
