000
CDUS43 KMKX 180645
CLIMSN


CLIMATE REPORT
NATIONAL WEATHER SERVICE IN MILWAUKEE
145 AM CDT MON AUG 18 2014


...................................

...THE MADISON WI CLIMATE SUMMARY FOR AUGUST 17 2014...

CLIMATE NORMAL PERIOD 1981 TO 2010
CLIMATE RECORD PERIOD 1871 TO 2014


WEATHER ITEM   OBSERVED TIME   RECORD YEAR NORMAL DEPARTURE LAST
                VALUE   (LST)  VALUE       VALUE  FROM      YEAR
                                                  NORMAL
..................................................................
TEMPERATURE (F)
 YESTERDAY
  MAXIMUM         79    342 PM 102    1988  80     -1       81
  MINIMUM         62    600 AM  45    1981  59      3       51
  AVERAGE         71                        69      2       66

PRECIPITATION (IN)
  YESTERDAY        T             0.70 1884   0.15  -0.15     0.00
  MONTH TO DATE    2.69                      2.40   0.29     0.30
  SINCE JUN 1     13.32                     11.12   2.20    15.16
  SINCE JAN 1     25.07                     22.95   2.12    35.25

SNOWFALL (IN)
  YESTERDAY        0.0           0.0    MM   0.0    0.0      0.0
  MONTH TO DATE    0.0                       0.0    0.0      0.0
  SINCE JUN 1      0.0                       0.0    0.0      0.0
  SINCE JUL 1      0.0                       0.0    0.0      0.0
  SNOW DEPTH       0

DEGREE DAYS
 HEATING
  YESTERDAY        0                         1     -1        0
  MONTH TO DATE    4                        14    -10       12
  SINCE JUN 1     26                        84    -58       82
  SINCE JUL 1     17                        24     -7       30

 COOLING
  YESTERDAY        6                         5      1        1
  MONTH TO DATE   83                        97    -14       50
  SINCE JUN 1    408                       423    -15      418
  SINCE JAN 1    459                       453      6      471
..................................................................


WIND (MPH)
  HIGHEST WIND SPEED    15   HIGHEST WIND DIRECTION     E (70)
  HIGHEST GUST SPEED    18   HIGHEST GUST DIRECTION     E (70)
  AVERAGE WIND SPEED     7.5


SKY COVER
  POSSIBLE SUNSHINE  MM
  AVERAGE SKY COVER 0.8


WEATHER CONDITIONS
 THE FOLLOWING WEATHER WAS RECORDED YESTERDAY.
  LIGHT RAIN
  FOG


RELATIVE HUMIDITY (PERCENT)
 HIGHEST    93           100 AM
 LOWEST     54           400 PM
 AVERAGE    74

..........................................................


THE MADISON WI CLIMATE NORMALS FOR TODAY
                         NORMAL    RECORD    YEAR
 MAXIMUM TEMPERATURE (F)   79       101      1936
 MINIMUM TEMPERATURE (F)   59        41      1977


SUNRISE AND SUNSET
AUGUST 18 2014........SUNRISE   606 AM CDT   SUNSET   755 PM CDT
AUGUST 19 2014........SUNRISE   607 AM CDT   SUNSET   754 PM CDT


-  INDICATES NEGATIVE NUMBERS.
R  INDICATES RECORD WAS SET OR TIED.
MM INDICATES DATA IS MISSING.
T  INDICATES TRACE AMOUNT.




$$
