000
CDUS43 KMKX 200646
CLIMSN


CLIMATE REPORT
NATIONAL WEATHER SERVICE IN MILWAUKEE
145 AM CDT MON MAR 20 2017


...................................

...THE MADISON WI CLIMATE SUMMARY FOR MARCH 19 2017...

CLIMATE NORMAL PERIOD 1981 TO 2010
CLIMATE RECORD PERIOD 1871 TO 2017


WEATHER ITEM   OBSERVED TIME   RECORD YEAR NORMAL DEPARTURE LAST
                VALUE   (LST)  VALUE       VALUE  FROM      YEAR
                                                  NORMAL
..................................................................
TEMPERATURE (F)
 YESTERDAY
  MAXIMUM         52    439 PM  76    1976  44      8       43
  MINIMUM         22    613 AM  -8    1923  26     -4       31
  AVERAGE         37                        35      2       37

PRECIPITATION (IN)
  YESTERDAY        0.00          1.09 1897   0.07  -0.07      T
  MONTH TO DATE    1.04                      1.19  -0.15     2.11
  SINCE MAR 1      1.04                      1.19  -0.15     2.11
  SINCE JAN 1      5.74                      3.87   1.87     3.61

SNOWFALL (IN)
  YESTERDAY        0.0           4.1  1970   0.2   -0.2       T
  MONTH TO DATE    8.3                       4.9    3.4      3.5
  SINCE MAR 1      8.3                       4.9    3.4      3.5
  SINCE JUL 1     44.0                      46.0   -2.0     28.0
  SNOW DEPTH       0

DEGREE DAYS
 HEATING
  YESTERDAY       28                        30     -2       28
  MONTH TO DATE  654                       636     18      470
  SINCE MAR 1    654                       636     18      470
  SINCE JUL 1   5166                      6122   -956     5070

 COOLING
  YESTERDAY        0                         0      0        0
  MONTH TO DATE    0                         0      0        0
  SINCE MAR 1      0                         0      0        0
  SINCE JAN 1      0                         0      0        0
..................................................................


WIND (MPH)
  HIGHEST WIND SPEED    25   HIGHEST WIND DIRECTION     S (170)
  HIGHEST GUST SPEED    30   HIGHEST GUST DIRECTION     S (160)
  AVERAGE WIND SPEED     9.1


SKY COVER
  POSSIBLE SUNSHINE  MM
  AVERAGE SKY COVER 0.6


WEATHER CONDITIONS
 THE FOLLOWING WEATHER WAS RECORDED YESTERDAY.
  NO SIGNIFICANT WEATHER WAS OBSERVED.


RELATIVE HUMIDITY (PERCENT)
 HIGHEST    92           200 AM
 LOWEST     48           300 PM
 AVERAGE    70

..........................................................


THE MADISON WI CLIMATE NORMALS FOR TODAY
                         NORMAL    RECORD    YEAR
 MAXIMUM TEMPERATURE (F)   45        81      2012
 MINIMUM TEMPERATURE (F)   26        -7      1965


SUNRISE AND SUNSET
MARCH 20 2017.........SUNRISE   700 AM CDT   SUNSET   710 PM CDT
MARCH 21 2017.........SUNRISE   658 AM CDT   SUNSET   711 PM CDT


-  INDICATES NEGATIVE NUMBERS.
R  INDICATES RECORD WAS SET OR TIED.
MM INDICATES DATA IS MISSING.
T  INDICATES TRACE AMOUNT.




$$
