000
CDUS43 KMKX 222134
CLIMSN


CLIMATE REPORT
NATIONAL WEATHER SERVICE IN MILWAUKEE
431 PM CDT SAT APR 22 2017


...................................

...THE MADISON WI CLIMATE SUMMARY FOR APRIL 22 2017...
VALID TODAY AS OF 0400 PM LOCAL TIME.

CLIMATE NORMAL PERIOD 1981 TO 2010
CLIMATE RECORD PERIOD 1871 TO 2017


WEATHER ITEM   OBSERVED TIME   RECORD YEAR NORMAL DEPARTURE LAST
                VALUE   (LST)  VALUE       VALUE  FROM      YEAR
                                                  NORMAL
..................................................................
TEMPERATURE (F)
 TODAY
  MAXIMUM         63    259 PM  94    1980  60      3       58
  MINIMUM         33    512 AM  19    1986  38     -5       41
  AVERAGE         48                        49     -1       50

PRECIPITATION (IN)
  TODAY            0.00          1.69 1999   0.12  -0.12     0.00
  MONTH TO DATE    2.98                      2.48   0.50     1.02
  SINCE MAR 1      5.81                      4.68   1.13     4.98
  SINCE JAN 1     10.51                      7.36   3.15     6.48

SNOWFALL (IN)
  TODAY            0.0           2.0  1984   0.1   -0.1      0.0
  MONTH TO DATE    T                         2.3   -2.3      4.2
  SINCE MAR 1      8.3                       9.3   -1.0      8.2
  SINCE JUL 1     44.0                      50.4   -6.4     32.7
  SNOW DEPTH       0

DEGREE DAYS
 HEATING
  TODAY           17                        16      1       15
  MONTH TO DATE  317                       443   -126      441
  SINCE MAR 1   1266                      1406   -140     1211
  SINCE JUL 1   5778                      6892  -1114     5811

 COOLING
  TODAY            0                         0      0        0
  MONTH TO DATE    0                         0      0        0
  SINCE MAR 1      0                         0      0        0
  SINCE JAN 1      0                         0      0        0
..................................................................


WIND (MPH)
  HIGHEST WIND SPEED    10   HIGHEST WIND DIRECTION     N (10)
  HIGHEST GUST SPEED    16   HIGHEST GUST DIRECTION     N (10)
  AVERAGE WIND SPEED     2.2


SKY COVER
  POSSIBLE SUNSHINE  MM
  AVERAGE SKY COVER 0.2


WEATHER CONDITIONS
 THE FOLLOWING WEATHER WAS RECORDED TODAY.
  NO SIGNIFICANT WEATHER WAS OBSERVED.


RELATIVE HUMIDITY (PERCENT)
 HIGHEST    89           300 AM
 LOWEST     25           300 PM
 AVERAGE    57

..........................................................


THE MADISON WI CLIMATE NORMALS FOR TOMORROW
                         NORMAL    RECORD    YEAR
 MAXIMUM TEMPERATURE (F)   61        83      1960
 MINIMUM TEMPERATURE (F)   39        19      1910


SUNRISE AND SUNSET
APRIL 22 2017.........SUNRISE   604 AM CDT   SUNSET   749 PM CDT
APRIL 23 2017.........SUNRISE   602 AM CDT   SUNSET   750 PM CDT


-  INDICATES NEGATIVE NUMBERS.
R  INDICATES RECORD WAS SET OR TIED.
MM INDICATES DATA IS MISSING.
T  INDICATES TRACE AMOUNT.




$$

HAHN
