000
CDUS43 KMKX 300654
CLIMSN


CLIMATE REPORT
NATIONAL WEATHER SERVICE IN MILWAUKEE
153 AM CDT SUN AUG 30 2015


...................................

...THE MADISON WI CLIMATE SUMMARY FOR AUGUST 29 2015...

CLIMATE NORMAL PERIOD 1981 TO 2010
CLIMATE RECORD PERIOD 1871 TO 2015


WEATHER ITEM   OBSERVED TIME   RECORD YEAR NORMAL DEPARTURE LAST
                VALUE   (LST)  VALUE       VALUE  FROM      YEAR
                                                  NORMAL
..................................................................
TEMPERATURE (F)
 YESTERDAY
  MAXIMUM         69    143 PM  94    1953  78     -9       85
                                      1948
                                      1881
  MINIMUM         60    110 AM  35    1965  57      3       65
  AVERAGE         65                        67     -2       75

PRECIPITATION (IN)
  YESTERDAY        0.87          1.78 1957   0.14   0.73     0.01
  MONTH TO DATE    4.10                      4.01   0.09     5.23
  SINCE JUN 1     12.27                     12.73  -0.46    15.86
  SINCE JAN 1     22.79                     24.56  -1.77    27.61

SNOWFALL (IN)
  YESTERDAY        0.0           0.0    MM   0.0    0.0      0.0
  MONTH TO DATE    0.0                       0.0    0.0      0.0
  SINCE JUN 1      0.0                       0.0    0.0      0.0
  SINCE JUL 1      0.0                       0.0    0.0      0.0
  SNOW DEPTH       0

DEGREE DAYS
 HEATING
  YESTERDAY        0                         1     -1        0
  MONTH TO DATE   16                        26    -10        4
  SINCE JUN 1     69                        96    -27       26
  SINCE JUL 1     32                        36     -4       17

 COOLING
  YESTERDAY        0                         4     -4       10
  MONTH TO DATE  160                       151      9      184
  SINCE JUN 1    471                       477     -6      509
  SINCE JAN 1    521                       507     14      560
..................................................................


WIND (MPH)
  HIGHEST WIND SPEED    12   HIGHEST WIND DIRECTION     E (110)
  HIGHEST GUST SPEED    14   HIGHEST GUST DIRECTION     E (110)
  AVERAGE WIND SPEED     4.4


SKY COVER
  POSSIBLE SUNSHINE  MM
  AVERAGE SKY COVER 1.0


WEATHER CONDITIONS
 THE FOLLOWING WEATHER WAS RECORDED YESTERDAY.
  HEAVY RAIN
  RAIN
  LIGHT RAIN
  FOG


RELATIVE HUMIDITY (PERCENT)
 HIGHEST   100           900 AM
 LOWEST     81           300 PM
 AVERAGE    91

..........................................................


THE MADISON WI CLIMATE NORMALS FOR TODAY
                         NORMAL    RECORD    YEAR
 MAXIMUM TEMPERATURE (F)   78        97      1953
 MINIMUM TEMPERATURE (F)   57        40      1967


SUNRISE AND SUNSET
AUGUST 30 2015........SUNRISE   619 AM CDT   SUNSET   736 PM CDT
AUGUST 31 2015........SUNRISE   620 AM CDT   SUNSET   734 PM CDT


-  INDICATES NEGATIVE NUMBERS.
R  INDICATES RECORD WAS SET OR TIED.
MM INDICATES DATA IS MISSING.
T  INDICATES TRACE AMOUNT.




$$
