000
CDUS43 KMKX 190704
CLIMSN


CLIMATE REPORT
NATIONAL WEATHER SERVICE IN MILWAUKEE
103 AM CST FRI DEC 19 2014


...................................

...THE MADISON WI CLIMATE SUMMARY FOR DECEMBER 18 2014...

CLIMATE NORMAL PERIOD 1981 TO 2010
CLIMATE RECORD PERIOD 1871 TO 2014


WEATHER ITEM   OBSERVED TIME   RECORD YEAR NORMAL DEPARTURE LAST
                VALUE   (LST)  VALUE       VALUE  FROM      YEAR
                                                  NORMAL
..................................................................
TEMPERATURE (F)
 YESTERDAY
  MAXIMUM         28    733 PM  53    2002  29     -1       34
                                      1923
  MINIMUM         15    511 AM -20    1884  15      0       11
  AVERAGE         22                        22      0       23

PRECIPITATION (IN)
  YESTERDAY        T             0.58 2002   0.04  -0.04     0.00
  MONTH TO DATE    0.50                      1.14  -0.64     0.76
  SINCE DEC 1      0.50                      1.14  -0.64     0.76
  SINCE JAN 1     34.78                     33.88   0.90    44.52

SNOWFALL (IN)
  YESTERDAY        T             8.2  2000   0.4   -0.4      0.0
  MONTH TO DATE    0.1                       7.9   -7.8      9.9
  SINCE DEC 1      0.1                       7.9   -7.8      9.9
  SINCE JUL 1      8.6                      12.0   -3.4     13.4
  SNOW DEPTH       0

DEGREE DAYS
 HEATING
  YESTERDAY       43                        43      0       42
  MONTH TO DATE  653                       722    -69      830
  SINCE DEC 1    653                       722    -69      830
  SINCE JUL 1   2337                      2301     36     2349

 COOLING
  YESTERDAY        0                         0      0        0
  MONTH TO DATE    0                         0      0        0
  SINCE DEC 1      0                         0      0        0
  SINCE JAN 1    620                       568     52      709
..................................................................


WIND (MPH)
  HIGHEST WIND SPEED     8   HIGHEST WIND DIRECTION     N (340)
  HIGHEST GUST SPEED    11   HIGHEST GUST DIRECTION     E (80)
  AVERAGE WIND SPEED     2.3


SKY COVER
  POSSIBLE SUNSHINE  MM
  AVERAGE SKY COVER 0.8


WEATHER CONDITIONS
 THE FOLLOWING WEATHER WAS RECORDED YESTERDAY.
  LIGHT SNOW


RELATIVE HUMIDITY (PERCENT)
 HIGHEST    88           300 AM
 LOWEST     75          1200 PM
 AVERAGE    82

..........................................................


THE MADISON WI CLIMATE NORMALS FOR TODAY
                         NORMAL    RECORD    YEAR
 MAXIMUM TEMPERATURE (F)   29        53      1918
 MINIMUM TEMPERATURE (F)   15       -25      1983


SUNRISE AND SUNSET
DECEMBER 19 2014......SUNRISE   725 AM CST   SUNSET   424 PM CST
DECEMBER 20 2014......SUNRISE   725 AM CST   SUNSET   425 PM CST


-  INDICATES NEGATIVE NUMBERS.
R  INDICATES RECORD WAS SET OR TIED.
MM INDICATES DATA IS MISSING.
T  INDICATES TRACE AMOUNT.




$$
