000
CDUS43 KMKX 062254
CLIMSN


CLIMATE REPORT
NATIONAL WEATHER SERVICE IN MILWAUKEE
454 PM CST FRI MAR 6 2015


...................................

...THE MADISON WI CLIMATE SUMMARY FOR MARCH 6 2015...
VALID TODAY AS OF 0400 PM LOCAL TIME.

CLIMATE NORMAL PERIOD 1981 TO 2010
CLIMATE RECORD PERIOD 1871 TO 2015


WEATHER ITEM   OBSERVED TIME   RECORD YEAR NORMAL DEPARTURE LAST
                VALUE   (LST)  VALUE       VALUE  FROM      YEAR
                                                  NORMAL
..................................................................
TEMPERATURE (F)
 TODAY
  MAXIMUM         29    359 PM  69    2000  38     -9       26
  MINIMUM          1    407 AM -14    1960  21    -20       -5
  AVERAGE         15                        30    -15       11

PRECIPITATION (IN)
  TODAY            0.00          1.86 1973   0.07  -0.07     0.00
  MONTH TO DATE    0.11                      0.37  -0.26     0.44
  SINCE MAR 1      0.11                      0.37  -0.26     0.44
  SINCE JAN 1      1.31                      3.05  -1.74     2.33

SNOWFALL (IN)
  TODAY            0.0           5.8  1924   0.3   -0.3      0.0
  MONTH TO DATE    0.8                       1.7   -0.9      6.3
  SINCE MAR 1      0.8                       1.7   -0.9      6.3
  SINCE JUL 1     30.3                      42.8  -12.5     56.3
  SNOW DEPTH       6

DEGREE DAYS
 HEATING
  TODAY           50                        35     15       54
  MONTH TO DATE  289                       216     73      336
  SINCE MAR 1    289                       216     73      336
  SINCE JUL 1   6000                      5702    298     6448

 COOLING
  TODAY            0                         0      0        0
  MONTH TO DATE    0                         0      0        0
  SINCE MAR 1      0                         0      0        0
  SINCE JAN 1      0                         0      0        0
..................................................................


WIND (MPH)
  HIGHEST WIND SPEED    18   HIGHEST WIND DIRECTION     S (190)
  HIGHEST GUST SPEED    25   HIGHEST GUST DIRECTION     S (190)
  AVERAGE WIND SPEED     9.5


SKY COVER
  POSSIBLE SUNSHINE  MM
  AVERAGE SKY COVER 0.3


WEATHER CONDITIONS
 THE FOLLOWING WEATHER WAS RECORDED TODAY.
  NO SIGNIFICANT WEATHER WAS OBSERVED.


RELATIVE HUMIDITY (PERCENT)
 HIGHEST    75           500 AM
 LOWEST     50           100 PM
 AVERAGE    63

..........................................................


THE MADISON WI CLIMATE NORMALS FOR TOMORROW
                         NORMAL    RECORD    YEAR
 MAXIMUM TEMPERATURE (F)   39        77      2000
 MINIMUM TEMPERATURE (F)   22        -7      1920


SUNRISE AND SUNSET
MARCH  6 2015.........SUNRISE   625 AM CST   SUNSET   552 PM CST
MARCH  7 2015.........SUNRISE   624 AM CST   SUNSET   554 PM CST


-  INDICATES NEGATIVE NUMBERS.
R  INDICATES RECORD WAS SET OR TIED.
MM INDICATES DATA IS MISSING.
T  INDICATES TRACE AMOUNT.




$$
