249
CDUS43 KMKX 212237
CLIMSN


CLIMATE REPORT
NATIONAL WEATHER SERVICE IN MILWAUKEE
437 PM CST WED FEB 21 2018


...................................

...THE MADISON WI CLIMATE SUMMARY FOR FEBRUARY 21 2018...
VALID TODAY AS OF 0400 PM LOCAL TIME.

CLIMATE NORMAL PERIOD 1981 TO 2010
CLIMATE RECORD PERIOD 1871 TO 2018


WEATHER ITEM   OBSERVED TIME   RECORD YEAR NORMAL DEPARTURE LAST
                VALUE   (LST)  VALUE       VALUE  FROM      YEAR
                                                  NORMAL
..................................................................
TEMPERATURE (F)
 TODAY
  MAXIMUM         27    347 PM  62    2017  33     -6       62
  MINIMUM         18    814 AM -15    2008  17      1       42
                                      1873
  AVERAGE         23                        25     -2       52

PRECIPITATION (IN)
  TODAY            0.00          1.54 1922   0.06  -0.06     0.02
  MONTH TO DATE    1.94                      1.03   0.91     0.71
  SINCE DEC 1      4.35                      4.00   0.35     5.50
  SINCE JAN 1      3.62                      2.26   1.36     3.47

SNOWFALL (IN)
  TODAY            0.0           7.8  1993   0.4   -0.4      0.0
  MONTH TO DATE   13.3                       8.2    5.1       T
  SINCE DEC 1     27.2                      34.6   -7.4     33.8
  SINCE JUL 1     27.5                      38.7  -11.2     33.8
  SNOW DEPTH       0

DEGREE DAYS
 HEATING
  TODAY           42                        40      2       13
  MONTH TO DATE  998                       902     96      707
  SINCE DEC 1   3704                      3636     68     3289
  SINCE JUL 1   5063                      5215   -152     4311

 COOLING
  TODAY            0                         0      0        0
  MONTH TO DATE    0                         0      0        0
  SINCE DEC 1      0                         0      0        0
  SINCE JAN 1      0                         0      0        0
..................................................................


WIND (MPH)
  HIGHEST WIND SPEED    15   HIGHEST WIND DIRECTION    NW (330)
  HIGHEST GUST SPEED    22   HIGHEST GUST DIRECTION    NW (330)
  AVERAGE WIND SPEED     9.9


SKY COVER
  POSSIBLE SUNSHINE  MM
  AVERAGE SKY COVER 0.7


WEATHER CONDITIONS
 THE FOLLOWING WEATHER WAS RECORDED TODAY.
  NO SIGNIFICANT WEATHER WAS OBSERVED.


RELATIVE HUMIDITY (PERCENT)
 HIGHEST    81           100 AM
 LOWEST     50           400 PM
 AVERAGE    66

..........................................................


THE MADISON WI CLIMATE NORMALS FOR TOMORROW
                         NORMAL    RECORD    YEAR
 MAXIMUM TEMPERATURE (F)   33        68      2017
 MINIMUM TEMPERATURE (F)   17       -15      1873


SUNRISE AND SUNSET
FEBRUARY 21 2018......SUNRISE   646 AM CST   SUNSET   536 PM CST
FEBRUARY 22 2018......SUNRISE   645 AM CST   SUNSET   538 PM CST


-  INDICATES NEGATIVE NUMBERS.
R  INDICATES RECORD WAS SET OR TIED.
MM INDICATES DATA IS MISSING.
T  INDICATES TRACE AMOUNT.




$$
