333
CDUS43 KMKX 250646
CLIMSN


CLIMATE REPORT
NATIONAL WEATHER SERVICE IN MILWAUKEE
146 AM CDT THU MAY 25 2017


...................................

...THE MADISON WI CLIMATE SUMMARY FOR MAY 24 2017...

CLIMATE NORMAL PERIOD 1981 TO 2010
CLIMATE RECORD PERIOD 1871 TO 2017


WEATHER ITEM   OBSERVED TIME   RECORD YEAR NORMAL DEPARTURE LAST
                VALUE   (LST)  VALUE       VALUE  FROM      YEAR
                                                  NORMAL
..................................................................
TEMPERATURE (F)
 YESTERDAY
  MAXIMUM         56    408 PM  92    1950  71    -15       82
  MINIMUM         49    352 AM  32    1992  49      0       58
                                      1925
  AVERAGE         53                        60     -7       70

PRECIPITATION (IN)
  YESTERDAY        0.01          1.53 2006   0.11  -0.10      T
  MONTH TO DATE    2.31                      2.66  -0.35     1.49
  SINCE MAR 1     10.44                      8.26   2.18     7.56
  SINCE JAN 1     15.14                     10.94   4.20     9.06

SNOWFALL (IN)
  YESTERDAY        0.0           T    1925   0.0    0.0      0.0
  MONTH TO DATE    0.0                       0.2   -0.2      0.0
  SINCE MAR 1      8.3                       9.8   -1.5      8.2
  SINCE JUL 1     44.0                      50.9   -6.9     32.7
  SNOW DEPTH       0

DEGREE DAYS
 HEATING
  YESTERDAY       12                         7      5        0
  MONTH TO DATE  257                       228     29      246
  SINCE MAR 1   1649                      1749   -100     1584
  SINCE JUL 1   6161                      7235  -1074     6184

 COOLING
  YESTERDAY        0                         1     -1        5
  MONTH TO DATE   15                        14      1        8
  SINCE MAR 1     15                        18     -3        8
  SINCE JAN 1     15                        18     -3        8
..................................................................


WIND (MPH)
  HIGHEST WIND SPEED    15   HIGHEST WIND DIRECTION     N (10)
  HIGHEST GUST SPEED    24   HIGHEST GUST DIRECTION    SW (230)
  AVERAGE WIND SPEED     9.8


SKY COVER
  POSSIBLE SUNSHINE  MM
  AVERAGE SKY COVER 1.0


WEATHER CONDITIONS
 THE FOLLOWING WEATHER WAS RECORDED YESTERDAY.
  LIGHT RAIN
  FOG


RELATIVE HUMIDITY (PERCENT)
 HIGHEST   100           900 AM
 LOWEST     86           400 PM
 AVERAGE    93

..........................................................


THE MADISON WI CLIMATE NORMALS FOR TODAY
                         NORMAL    RECORD    YEAR
 MAXIMUM TEMPERATURE (F)   71        89      1977
 MINIMUM TEMPERATURE (F)   49        30      1988


SUNRISE AND SUNSET
MAY 25 2017...........SUNRISE   525 AM CDT   SUNSET   824 PM CDT
MAY 26 2017...........SUNRISE   524 AM CDT   SUNSET   825 PM CDT


-  INDICATES NEGATIVE NUMBERS.
R  INDICATES RECORD WAS SET OR TIED.
MM INDICATES DATA IS MISSING.
T  INDICATES TRACE AMOUNT.




$$
