000
CDUS43 KMKX 020048
CLIMSN


CLIMATE REPORT
NATIONAL WEATHER SERVICE IN MILWAUKEE
746 PM CDT FRI AUG 1 2014


...................................

...THE MADISON WI CLIMATE SUMMARY FOR AUGUST 1 2014...
VALID TODAY AS OF 0700 PM LOCAL TIME.

CLIMATE NORMAL PERIOD 1981 TO 2010
CLIMATE RECORD PERIOD 1871 TO 2014


WEATHER ITEM   OBSERVED TIME   RECORD YEAR NORMAL DEPARTURE LAST
                VALUE   (LST)  VALUE       VALUE  FROM      YEAR
                                                  NORMAL
..................................................................
TEMPERATURE (F)
 TODAY
  MAXIMUM         86    339 PM 101    1988  81      5       78
  MINIMUM         57    510 AM  47    1976  61     -4       61
  AVERAGE         72                        71      1       70

PRECIPITATION (IN)
  TODAY            0.74          2.79 1931   0.13   0.61     0.00
  MONTH TO DATE    0.74                      0.13   0.61     0.00
  SINCE JUN 1     11.37                      8.85   2.52    14.86
  SINCE JAN 1     23.12                     20.68   2.44    34.95

SNOWFALL (IN)
  TODAY            0.0           0.0    MM   0.0    0.0      0.0
  MONTH TO DATE    0.0                       0.0    0.0      0.0
  SINCE JUN 1      0.0                       0.0    0.0      0.0
  SINCE JUL 1      0.0                       0.0    0.0      0.0
  SNOW DEPTH       0

DEGREE DAYS
 HEATING
  TODAY            0                         0      0        0
  MONTH TO DATE    0                         0      0        0
  SINCE JUN 1     22                        70    -48       70
  SINCE JUL 1     13                        10      3       18

 COOLING
  TODAY            7                         6      1        5
  MONTH TO DATE    7                         6      1        5
  SINCE JUN 1    332                       332      0      373
  SINCE JAN 1    383                       362     21      426
..................................................................


WIND (MPH)
  HIGHEST WIND SPEED    44   HIGHEST WIND DIRECTION    NE (40)
  HIGHEST GUST SPEED    52   HIGHEST GUST DIRECTION    NE (30)
  AVERAGE WIND SPEED     3.2


SKY COVER
  POSSIBLE SUNSHINE  MM
  AVERAGE SKY COVER 0.2


WEATHER CONDITIONS
 THE FOLLOWING WEATHER WAS RECORDED TODAY.
  THUNDERSTORM
  RAIN
  LIGHT RAIN
  HAIL
  FOG


RELATIVE HUMIDITY (PERCENT)
 HIGHEST    93           300 AM
 LOWEST     40           200 PM
 AVERAGE    67

..........................................................


THE MADISON WI CLIMATE NORMALS FOR TOMORROW
                         NORMAL    RECORD    YEAR
 MAXIMUM TEMPERATURE (F)   81        98      1988
 MINIMUM TEMPERATURE (F)   61        44      1965


SUNRISE AND SUNSET
AUGUST  1 2014........SUNRISE   548 AM CDT   SUNSET   819 PM CDT
AUGUST  2 2014........SUNRISE   549 AM CDT   SUNSET   818 PM CDT


-  INDICATES NEGATIVE NUMBERS.
R  INDICATES RECORD WAS SET OR TIED.
MM INDICATES DATA IS MISSING.
T  INDICATES TRACE AMOUNT.




$$
