000
CDUS43 KMKX 112240
CLIMSN


CLIMATE REPORT
NATIONAL WEATHER SERVICE IN MILWAUKEE
440 PM CST SAT NOV 11 2017


...................................

...THE MADISON WI CLIMATE SUMMARY FOR NOVEMBER 11 2017...
VALID TODAY AS OF 0400 PM LOCAL TIME.

CLIMATE NORMAL PERIOD 1981 TO 2010
CLIMATE RECORD PERIOD 1871 TO 2017


WEATHER ITEM   OBSERVED TIME   RECORD YEAR NORMAL DEPARTURE LAST
                VALUE   (LST)  VALUE       VALUE  FROM      YEAR
                                                  NORMAL
..................................................................
TEMPERATURE (F)
 TODAY
  MAXIMUM         35    359 PM  70    1964  47    -12       52
                                      1911
  MINIMUM         26   1219 AM   9    1979  30     -4       28
  AVERAGE         31                        38     -7       40

PRECIPITATION (IN)
  TODAY            0.00          1.02 1903   0.08  -0.08     0.00
  MONTH TO DATE    0.35                      0.88  -0.53     0.25
  SINCE SEP 1      4.46                      6.41  -1.95    13.67
  SINCE JAN 1     37.22                     31.23   5.99    41.91

SNOWFALL (IN)
  TODAY            0.0           2.0  1891   0.1   -0.1      0.0
  MONTH TO DATE    0.0                       0.6   -0.6      0.0
  SINCE SEP 1      T                         1.1   -1.1      0.0
  SINCE JUL 1      T                         1.1   -1.1      0.0
  SNOW DEPTH       0

DEGREE DAYS
 HEATING
  TODAY           34                        26      8       25
  MONTH TO DATE  333                       266     67      159
  SINCE SEP 1    793                       942   -149      548
  SINCE JUL 1    818                       979   -161      555

 COOLING
  TODAY            0                         0      0        0
  MONTH TO DATE    0                         0      0        0
  SINCE SEP 1    120                        55     65       85
  SINCE JAN 1    580                       568     12      780
..................................................................


WIND (MPH)
  HIGHEST WIND SPEED    22   HIGHEST WIND DIRECTION     S (160)
  HIGHEST GUST SPEED    26   HIGHEST GUST DIRECTION     S (160)
  AVERAGE WIND SPEED    13.5


SKY COVER
  POSSIBLE SUNSHINE  MM
  AVERAGE SKY COVER 1.0


WEATHER CONDITIONS
 THE FOLLOWING WEATHER WAS RECORDED TODAY.
  NO SIGNIFICANT WEATHER WAS OBSERVED.


RELATIVE HUMIDITY (PERCENT)
 HIGHEST    68          1200 AM
 LOWEST     55           300 AM
 AVERAGE    62

..........................................................


THE MADISON WI CLIMATE NORMALS FOR TOMORROW
                         NORMAL    RECORD    YEAR
 MAXIMUM TEMPERATURE (F)   46        64      1964
                                             1902
 MINIMUM TEMPERATURE (F)   30         7      1986
                                             1911


SUNRISE AND SUNSET
NOVEMBER 11 2017......SUNRISE   645 AM CST   SUNSET   437 PM CST
NOVEMBER 12 2017......SUNRISE   647 AM CST   SUNSET   436 PM CST


-  INDICATES NEGATIVE NUMBERS.
R  INDICATES RECORD WAS SET OR TIED.
MM INDICATES DATA IS MISSING.
T  INDICATES TRACE AMOUNT.




$$
