396
CDUS43 KMKX 152135
CLIMSN


CLIMATE REPORT
NATIONAL WEATHER SERVICE IN MILWAUKEE
432 PM CDT FRI SEP 15 2017


...................................

...THE MADISON WI CLIMATE SUMMARY FOR SEPTEMBER 15 2017...
VALID TODAY AS OF 0400 PM LOCAL TIME.

CLIMATE NORMAL PERIOD 1981 TO 2010
CLIMATE RECORD PERIOD 1871 TO 2017


WEATHER ITEM   OBSERVED TIME   RECORD YEAR NORMAL DEPARTURE LAST
                VALUE   (LST)  VALUE       VALUE  FROM      YEAR
                                                  NORMAL
..................................................................
TEMPERATURE (F)
 TODAY
  MAXIMUM         87    255 PM  96    1939  72     15       77
  MINIMUM         64    445 AM  32    2007  51     13       53
  AVERAGE         76                        61     15       65

PRECIPITATION (IN)
  TODAY            T             1.60 1931   0.10  -0.10     0.00
  MONTH TO DATE    0.14                      1.64  -1.50     3.84
  SINCE SEP 1      0.14                      1.64  -1.50     3.84
  SINCE JAN 1     32.90                     26.46   6.44    32.08

SNOWFALL (IN)
  TODAY            0.0           0.0    MM   0.0    0.0      0.0
  MONTH TO DATE    0.0                       0.0    0.0      0.0
  SINCE SEP 1      0.0                       0.0    0.0      0.0
  SINCE JUL 1      0.0                       0.0    0.0      0.0
  SNOW DEPTH       0

DEGREE DAYS
 HEATING
  TODAY            0                         5     -5        0
  MONTH TO DATE   70                        51     19        9
  SINCE SEP 1     70                        51     19        9
  SINCE JUL 1     95                        88      7       16

 COOLING
  TODAY           11                         2      9        0
  MONTH TO DATE   15                        38    -23       45
  SINCE SEP 1     15                        38    -23       45
  SINCE JAN 1    475                       551    -76      740
..................................................................


WIND (MPH)
  HIGHEST WIND SPEED    18   HIGHEST WIND DIRECTION     S (170)
  HIGHEST GUST SPEED    23   HIGHEST GUST DIRECTION     S (190)
  AVERAGE WIND SPEED     9.9


SKY COVER
  POSSIBLE SUNSHINE  MM
  AVERAGE SKY COVER 0.3


WEATHER CONDITIONS
 THE FOLLOWING WEATHER WAS RECORDED TODAY.
  NO SIGNIFICANT WEATHER WAS OBSERVED.


RELATIVE HUMIDITY (PERCENT)
 HIGHEST    87           300 AM
 LOWEST     40           200 PM
 AVERAGE    64

..........................................................


THE MADISON WI CLIMATE NORMALS FOR TOMORROW
                         NORMAL    RECORD    YEAR
 MAXIMUM TEMPERATURE (F)   72        91      1931
 MINIMUM TEMPERATURE (F)   50        32      1984


SUNRISE AND SUNSET
SEPTEMBER 15 2017.....SUNRISE   637 AM CDT   SUNSET   707 PM CDT
SEPTEMBER 16 2017.....SUNRISE   638 AM CDT   SUNSET   705 PM CDT


-  INDICATES NEGATIVE NUMBERS.
R  INDICATES RECORD WAS SET OR TIED.
MM INDICATES DATA IS MISSING.
T  INDICATES TRACE AMOUNT.




$$

HAHN
