000
CDUS43 KMKX 212042
CLIMSN


CLIMATE REPORT
NATIONAL WEATHER SERVICE IN MILWAUKEE
342 PM CDT WED SEP 21 2016


...................................

...THE MADISON WI CLIMATE SUMMARY FOR SEPTEMBER 21 2016...
VALID TODAY AS OF 0300 PM LOCAL TIME.

CLIMATE NORMAL PERIOD 1981 TO 2010
CLIMATE RECORD PERIOD 1871 TO 2016


WEATHER ITEM   OBSERVED TIME   RECORD YEAR NORMAL DEPARTURE LAST
                VALUE   (LST)  VALUE       VALUE  FROM      YEAR
                                                  NORMAL
..................................................................
TEMPERATURE (F)
 TODAY
  MAXIMUM         73    154 PM  90    1908  70      3       74
                                      1891
  MINIMUM         61    523 AM  33    1991  48     13       48
                                      1982
                                      1974
  AVERAGE         67                        59      8       61

PRECIPITATION (IN)
  TODAY            0.76          2.71 1947   0.10   0.66     0.00
  MONTH TO DATE    6.08                      2.26   3.82     3.96
  SINCE SEP 1      6.08                      2.26   3.82     3.96
  SINCE JAN 1     34.32                     27.08   7.24    26.75

SNOWFALL (IN)
  TODAY            0.0           0.0    MM   0.0    0.0      0.0
  MONTH TO DATE    0.0                       0.0    0.0      0.0
  SINCE SEP 1      0.0                       0.0    0.0      0.0
  SINCE JUL 1      0.0                       0.0    0.0      0.0
  SNOW DEPTH       0

DEGREE DAYS
 HEATING
  TODAY            0                         7     -7        4
  MONTH TO DATE    9                        90    -81       40
  SINCE SEP 1      9                        90    -81       40
  SINCE JUL 1     16                       127   -111       72

 COOLING
  TODAY            2                         1      1        0
  MONTH TO DATE   65                        45     20      126
  SINCE SEP 1     65                        45     20      126
  SINCE JAN 1    760                       558    202      655
..................................................................


WIND (MPH)
  HIGHEST WIND SPEED    29   HIGHEST WIND DIRECTION     S (180)
  HIGHEST GUST SPEED    35   HIGHEST GUST DIRECTION     S (170)
  AVERAGE WIND SPEED     5.8


SKY COVER
  POSSIBLE SUNSHINE  MM
  AVERAGE SKY COVER 0.8


WEATHER CONDITIONS
 THE FOLLOWING WEATHER WAS RECORDED TODAY.
  THUNDERSTORM
  RAIN
  LIGHT RAIN
  FOG


RELATIVE HUMIDITY (PERCENT)
 HIGHEST   100           900 AM
 LOWEST     48          1200 AM
 AVERAGE    74

..........................................................


THE MADISON WI CLIMATE NORMALS FOR TOMORROW
                         NORMAL    RECORD    YEAR
 MAXIMUM TEMPERATURE (F)   69        89      1937
 MINIMUM TEMPERATURE (F)   47        25      1974


SUNRISE AND SUNSET
SEPTEMBER 21 2016.....SUNRISE   644 AM CDT   SUNSET   656 PM CDT
SEPTEMBER 22 2016.....SUNRISE   645 AM CDT   SUNSET   654 PM CDT


-  INDICATES NEGATIVE NUMBERS.
R  INDICATES RECORD WAS SET OR TIED.
MM INDICATES DATA IS MISSING.
T  INDICATES TRACE AMOUNT.




$$
