000
CDUS43 KMKX 100657
CLIMSN


CLIMATE REPORT
NATIONAL WEATHER SERVICE IN MILWAUKEE
1256 AM CST WED JAN 10 2018


...................................

...THE MADISON WI CLIMATE SUMMARY FOR JANUARY 9 2018...

CLIMATE NORMAL PERIOD 1981 TO 2010
CLIMATE RECORD PERIOD 1871 TO 2018


WEATHER ITEM   OBSERVED TIME   RECORD YEAR NORMAL DEPARTURE LAST
                VALUE   (LST)  VALUE       VALUE  FROM      YEAR
                                                  NORMAL
..................................................................
TEMPERATURE (F)
 YESTERDAY
  MAXIMUM         40    207 PM  53    2002  26     14       29
                                      1939
  MINIMUM         22    415 AM -25    1875  11     11       17
  AVERAGE         31                        19     12       23

PRECIPITATION (IN)
  YESTERDAY        0.00          0.75 1889   0.04  -0.04     0.03
  MONTH TO DATE    0.03                      0.37  -0.34     0.06
  SINCE DEC 1      0.76                      2.11  -1.35     2.09
  SINCE JAN 1      0.03                      0.37  -0.34     0.06

SNOWFALL (IN)
  YESTERDAY        0.0           7.5  1889   0.4   -0.4      0.9
  MONTH TO DATE    0.7                       3.6   -2.9      1.0
  SINCE DEC 1      4.4                      17.1  -12.7     23.7
  SINCE JUL 1      4.7                      21.2  -16.5     23.7
  SNOW DEPTH       1

DEGREE DAYS
 HEATING
  YESTERDAY       34                        46    -12       42
  MONTH TO DATE  498                       414     84      460
  SINCE DEC 1   1821                      1714    107     1769
  SINCE JUL 1   3180                      3293   -113     2791

 COOLING
  YESTERDAY        0                         0      0        0
  MONTH TO DATE    0                         0      0        0
  SINCE DEC 1      0                         0      0        0
  SINCE JAN 1      0                         0      0        0
..................................................................


WIND (MPH)
  HIGHEST WIND SPEED    16   HIGHEST WIND DIRECTION    SE (150)
  HIGHEST GUST SPEED    22   HIGHEST GUST DIRECTION     S (160)
  AVERAGE WIND SPEED     6.2


SKY COVER
  POSSIBLE SUNSHINE  MM
  AVERAGE SKY COVER 0.5


WEATHER CONDITIONS
 THE FOLLOWING WEATHER WAS RECORDED YESTERDAY.
  FOG
  HAZE


RELATIVE HUMIDITY (PERCENT)
 HIGHEST   100           200 AM
 LOWEST     64          1100 AM
 AVERAGE    82

..........................................................


THE MADISON WI CLIMATE NORMALS FOR TODAY
                         NORMAL    RECORD    YEAR
 MAXIMUM TEMPERATURE (F)   26        53      1975
 MINIMUM TEMPERATURE (F)   11       -22      1982
                                             1979


SUNRISE AND SUNSET
JANUARY 10 2018.......SUNRISE   728 AM CST   SUNSET   442 PM CST
JANUARY 11 2018.......SUNRISE   728 AM CST   SUNSET   443 PM CST


-  INDICATES NEGATIVE NUMBERS.
R  INDICATES RECORD WAS SET OR TIED.
MM INDICATES DATA IS MISSING.
T  INDICATES TRACE AMOUNT.




$$
