000
CDUS43 KMKX 262054
CLIMSN


CLIMATE REPORT
NATIONAL WEATHER SERVICE IN MILWAUKEE
354 PM CDT SUN OCT 26 2014


...................................

...THE MADISON WI CLIMATE SUMMARY FOR OCTOBER 26 2014...
VALID TODAY AS OF 0300 PM LOCAL TIME.

CLIMATE NORMAL PERIOD 1981 TO 2010
CLIMATE RECORD PERIOD 1871 TO 2014


WEATHER ITEM   OBSERVED TIME   RECORD YEAR NORMAL DEPARTURE LAST
                VALUE   (LST)  VALUE       VALUE  FROM      YEAR
                                                  NORMAL
..................................................................
TEMPERATURE (F)
 TODAY
  MAXIMUM         62    159 PM  80    1927  55      7       52
  MINIMUM         33    643 AM  16    1962  36     -3       37
  AVERAGE         48                        45      3       45

PRECIPITATION (IN)
  TODAY            0.00          1.08 1917   0.08  -0.08     0.00
  MONTH TO DATE    2.98                      2.00   0.98     1.31
  SINCE SEP 1      4.82                      5.13  -0.31     4.50
  SINCE JAN 1     32.63                     29.95   2.68    40.98

SNOWFALL (IN)
  TODAY            0.0           3.8  1997   0.0    0.0      0.0
  MONTH TO DATE    T                         0.3   -0.3       T
  SINCE SEP 1      T                         0.3   -0.3       T
  SINCE JUL 1      T                         0.3   -0.3       T
  SNOW DEPTH       0

DEGREE DAYS
 HEATING
  TODAY           17                        20     -3       20
  MONTH TO DATE  369                       402    -33      365
  SINCE SEP 1    535                       573    -38      492
  SINCE JUL 1    552                       610    -58      522

 COOLING
  TODAY            0                         0      0        0
  MONTH TO DATE    0                         0      0        2
  SINCE SEP 1     44                        51     -7       96
  SINCE JAN 1    620                       564     56      709
..................................................................


WIND (MPH)
  HIGHEST WIND SPEED     8   HIGHEST WIND DIRECTION    NE (50)
  HIGHEST GUST SPEED    14   HIGHEST GUST DIRECTION    NE (30)
  AVERAGE WIND SPEED     2.9


SKY COVER
  POSSIBLE SUNSHINE  MM
  AVERAGE SKY COVER 0.1


WEATHER CONDITIONS
 THE FOLLOWING WEATHER WAS RECORDED TODAY.
  NO SIGNIFICANT WEATHER WAS OBSERVED.


RELATIVE HUMIDITY (PERCENT)
 HIGHEST    75           500 AM
 LOWEST     27           100 PM
 AVERAGE    51

..........................................................


THE MADISON WI CLIMATE NORMALS FOR TOMORROW
                         NORMAL    RECORD    YEAR
 MAXIMUM TEMPERATURE (F)   54        79      1927
 MINIMUM TEMPERATURE (F)   36        15      1976


SUNRISE AND SUNSET
OCTOBER 26 2014.......SUNRISE   724 AM CDT   SUNSET   557 PM CDT
OCTOBER 27 2014.......SUNRISE   726 AM CDT   SUNSET   556 PM CDT


-  INDICATES NEGATIVE NUMBERS.
R  INDICATES RECORD WAS SET OR TIED.
MM INDICATES DATA IS MISSING.
T  INDICATES TRACE AMOUNT.




$$
