000
CDUS43 KMKX 252041
CLIMSN


CLIMATE REPORT
NATIONAL WEATHER SERVICE IN MILWAUKEE
340 PM CDT THU AUG 25 2016


...................................

...THE MADISON WI CLIMATE SUMMARY FOR AUGUST 25 2016...
VALID TODAY AS OF 0300 PM LOCAL TIME.

CLIMATE NORMAL PERIOD 1981 TO 2010
CLIMATE RECORD PERIOD 1871 TO 2016


WEATHER ITEM   OBSERVED TIME   RECORD YEAR NORMAL DEPARTURE LAST
                VALUE   (LST)  VALUE       VALUE  FROM      YEAR
                                                  NORMAL
..................................................................
TEMPERATURE (F)
 TODAY
  MAXIMUM         80    149 PM  94    1953  79      1       68
                                      1948
  MINIMUM         62    543 AM  37    1958  58      4       55
  AVERAGE         71                        68      3       62

PRECIPITATION (IN)
  TODAY            0.00          2.30 2001   0.13  -0.13     0.00
  MONTH TO DATE    6.79                      3.48   3.31     2.30
  SINCE JUN 1     17.37                     12.20   5.17    10.47
  SINCE JAN 1     27.16                     24.03   3.13    20.99

SNOWFALL (IN)
  TODAY            0.0           0.0    MM   0.0    0.0      0.0
  MONTH TO DATE    0.0                       0.0    0.0      0.0
  SINCE JUN 1      0.0                       0.0    0.0      0.0
  SINCE JUL 1      0.0                       0.0    0.0      0.0
  SNOW DEPTH       0

DEGREE DAYS
 HEATING
  TODAY            0                         1     -1        3
  MONTH TO DATE    3                        22    -19       11
  SINCE JUN 1     21                        92    -71       64
  SINCE JUL 1      7                        32    -25       27

 COOLING
  TODAY            6                         4      2        0
  MONTH TO DATE  204                       135     69      160
  SINCE JUN 1    608                       461    147      471
  SINCE JAN 1    660                       491    169      521
..................................................................


WIND (MPH)
  HIGHEST WIND SPEED    10   HIGHEST WIND DIRECTION    NW (320)
  HIGHEST GUST SPEED    13   HIGHEST GUST DIRECTION    NW (330)
  AVERAGE WIND SPEED     4.4


SKY COVER
  POSSIBLE SUNSHINE  MM
  AVERAGE SKY COVER 0.6


WEATHER CONDITIONS
 THE FOLLOWING WEATHER WAS RECORDED TODAY.
  FOG


RELATIVE HUMIDITY (PERCENT)
 HIGHEST   100           500 AM
 LOWEST     48          1200 PM
 AVERAGE    74

..........................................................


THE MADISON WI CLIMATE NORMALS FOR TOMORROW
                         NORMAL    RECORD    YEAR
 MAXIMUM TEMPERATURE (F)   78        95      1953
 MINIMUM TEMPERATURE (F)   58        39      1964


SUNRISE AND SUNSET
AUGUST 25 2016........SUNRISE   614 AM CDT   SUNSET   743 PM CDT
AUGUST 26 2016........SUNRISE   616 AM CDT   SUNSET   742 PM CDT


-  INDICATES NEGATIVE NUMBERS.
R  INDICATES RECORD WAS SET OR TIED.
MM INDICATES DATA IS MISSING.
T  INDICATES TRACE AMOUNT.




$$
