000
CDUS43 KMKX 300657
CLIMSN


CLIMATE REPORT
NATIONAL WEATHER SERVICE IN MILWAUKEE
157 AM CDT SAT APR 30 2016


...................................

...THE MADISON WI CLIMATE SUMMARY FOR APRIL 29 2016...

CLIMATE NORMAL PERIOD 1981 TO 2010
CLIMATE RECORD PERIOD 1871 TO 2016


WEATHER ITEM   OBSERVED TIME   RECORD YEAR NORMAL DEPARTURE LAST
                VALUE   (LST)  VALUE       VALUE  FROM      YEAR
                                                  NORMAL
..................................................................
TEMPERATURE (F)
 YESTERDAY
  MAXIMUM         53    538 PM  87    1952  63    -10       68
  MINIMUM         38    549 AM  22    1977  41     -3       37
  AVERAGE         46                        52     -6       53

PRECIPITATION (IN)
  YESTERDAY        0.08          1.74 1984   0.11  -0.03      T
  MONTH TO DATE    1.69                      3.28  -1.59     4.38
  SINCE MAR 1      5.65                      5.48   0.17     5.14
  SINCE JAN 1      7.15                      8.16  -1.01     6.34

SNOWFALL (IN)
  YESTERDAY        0.0           1.0  1996   0.1   -0.1      0.0
  MONTH TO DATE    4.2                       2.6    1.6       T
  SINCE MAR 1      8.2                       9.6   -1.4      4.2
  SINCE JUL 1     32.7                      50.7  -18.0     33.7
  SNOW DEPTH       0

DEGREE DAYS
 HEATING
  YESTERDAY       19                        13      6       12
  MONTH TO DATE  549                       545      4      477
  SINCE MAR 1   1319                      1508   -189     1412
  SINCE JUL 1   5919                      6994  -1075     7123

 COOLING
  YESTERDAY        0                         0      0        0
  MONTH TO DATE    0                         0      0        0
  SINCE MAR 1      0                         0      0        0
  SINCE JAN 1      0                         0      0        0
..................................................................


WIND (MPH)
  HIGHEST WIND SPEED    18   HIGHEST WIND DIRECTION    NE (60)
  HIGHEST GUST SPEED    22   HIGHEST GUST DIRECTION    NE (30)
  AVERAGE WIND SPEED     7.0


SKY COVER
  POSSIBLE SUNSHINE  MM
  AVERAGE SKY COVER 0.8


WEATHER CONDITIONS
 THE FOLLOWING WEATHER WAS RECORDED YESTERDAY.
  HEAVY RAIN
  RAIN
  LIGHT RAIN
  FOG


RELATIVE HUMIDITY (PERCENT)
 HIGHEST    92          1200 AM
 LOWEST     59           200 PM
 AVERAGE    76

..........................................................


THE MADISON WI CLIMATE NORMALS FOR TODAY
                         NORMAL    RECORD    YEAR
 MAXIMUM TEMPERATURE (F)   63        90      1952
 MINIMUM TEMPERATURE (F)   41        27      1956


SUNRISE AND SUNSET
APRIL 30 2016.........SUNRISE   552 AM CDT   SUNSET   758 PM CDT
MAY  1 2016...........SUNRISE   550 AM CDT   SUNSET   759 PM CDT


-  INDICATES NEGATIVE NUMBERS.
R  INDICATES RECORD WAS SET OR TIED.
MM INDICATES DATA IS MISSING.
T  INDICATES TRACE AMOUNT.




$$
