000
CDUS43 KMKX 120046
CLIMSN


CLIMATE REPORT
NATIONAL WEATHER SERVICE IN MILWAUKEE
744 PM CDT FRI APR 11 2014


...................................

...THE MADISON WI CLIMATE SUMMARY FOR APRIL 11 2014...
VALID TODAY AS OF 0700 PM LOCAL TIME.

CLIMATE NORMAL PERIOD 1981 TO 2010
CLIMATE RECORD PERIOD 1871 TO 2014


WEATHER ITEM   OBSERVED TIME   RECORD YEAR NORMAL DEPARTURE LAST
                VALUE   (LST)  VALUE       VALUE  FROM      YEAR
                                                  NORMAL
..................................................................
TEMPERATURE (F)
 TODAY
  MAXIMUM         69    404 PM  84    1977  55     14       39
  MINIMUM         36    603 AM  12    1973  34      2       35
  AVERAGE         53                        45      8       37

PRECIPITATION (IN)
  TODAY            T             0.72 1935   0.12  -0.12     0.30
  MONTH TO DATE    0.27                      1.19  -0.92     3.28
  SINCE MAR 1      1.53                      3.39  -1.86     5.69
  SINCE JAN 1      3.42                      6.07  -2.65    10.97

SNOWFALL (IN)
  TODAY            0.0           5.3  2007   0.1   -0.1      0.0
  MONTH TO DATE    T                         1.4   -1.4      0.0
  SINCE MAR 1      8.2                       8.4   -0.2     15.2
  SINCE JUL 1     58.2                      49.5    8.7     70.3
  SNOW DEPTH       0

DEGREE DAYS
 HEATING
  TODAY           12                        20     -8       28
  MONTH TO DATE  232                       246    -14      284
  SINCE MAR 1   1380                      1209    171     1466
  SINCE JUL 1   7492                      6695    797     6624

 COOLING
  TODAY            0                         0      0        0
  MONTH TO DATE    0                         0      0        0
  SINCE MAR 1      0                         0      0        0
  SINCE JAN 1      0                         0      0        0
..................................................................


WIND (MPH)
  HIGHEST WIND SPEED    17   HIGHEST WIND DIRECTION    SW (230)
  HIGHEST GUST SPEED    29   HIGHEST GUST DIRECTION    SW (240)
  AVERAGE WIND SPEED     5.7


SKY COVER
  POSSIBLE SUNSHINE  MM
  AVERAGE SKY COVER 0.4


WEATHER CONDITIONS
 THE FOLLOWING WEATHER WAS RECORDED TODAY.
  NO SIGNIFICANT WEATHER WAS OBSERVED.


RELATIVE HUMIDITY (PERCENT)
 HIGHEST    59           300 AM
 LOWEST     20          1100 AM
 AVERAGE    40

..........................................................


THE MADISON WI CLIMATE NORMALS FOR TOMORROW
                         NORMAL    RECORD    YEAR
 MAXIMUM TEMPERATURE (F)   56        86      1887
 MINIMUM TEMPERATURE (F)   35        17      1939


SUNRISE AND SUNSET
APRIL 11 2014.........SUNRISE   622 AM CDT   SUNSET   735 PM CDT
APRIL 12 2014.........SUNRISE   620 AM CDT   SUNSET   737 PM CDT


-  INDICATES NEGATIVE NUMBERS.
R  INDICATES RECORD WAS SET OR TIED.
MM INDICATES DATA IS MISSING.
T  INDICATES TRACE AMOUNT.




$$

HAHN
