000
CDUS43 KMKX 092133
CLIMSN


CLIMATE REPORT
NATIONAL WEATHER SERVICE IN MILWAUKEE
432 PM CDT MON OCT 9 2017


...................................

...THE MADISON WI CLIMATE SUMMARY FOR OCTOBER 9 2017...
VALID TODAY AS OF 0400 PM LOCAL TIME.

CLIMATE NORMAL PERIOD 1981 TO 2010
CLIMATE RECORD PERIOD 1871 TO 2017


WEATHER ITEM   OBSERVED TIME   RECORD YEAR NORMAL DEPARTURE LAST
                VALUE   (LST)  VALUE       VALUE  FROM      YEAR
                                                  NORMAL
..................................................................
TEMPERATURE (F)
 TODAY
  MAXIMUM         70    259 PM  85    2010  62      8       63
  MINIMUM         47    633 AM  20    1964  41      6       38
  AVERAGE         59                        51      8       51

PRECIPITATION (IN)
  TODAY            0.00          1.10 1932   0.07  -0.07     0.00
  MONTH TO DATE    1.70                      0.70   1.00     0.44
  SINCE SEP 1      2.25                      3.83  -1.58     8.90
  SINCE JAN 1     35.01                     28.65   6.36    37.14

SNOWFALL (IN)
  TODAY            0.0           0.3  1925   0.0    0.0      0.0
  MONTH TO DATE    0.0                       0.0    0.0      0.0
  SINCE SEP 1      0.0                       0.0    0.0      0.0
  SINCE JUL 1      0.0                       0.0    0.0      0.0
  SNOW DEPTH       0

DEGREE DAYS
 HEATING
  TODAY            6                        14     -8       14
  MONTH TO DATE   37                       113    -76       67
  SINCE SEP 1    150                       284   -134      109
  SINCE JUL 1    175                       321   -146      116

 COOLING
  TODAY            0                         0      0        0
  MONTH TO DATE    8                         0      8        0
  SINCE SEP 1    118                        51     67       76
  SINCE JAN 1    578                       564     14      771
..................................................................


WIND (MPH)
  HIGHEST WIND SPEED    15   HIGHEST WIND DIRECTION     N (360)
  HIGHEST GUST SPEED    17   HIGHEST GUST DIRECTION     N (340)
  AVERAGE WIND SPEED     4.6


SKY COVER
  POSSIBLE SUNSHINE  MM
  AVERAGE SKY COVER 0.1


WEATHER CONDITIONS
 THE FOLLOWING WEATHER WAS RECORDED TODAY.
  FOG


RELATIVE HUMIDITY (PERCENT)
 HIGHEST   100           100 AM
 LOWEST     53           300 PM
 AVERAGE    77

..........................................................


THE MADISON WI CLIMATE NORMALS FOR TOMORROW
                         NORMAL    RECORD    YEAR
 MAXIMUM TEMPERATURE (F)   61        84      1938
 MINIMUM TEMPERATURE (F)   40        17      1964


SUNRISE AND SUNSET
OCTOBER  9 2017.......SUNRISE   704 AM CDT   SUNSET   624 PM CDT
OCTOBER 10 2017.......SUNRISE   705 AM CDT   SUNSET   622 PM CDT


-  INDICATES NEGATIVE NUMBERS.
R  INDICATES RECORD WAS SET OR TIED.
MM INDICATES DATA IS MISSING.
T  INDICATES TRACE AMOUNT.




$$
