000
CDUS43 KMKX 240701
CLIMSN


CLIMATE REPORT
NATIONAL WEATHER SERVICE IN MILWAUKEE
159 AM CDT TUE MAY 24 2016


...................................

...THE MADISON WI CLIMATE SUMMARY FOR MAY 23 2016...

CLIMATE NORMAL PERIOD 1981 TO 2010
CLIMATE RECORD PERIOD 1871 TO 2016


WEATHER ITEM   OBSERVED TIME   RECORD YEAR NORMAL DEPARTURE LAST
                VALUE   (LST)  VALUE       VALUE  FROM      YEAR
                                                  NORMAL
..................................................................
TEMPERATURE (F)
 YESTERDAY
  MAXIMUM         83    327 PM  91    1975  71     12       78
  MINIMUM         53    227 AM  28    1958  48      5       45
  AVERAGE         68                        59      9       62

PRECIPITATION (IN)
  YESTERDAY        0.00          3.64 1966   0.12  -0.12     0.00
  MONTH TO DATE    1.49                      2.55  -1.06     2.65
  SINCE MAR 1      7.56                      8.15  -0.59     7.79
  SINCE JAN 1      9.06                     10.83  -1.77     8.99

SNOWFALL (IN)
  YESTERDAY        0.0           0.0    MM   0.0    0.0      0.0
  MONTH TO DATE    0.0                       0.2   -0.2      0.0
  SINCE MAR 1      8.2                       9.8   -1.6      4.2
  SINCE JUL 1     32.7                      50.9  -18.2     33.7
  SNOW DEPTH       0

DEGREE DAYS
 HEATING
  YESTERDAY        0                         7     -7        3
  MONTH TO DATE  246                       221     25      160
  SINCE MAR 1   1584                      1742   -158     1589
  SINCE JUL 1   6184                      7228  -1044     7300

 COOLING
  YESTERDAY        3                         1      2        0
  MONTH TO DATE    3                        13    -10       26
  SINCE MAR 1      3                        17    -14       26
  SINCE JAN 1      3                        17    -14       26
..................................................................


WIND (MPH)
  HIGHEST WIND SPEED    18   HIGHEST WIND DIRECTION     S (170)
  HIGHEST GUST SPEED    24   HIGHEST GUST DIRECTION     S (170)
  AVERAGE WIND SPEED     8.3


SKY COVER
  POSSIBLE SUNSHINE  MM
  AVERAGE SKY COVER 0.5


WEATHER CONDITIONS
 THE FOLLOWING WEATHER WAS RECORDED YESTERDAY.
  NO SIGNIFICANT WEATHER WAS OBSERVED.


RELATIVE HUMIDITY (PERCENT)
 HIGHEST    72           200 AM
 LOWEST     26           200 PM
 AVERAGE    49

..........................................................


THE MADISON WI CLIMATE NORMALS FOR TODAY
                         NORMAL    RECORD    YEAR
 MAXIMUM TEMPERATURE (F)   71        92      1950
 MINIMUM TEMPERATURE (F)   49        32      1992
                                             1925


SUNRISE AND SUNSET
MAY 24 2016...........SUNRISE   525 AM CDT   SUNSET   824 PM CDT
MAY 25 2016...........SUNRISE   524 AM CDT   SUNSET   825 PM CDT


-  INDICATES NEGATIVE NUMBERS.
R  INDICATES RECORD WAS SET OR TIED.
MM INDICATES DATA IS MISSING.
T  INDICATES TRACE AMOUNT.




$$
