000
CDUS43 KMKX 092121
CLIMSN


CLIMATE REPORT
NATIONAL WEATHER SERVICE IN MILWAUKEE
420 PM CDT WED AUG 9 2017


...................................

...THE MADISON WI CLIMATE SUMMARY FOR AUGUST 9 2017...
VALID TODAY AS OF 0400 PM LOCAL TIME.

CLIMATE NORMAL PERIOD 1981 TO 2010
CLIMATE RECORD PERIOD 1871 TO 2017


WEATHER ITEM   OBSERVED TIME   RECORD YEAR NORMAL DEPARTURE LAST
                VALUE   (LST)  VALUE       VALUE  FROM      YEAR
                                                  NORMAL
..................................................................
TEMPERATURE (F)
 TODAY
  MAXIMUM         79    232 PM  95    1936  80     -1       84
                                      1934
                                      1887
  MINIMUM         57    518 AM  40    1972  60     -3       69
  AVERAGE         68                        70     -2       77

PRECIPITATION (IN)
  TODAY            0.00          1.80 1960   0.14  -0.14     0.00
  MONTH TO DATE    0.46                      1.23  -0.77     1.61
  SINCE JUN 1     13.71                      9.95   3.76    12.19
  SINCE JAN 1     29.37                     21.78   7.59    21.98

SNOWFALL (IN)
  TODAY            0.0           0.0    MM   0.0    0.0      0.0
  MONTH TO DATE    0.0                       0.0    0.0      0.0
  SINCE JUN 1      0.0                       0.0    0.0      0.0
  SINCE JUL 1      0.0                       0.0    0.0      0.0
  SNOW DEPTH       0

DEGREE DAYS
 HEATING
  TODAY            0                         1     -1        0
  MONTH TO DATE    3                         6     -3        0
  SINCE JUN 1     33                        76    -43       18
  SINCE JUL 1      3                        16    -13        4

 COOLING
  TODAY            3                         6     -3       12
  MONTH TO DATE   26                        54    -28       81
  SINCE JUN 1    385                       380      5      485
  SINCE JAN 1    400                       410    -10      537
..................................................................


WIND (MPH)
  HIGHEST WIND SPEED    15   HIGHEST WIND DIRECTION     S (180)
  HIGHEST GUST SPEED    20   HIGHEST GUST DIRECTION     S (180)
  AVERAGE WIND SPEED     3.9


SKY COVER
  POSSIBLE SUNSHINE  MM
  AVERAGE SKY COVER 0.5


WEATHER CONDITIONS
 THE FOLLOWING WEATHER WAS RECORDED TODAY.
  NO SIGNIFICANT WEATHER WAS OBSERVED.


RELATIVE HUMIDITY (PERCENT)
 HIGHEST    93           100 AM
 LOWEST     42           100 PM
 AVERAGE    68

..........................................................


THE MADISON WI CLIMATE NORMALS FOR TOMORROW
                         NORMAL    RECORD    YEAR
 MAXIMUM TEMPERATURE (F)   80        94      1958
                                             1944
 MINIMUM TEMPERATURE (F)   60        44      1982


SUNRISE AND SUNSET
AUGUST  9 2017........SUNRISE   557 AM CDT   SUNSET   808 PM CDT
AUGUST 10 2017........SUNRISE   558 AM CDT   SUNSET   807 PM CDT


-  INDICATES NEGATIVE NUMBERS.
R  INDICATES RECORD WAS SET OR TIED.
MM INDICATES DATA IS MISSING.
T  INDICATES TRACE AMOUNT.




$$
