000
CDUS43 KMKX 150643
CLIMSN


CLIMATE REPORT
NATIONAL WEATHER SERVICE IN MILWAUKEE
1243 AM CST WED NOV 15 2017


...................................

...THE MADISON WI CLIMATE SUMMARY FOR NOVEMBER 14 2017...

CLIMATE NORMAL PERIOD 1981 TO 2010
CLIMATE RECORD PERIOD 1871 TO 2017


WEATHER ITEM   OBSERVED TIME   RECORD YEAR NORMAL DEPARTURE LAST
                VALUE   (LST)  VALUE       VALUE  FROM      YEAR
                                                  NORMAL
..................................................................
TEMPERATURE (F)
 YESTERDAY
  MAXIMUM         46   1159 PM  71    1971  45      1       61
  MINIMUM         31    435 AM   2    1959  29      2       38
  AVERAGE         39                        37      2       50

PRECIPITATION (IN)
  YESTERDAY        T             1.04 1956   0.08  -0.08     0.00
  MONTH TO DATE    0.35                      1.12  -0.77     0.25
  SINCE SEP 1      4.46                      6.65  -2.19    13.67
  SINCE JAN 1     37.22                     31.47   5.75    41.91

SNOWFALL (IN)
  YESTERDAY        0.0           2.0  1997   0.1   -0.1      0.0
  MONTH TO DATE    T                         0.8   -0.8      0.0
  SINCE SEP 1      T                         1.3   -1.3      0.0
  SINCE JUL 1      T                         1.3   -1.3      0.0
  SNOW DEPTH       0

DEGREE DAYS
 HEATING
  YESTERDAY       26                        28     -2       15
  MONTH TO DATE  426                       348     78      217
  SINCE SEP 1    886                      1024   -138      606
  SINCE JUL 1    911                      1061   -150      613

 COOLING
  YESTERDAY        0                         0      0        0
  MONTH TO DATE    0                         0      0        0
  SINCE SEP 1    120                        55     65       85
  SINCE JAN 1    580                       568     12      780
..................................................................


WIND (MPH)
  HIGHEST WIND SPEED    18   HIGHEST WIND DIRECTION     S (170)
  HIGHEST GUST SPEED    30   HIGHEST GUST DIRECTION    NW (320)
  AVERAGE WIND SPEED    10.4


SKY COVER
  POSSIBLE SUNSHINE  MM
  AVERAGE SKY COVER 1.0


WEATHER CONDITIONS
 THE FOLLOWING WEATHER WAS RECORDED YESTERDAY.
  LIGHT RAIN
  FOG
  HAZE


RELATIVE HUMIDITY (PERCENT)
 HIGHEST   100           400 AM
 LOWEST     71          1000 PM
 AVERAGE    86

..........................................................


THE MADISON WI CLIMATE NORMALS FOR TODAY
                         NORMAL    RECORD    YEAR
 MAXIMUM TEMPERATURE (F)   44        68      1990
 MINIMUM TEMPERATURE (F)   29         5      1959


SUNRISE AND SUNSET
NOVEMBER 15 2017......SUNRISE   650 AM CST   SUNSET   433 PM CST
NOVEMBER 16 2017......SUNRISE   652 AM CST   SUNSET   432 PM CST


-  INDICATES NEGATIVE NUMBERS.
R  INDICATES RECORD WAS SET OR TIED.
MM INDICATES DATA IS MISSING.
T  INDICATES TRACE AMOUNT.




$$
