000
CDUS43 KMKX 160700
CLIMSN


CLIMATE REPORT
NATIONAL WEATHER SERVICE IN MILWAUKEE
100 AM CST THU FEB 16 2017


...................................

...THE MADISON WI CLIMATE SUMMARY FOR FEBRUARY 15 2017...

CLIMATE NORMAL PERIOD 1981 TO 2010
CLIMATE RECORD PERIOD 1871 TO 2017


WEATHER ITEM   OBSERVED TIME   RECORD YEAR NORMAL DEPARTURE LAST
                VALUE   (LST)  VALUE       VALUE  FROM      YEAR
                                                  NORMAL
..................................................................
TEMPERATURE (F)
 YESTERDAY
  MAXIMUM         34    343 PM  63    1921  31      3       25
  MINIMUM         23    829 AM -14    1920  15      8       15
  AVERAGE         29                        23      6       20

PRECIPITATION (IN)
  YESTERDAY        0.00          0.48 1992   0.05  -0.05     0.01
  MONTH TO DATE    0.28                      0.70  -0.42     0.47
  SINCE DEC 1      5.07                      3.67   1.40     4.78
  SINCE JAN 1      3.04                      1.93   1.11     1.45

SNOWFALL (IN)
  YESTERDAY        0.0           4.9  1992   0.3   -0.3      0.2
  MONTH TO DATE    T                         5.9   -5.9      5.5
  SINCE DEC 1     33.8                      32.3    1.5     19.8
  SINCE JUL 1     33.8                      36.4   -2.6     23.9
  SNOW DEPTH       0

DEGREE DAYS
 HEATING
  YESTERDAY       36                        42     -6       45
  MONTH TO DATE  588                       657    -69      672
  SINCE DEC 1   3170                      3391   -221     2983
  SINCE JUL 1   4192                      4970   -778     4174

 COOLING
  YESTERDAY        0                         0      0        0
  MONTH TO DATE    0                         0      0        0
  SINCE DEC 1      0                         0      0        0
  SINCE JAN 1      0                         0      0        0
..................................................................


WIND (MPH)
  HIGHEST WIND SPEED    17   HIGHEST WIND DIRECTION     N (340)
  HIGHEST GUST SPEED    23   HIGHEST GUST DIRECTION     N (340)
  AVERAGE WIND SPEED     9.7


SKY COVER
  POSSIBLE SUNSHINE  MM
  AVERAGE SKY COVER 0.6


WEATHER CONDITIONS
 THE FOLLOWING WEATHER WAS RECORDED YESTERDAY.
  NO SIGNIFICANT WEATHER WAS OBSERVED.


RELATIVE HUMIDITY (PERCENT)
 HIGHEST    60          1000 AM
 LOWEST     36           500 PM
 AVERAGE    48

..........................................................


THE MADISON WI CLIMATE NORMALS FOR TODAY
                         NORMAL    RECORD    YEAR
 MAXIMUM TEMPERATURE (F)   31        57      1981
 MINIMUM TEMPERATURE (F)   15       -18      1936
                                             1885


SUNRISE AND SUNSET
FEBRUARY 16 2017......SUNRISE   653 AM CST   SUNSET   530 PM CST
FEBRUARY 17 2017......SUNRISE   652 AM CST   SUNSET   531 PM CST


-  INDICATES NEGATIVE NUMBERS.
R  INDICATES RECORD WAS SET OR TIED.
MM INDICATES DATA IS MISSING.
T  INDICATES TRACE AMOUNT.




$$
