000
CDUS43 KMKX 170649
CLIMSN


CLIMATE REPORT
NATIONAL WEATHER SERVICE IN MILWAUKEE
149 AM CDT SUN AUG 17 2014


...................................

...THE MADISON WI CLIMATE SUMMARY FOR AUGUST 16 2014...

CLIMATE NORMAL PERIOD 1981 TO 2010
CLIMATE RECORD PERIOD 1871 TO 2014


WEATHER ITEM   OBSERVED TIME   RECORD YEAR NORMAL DEPARTURE LAST
                VALUE   (LST)  VALUE       VALUE  FROM      YEAR
                                                  NORMAL
..................................................................
TEMPERATURE (F)
 YESTERDAY
  MAXIMUM         85    403 PM 102    1988  80      5       82
  MINIMUM         64    531 AM  38    1979  59      5       52
  AVERAGE         75                        70      5       67

PRECIPITATION (IN)
  YESTERDAY        T             3.25 1886   0.15  -0.15     0.00
  MONTH TO DATE    2.69                      2.25   0.44     0.30
  SINCE JUN 1     13.32                     10.97   2.35    15.16
  SINCE JAN 1     25.07                     22.80   2.27    35.25

SNOWFALL (IN)
  YESTERDAY        0.0           0.0    MM   0.0    0.0      0.0
  MONTH TO DATE    0.0                       0.0    0.0      0.0
  SINCE JUN 1      0.0                       0.0    0.0      0.0
  SINCE JUL 1      0.0                       0.0    0.0      0.0
  SNOW DEPTH       0

DEGREE DAYS
 HEATING
  YESTERDAY        0                         1     -1        0
  MONTH TO DATE    4                        13     -9       12
  SINCE JUN 1     26                        83    -57       82
  SINCE JUL 1     17                        23     -6       30

 COOLING
  YESTERDAY       10                         5      5        2
  MONTH TO DATE   77                        92    -15       49
  SINCE JUN 1    402                       418    -16      417
  SINCE JAN 1    453                       448      5      470
..................................................................


WIND (MPH)
  HIGHEST WIND SPEED    16   HIGHEST WIND DIRECTION     E (90)
  HIGHEST GUST SPEED    33   HIGHEST GUST DIRECTION    SW (210)
  AVERAGE WIND SPEED     3.8


SKY COVER
  POSSIBLE SUNSHINE  MM
  AVERAGE SKY COVER 0.6


WEATHER CONDITIONS
 THE FOLLOWING WEATHER WAS RECORDED YESTERDAY.
  LIGHT RAIN
  FOG
  HAZE


RELATIVE HUMIDITY (PERCENT)
 HIGHEST    93           400 AM
 LOWEST     55           400 PM
 AVERAGE    74

..........................................................


THE MADISON WI CLIMATE NORMALS FOR TODAY
                         NORMAL    RECORD    YEAR
 MAXIMUM TEMPERATURE (F)   80       102      1988
 MINIMUM TEMPERATURE (F)   59        45      1981


SUNRISE AND SUNSET
AUGUST 17 2014........SUNRISE   605 AM CDT   SUNSET   757 PM CDT
AUGUST 18 2014........SUNRISE   606 AM CDT   SUNSET   755 PM CDT


-  INDICATES NEGATIVE NUMBERS.
R  INDICATES RECORD WAS SET OR TIED.
MM INDICATES DATA IS MISSING.
T  INDICATES TRACE AMOUNT.




$$
