000
CDUS43 KMKX 230641
CLIMSN


CLIMATE REPORT
NATIONAL WEATHER SERVICE IN MILWAUKEE
140 AM CDT THU MAR 23 2017


...................................

...THE MADISON WI CLIMATE SUMMARY FOR MARCH 22 2017...

CLIMATE NORMAL PERIOD 1981 TO 2010
CLIMATE RECORD PERIOD 1871 TO 2017


WEATHER ITEM   OBSERVED TIME   RECORD YEAR NORMAL DEPARTURE LAST
                VALUE   (LST)  VALUE       VALUE  FROM      YEAR
                                                  NORMAL
..................................................................
TEMPERATURE (F)
 YESTERDAY
  MAXIMUM         39    420 PM  79    2012  46     -7       56
  MINIMUM         17    537 AM  -5    1888  27    -10       37
  AVERAGE         28                        36     -8       47

PRECIPITATION (IN)
  YESTERDAY        0.00          1.00 1916   0.07  -0.07     0.00
  MONTH TO DATE    1.04                      1.42  -0.38     2.11
  SINCE MAR 1      1.04                      1.42  -0.38     2.11
  SINCE JAN 1      5.74                      4.10   1.64     3.61

SNOWFALL (IN)
  YESTERDAY        0.0          12.0  1916   0.2   -0.2      0.0
  MONTH TO DATE    8.3                       5.5    2.8      3.5
  SINCE MAR 1      8.3                       5.5    2.8      3.5
  SINCE JUL 1     44.0                      46.6   -2.6     28.0
  SNOW DEPTH       0

DEGREE DAYS
 HEATING
  YESTERDAY       37                        29      8       18
  MONTH TO DATE  737                       723     14      545
  SINCE MAR 1    737                       723     14      545
  SINCE JUL 1   5249                      6209   -960     5145

 COOLING
  YESTERDAY        0                         0      0        0
  MONTH TO DATE    0                         0      0        0
  SINCE MAR 1      0                         0      0        0
  SINCE JAN 1      0                         0      0        0
..................................................................


WIND (MPH)
  HIGHEST WIND SPEED    17   HIGHEST WIND DIRECTION    NE (40)
  HIGHEST GUST SPEED    21   HIGHEST GUST DIRECTION    NE (40)
  AVERAGE WIND SPEED     7.8


SKY COVER
  POSSIBLE SUNSHINE  MM
  AVERAGE SKY COVER 0.2


WEATHER CONDITIONS
 THE FOLLOWING WEATHER WAS RECORDED YESTERDAY.
  NO SIGNIFICANT WEATHER WAS OBSERVED.


RELATIVE HUMIDITY (PERCENT)
 HIGHEST    75          1100 PM
 LOWEST     35           300 PM
 AVERAGE    55

..........................................................


THE MADISON WI CLIMATE NORMALS FOR TODAY
                         NORMAL    RECORD    YEAR
 MAXIMUM TEMPERATURE (F)   46        78      1910
 MINIMUM TEMPERATURE (F)   27        -6      1888


SUNRISE AND SUNSET
MARCH 23 2017.........SUNRISE   655 AM CDT   SUNSET   714 PM CDT
MARCH 24 2017.........SUNRISE   653 AM CDT   SUNSET   715 PM CDT


-  INDICATES NEGATIVE NUMBERS.
R  INDICATES RECORD WAS SET OR TIED.
MM INDICATES DATA IS MISSING.
T  INDICATES TRACE AMOUNT.




$$
