400
CDUS43 KMKX 140647
CLIMSN


CLIMATE REPORT
NATIONAL WEATHER SERVICE IN MILWAUKEE
1246 AM CST SUN JAN 14 2018


...................................

...THE MADISON WI CLIMATE SUMMARY FOR JANUARY 13 2018...

CLIMATE NORMAL PERIOD 1981 TO 2010
CLIMATE RECORD PERIOD 1871 TO 2018


WEATHER ITEM   OBSERVED TIME   RECORD YEAR NORMAL DEPARTURE LAST
                VALUE   (LST)  VALUE       VALUE  FROM      YEAR
                                                  NORMAL
..................................................................
TEMPERATURE (F)
 YESTERDAY
  MAXIMUM         10    317 PM  53    1961  26    -16       13
  MINIMUM         -4   1147 PM -22    1916  11    -15        4
  AVERAGE          3                        18    -15        9

PRECIPITATION (IN)
  YESTERDAY        0.00          1.21 1910   0.04  -0.04      T
  MONTH TO DATE    0.21                      0.53  -0.32     0.75
  SINCE DEC 1      0.94                      2.27  -1.33     2.78
  SINCE JAN 1      0.21                      0.53  -0.32     0.75

SNOWFALL (IN)
  YESTERDAY        0.0           7.3  1979   0.4   -0.4       T
  MONTH TO DATE    0.7                       5.3   -4.6      2.1
  SINCE DEC 1      4.4                      18.8  -14.4     24.8
  SINCE JUL 1      4.7                      22.9  -18.2     24.8
  SNOW DEPTH       0

DEGREE DAYS
 HEATING
  YESTERDAY       62                        47     15       56
  MONTH TO DATE  671                       600     71      640
  SINCE DEC 1   1994                      1900     94     1949
  SINCE JUL 1   3353                      3479   -126     2971

 COOLING
  YESTERDAY        0                         0      0        0
  MONTH TO DATE    0                         0      0        0
  SINCE DEC 1      0                         0      0        0
  SINCE JAN 1      0                         0      0        0
..................................................................


WIND (MPH)
  HIGHEST WIND SPEED    13   HIGHEST WIND DIRECTION     N (340)
  HIGHEST GUST SPEED    18   HIGHEST GUST DIRECTION     W (280)
  AVERAGE WIND SPEED     5.4


SKY COVER
  POSSIBLE SUNSHINE  MM
  AVERAGE SKY COVER 0.0


WEATHER CONDITIONS
 THE FOLLOWING WEATHER WAS RECORDED YESTERDAY.
  NO SIGNIFICANT WEATHER WAS OBSERVED.


RELATIVE HUMIDITY (PERCENT)
 HIGHEST    79           900 PM
 LOWEST     45           400 PM
 AVERAGE    62

..........................................................


THE MADISON WI CLIMATE NORMALS FOR TODAY
                         NORMAL    RECORD    YEAR
 MAXIMUM TEMPERATURE (F)   26        48      1952
                                             1928
 MINIMUM TEMPERATURE (F)   11       -26      1963


SUNRISE AND SUNSET
JANUARY 14 2018.......SUNRISE   727 AM CST   SUNSET   447 PM CST
JANUARY 15 2018.......SUNRISE   726 AM CST   SUNSET   448 PM CST


-  INDICATES NEGATIVE NUMBERS.
R  INDICATES RECORD WAS SET OR TIED.
MM INDICATES DATA IS MISSING.
T  INDICATES TRACE AMOUNT.




$$
