000
CDUS43 KMKX 180042
CLIMSN


CLIMATE REPORT
NATIONAL WEATHER SERVICE IN MILWAUKEE
741 PM CDT WED AUG 17 2016


...................................

...THE MADISON WI CLIMATE SUMMARY FOR AUGUST 17 2016...
VALID TODAY AS OF 0700 PM LOCAL TIME.

CLIMATE NORMAL PERIOD 1981 TO 2010
CLIMATE RECORD PERIOD 1871 TO 2016


WEATHER ITEM   OBSERVED TIME   RECORD YEAR NORMAL DEPARTURE LAST
                VALUE   (LST)  VALUE       VALUE  FROM      YEAR
                                                  NORMAL
..................................................................
TEMPERATURE (F)
 TODAY
  MAXIMUM         84    441 PM 102    1988  80      4       86
  MINIMUM         64    206 AM  45    1981  59      5       67
  AVERAGE         74                        69      5       77

PRECIPITATION (IN)
  TODAY            0.38          0.70 1884   0.15   0.23     0.34
  MONTH TO DATE    3.16                      2.40   0.76     0.71
  SINCE JUN 1     13.74                     11.12   2.62     8.88
  SINCE JAN 1     23.53                     22.95   0.58    19.40

SNOWFALL (IN)
  TODAY            0.0           0.0    MM   0.0    0.0      0.0
  MONTH TO DATE    0.0                       0.0    0.0      0.0
  SINCE JUN 1      0.0                       0.0    0.0      0.0
  SINCE JUL 1      0.0                       0.0    0.0      0.0
  SNOW DEPTH       0

DEGREE DAYS
 HEATING
  TODAY            0                         1     -1        0
  MONTH TO DATE    0                        14    -14        0
  SINCE JUN 1     18                        84    -66       53
  SINCE JUL 1      4                        24    -20       16

 COOLING
  TODAY            9                         5      4       12
  MONTH TO DATE  159                        97     62      144
  SINCE JUN 1    563                       423    140      455
  SINCE JAN 1    615                       453    162      505
..................................................................


WIND (MPH)
  HIGHEST WIND SPEED    17   HIGHEST WIND DIRECTION    NW (320)
  HIGHEST GUST SPEED    25   HIGHEST GUST DIRECTION     W (290)
  AVERAGE WIND SPEED     6.0


SKY COVER
  POSSIBLE SUNSHINE  MM
  AVERAGE SKY COVER 0.5


WEATHER CONDITIONS
 THE FOLLOWING WEATHER WAS RECORDED TODAY.
  HEAVY RAIN
  RAIN
  LIGHT RAIN
  FOG


RELATIVE HUMIDITY (PERCENT)
 HIGHEST    93           200 AM
 LOWEST     58           400 PM
 AVERAGE    76

..........................................................


THE MADISON WI CLIMATE NORMALS FOR TOMORROW
                         NORMAL    RECORD    YEAR
 MAXIMUM TEMPERATURE (F)   79       101      1936
 MINIMUM TEMPERATURE (F)   59        41      1977


SUNRISE AND SUNSET
AUGUST 17 2016........SUNRISE   606 AM CDT   SUNSET   756 PM CDT
AUGUST 18 2016........SUNRISE   607 AM CDT   SUNSET   754 PM CDT


-  INDICATES NEGATIVE NUMBERS.
R  INDICATES RECORD WAS SET OR TIED.
MM INDICATES DATA IS MISSING.
T  INDICATES TRACE AMOUNT.




$$
