000
CDUS43 KMKX 220645
CLIMSN


CLIMATE REPORT
NATIONAL WEATHER SERVICE IN MILWAUKEE
145 AM CDT MON AUG 22 2016


...................................

...THE MADISON WI CLIMATE SUMMARY FOR AUGUST 21 2016...

CLIMATE NORMAL PERIOD 1981 TO 2010
CLIMATE RECORD PERIOD 1871 TO 2016


WEATHER ITEM   OBSERVED TIME   RECORD YEAR NORMAL DEPARTURE LAST
                VALUE   (LST)  VALUE       VALUE  FROM      YEAR
                                                  NORMAL
..................................................................
TEMPERATURE (F)
 YESTERDAY
  MAXIMUM         72    326 PM 101    1955  79     -7       81
  MINIMUM         54   1143 PM  43    1970  59     -5       50
                                      1969
  AVERAGE         63                        69     -6       66

PRECIPITATION (IN)
  YESTERDAY        0.00          1.85 1966   0.13  -0.13     0.00
  MONTH TO DATE    6.28                      2.96   3.32     2.26
  SINCE JUN 1     16.86                     11.68   5.18    10.43
  SINCE JAN 1     26.65                     23.51   3.14    20.95

SNOWFALL (IN)
  YESTERDAY        0.0           0.0    MM   0.0    0.0      0.0
  MONTH TO DATE    0.0                       0.0    0.0      0.0
  SINCE JUN 1      0.0                       0.0    0.0      0.0
  SINCE JUL 1      0.0                       0.0    0.0      0.0
  SNOW DEPTH       0

DEGREE DAYS
 HEATING
  YESTERDAY        2                         1      1        0
  MONTH TO DATE    2                        18    -16        3
  SINCE JUN 1     20                        88    -68       56
  SINCE JUL 1      6                        28    -22       19

 COOLING
  YESTERDAY        0                         5     -5        1
  MONTH TO DATE  181                       117     64      153
  SINCE JUN 1    585                       443    142      464
  SINCE JAN 1    637                       473    164      514
..................................................................


WIND (MPH)
  HIGHEST WIND SPEED    16   HIGHEST WIND DIRECTION    NW (310)
  HIGHEST GUST SPEED    24   HIGHEST GUST DIRECTION    NW (300)
  AVERAGE WIND SPEED     5.7


SKY COVER
  POSSIBLE SUNSHINE  MM
  AVERAGE SKY COVER 0.4


WEATHER CONDITIONS
 THE FOLLOWING WEATHER WAS RECORDED YESTERDAY.
  NO SIGNIFICANT WEATHER WAS OBSERVED.


RELATIVE HUMIDITY (PERCENT)
 HIGHEST    93           200 AM
 LOWEST     44           300 PM
 AVERAGE    69

..........................................................


THE MADISON WI CLIMATE NORMALS FOR TODAY
                         NORMAL    RECORD    YEAR
 MAXIMUM TEMPERATURE (F)   79        94      1976
                                             1936
 MINIMUM TEMPERATURE (F)   58        44      1967


SUNRISE AND SUNSET
AUGUST 22 2016........SUNRISE   611 AM CDT   SUNSET   748 PM CDT
AUGUST 23 2016........SUNRISE   612 AM CDT   SUNSET   746 PM CDT


-  INDICATES NEGATIVE NUMBERS.
R  INDICATES RECORD WAS SET OR TIED.
MM INDICATES DATA IS MISSING.
T  INDICATES TRACE AMOUNT.




$$
