000
CDUS43 KMKX 142140
CLIMSN


CLIMATE REPORT
NATIONAL WEATHER SERVICE IN MILWAUKEE
440 PM CDT TUE MAR 14 2017


...................................

...THE MADISON WI CLIMATE SUMMARY FOR MARCH 14 2017...
VALID TODAY AS OF 0400 PM LOCAL TIME.

CLIMATE NORMAL PERIOD 1981 TO 2010
CLIMATE RECORD PERIOD 1871 TO 2017


WEATHER ITEM   OBSERVED TIME   RECORD YEAR NORMAL DEPARTURE LAST
                VALUE   (LST)  VALUE       VALUE  FROM      YEAR
                                                  NORMAL
..................................................................
TEMPERATURE (F)
 TODAY
  MAXIMUM         23    259 PM  78    2012  42    -19       57
  MINIMUM          5    612 AM  -4    1960  24    -19       41
  AVERAGE         14                        33    -19       49

PRECIPITATION (IN)
  TODAY            0.00          1.19 1944   0.06  -0.06      T
  MONTH TO DATE    0.88                      0.85   0.03     0.78
  SINCE MAR 1      0.88                      0.85   0.03     0.78
  SINCE JAN 1      5.58                      3.53   2.05     2.28

SNOWFALL (IN)
  TODAY            0.0           6.3  1918   0.2   -0.2      0.0
  MONTH TO DATE    8.3                       3.8    4.5      3.5
  SINCE MAR 1      8.3                       3.8    4.5      3.5
  SINCE JUL 1     44.0                      44.9   -0.9     28.0
  SNOW DEPTH       3

DEGREE DAYS
 HEATING
  TODAY           51                        32     19       16
  MONTH TO DATE  491                       483      8      358
  SINCE MAR 1    491                       483      8      358
  SINCE JUL 1   5003                      5969   -966     4958

 COOLING
  TODAY            0                         0      0        0
  MONTH TO DATE    0                         0      0        0
  SINCE MAR 1      0                         0      0        0
  SINCE JAN 1      0                         0      0        0
..................................................................


WIND (MPH)
  HIGHEST WIND SPEED    20   HIGHEST WIND DIRECTION     N (10)
  HIGHEST GUST SPEED    24   HIGHEST GUST DIRECTION     N (10)
  AVERAGE WIND SPEED    11.9


SKY COVER
  POSSIBLE SUNSHINE  MM
  AVERAGE SKY COVER 0.2


WEATHER CONDITIONS
 THE FOLLOWING WEATHER WAS RECORDED TODAY.
  NO SIGNIFICANT WEATHER WAS OBSERVED.


RELATIVE HUMIDITY (PERCENT)
 HIGHEST    80           700 AM
 LOWEST     44           300 PM
 AVERAGE    62

..........................................................


THE MADISON WI CLIMATE NORMALS FOR TOMORROW
                         NORMAL    RECORD    YEAR
 MAXIMUM TEMPERATURE (F)   43        82      2012
 MINIMUM TEMPERATURE (F)   24         0      1993


SUNRISE AND SUNSET
MARCH 14 2017.........SUNRISE   711 AM CDT   SUNSET   703 PM CDT
MARCH 15 2017.........SUNRISE   709 AM CDT   SUNSET   704 PM CDT


-  INDICATES NEGATIVE NUMBERS.
R  INDICATES RECORD WAS SET OR TIED.
MM INDICATES DATA IS MISSING.
T  INDICATES TRACE AMOUNT.




$$
