226
CDUS43 KMKX 170641
CLIMSN


CLIMATE REPORT
NATIONAL WEATHER SERVICE IN MILWAUKEE
140 AM CDT SUN MAY 17 2015


...................................

...THE MADISON WI CLIMATE SUMMARY FOR MAY 16 2015...

CLIMATE NORMAL PERIOD 1981 TO 2010
CLIMATE RECORD PERIOD 1871 TO 2015


WEATHER ITEM   OBSERVED TIME   RECORD YEAR NORMAL DEPARTURE LAST
                VALUE   (LST)  VALUE       VALUE  FROM      YEAR
                                                  NORMAL
..................................................................
TEMPERATURE (F)
 YESTERDAY
  MAXIMUM         80    349 PM  87    1992  68     12       51
                                      1977
                                      1951
  MINIMUM         60    329 AM  27    1997  46     14       37
  AVERAGE         70                        57     13       44

PRECIPITATION (IN)
  YESTERDAY        T             1.64 1999   0.11  -0.11      T
  MONTH TO DATE    1.07                      1.74  -0.67     1.44
  SINCE MAR 1      6.21                      7.34  -1.13     7.83
  SINCE JAN 1      7.41                     10.02  -2.61     9.72

SNOWFALL (IN)
  YESTERDAY        0.0           T    1940   0.0    0.0      0.0
  MONTH TO DATE    0.0                       0.2   -0.2      0.0
  SINCE MAR 1      4.2                       9.8   -5.6      9.2
  SINCE JUL 1     33.7                      50.9  -17.2     59.2
  SNOW DEPTH       0

DEGREE DAYS
 HEATING
  YESTERDAY        0                         8     -8       21
  MONTH TO DATE   99                       168    -69      167
  SINCE MAR 1   1528                      1689   -161     1895
  SINCE JUL 1   7239                      7175     64     8007

 COOLING
  YESTERDAY        5                         1      4        0
  MONTH TO DATE   17                         6     11        9
  SINCE MAR 1     17                        10      7        9
  SINCE JAN 1     17                        10      7        9
..................................................................


WIND (MPH)
  HIGHEST WIND SPEED    17   HIGHEST WIND DIRECTION     S (170)
  HIGHEST GUST SPEED    25   HIGHEST GUST DIRECTION    SE (150)
  AVERAGE WIND SPEED     8.1


SKY COVER
  POSSIBLE SUNSHINE  MM
  AVERAGE SKY COVER 0.7


WEATHER CONDITIONS
 THE FOLLOWING WEATHER WAS RECORDED YESTERDAY.
  LIGHT RAIN


RELATIVE HUMIDITY (PERCENT)
 HIGHEST    90          1200 AM
 LOWEST     62           200 PM
 AVERAGE    76

..........................................................


THE MADISON WI CLIMATE NORMALS FOR TODAY
                         NORMAL    RECORD    YEAR
 MAXIMUM TEMPERATURE (F)   69        86      2001
                                             1987
                                             1971
 MINIMUM TEMPERATURE (F)   46        32      2002


SUNRISE AND SUNSET
MAY 17 2015...........SUNRISE   532 AM CDT   SUNSET   816 PM CDT
MAY 18 2015...........SUNRISE   531 AM CDT   SUNSET   817 PM CDT


-  INDICATES NEGATIVE NUMBERS.
R  INDICATES RECORD WAS SET OR TIED.
MM INDICATES DATA IS MISSING.
T  INDICATES TRACE AMOUNT.




$$
