866
CDUS43 KMKX 030700
CLIMSN


CLIMATE REPORT
NATIONAL WEATHER SERVICE IN MILWAUKEE
100 AM CST WED FEB 3 2016


...................................

...THE MADISON WI CLIMATE SUMMARY FOR FEBRUARY 2 2016...

CLIMATE NORMAL PERIOD 1981 TO 2010
CLIMATE RECORD PERIOD 1871 TO 2016


WEATHER ITEM   OBSERVED TIME   RECORD YEAR NORMAL DEPARTURE LAST
                VALUE   (LST)  VALUE       VALUE  FROM      YEAR
                                                  NORMAL
..................................................................
TEMPERATURE (F)
 YESTERDAY
  MAXIMUM         34    842 PM  47    1987  28      6       15
  MINIMUM         25   1238 AM -28    1959  12     13       -4
  AVERAGE         30                        20     10        6

PRECIPITATION (IN)
  YESTERDAY        0.29          1.48 1983   0.04   0.25     0.00
  MONTH TO DATE    0.29                      0.08   0.21     0.32
  SINCE DEC 1      4.60                      3.05   1.55     2.01
  SINCE JAN 1      1.27                      1.31  -0.04     0.98

SNOWFALL (IN)
  YESTERDAY       MM             6.6  1983   0.5   MM        0.0
  MONTH TO DATE    0.0                       0.9   -0.9      5.4
  SINCE DEC 1     14.3                      27.3  -13.0     15.7
  SINCE JUL 1     18.4                      31.4  -13.0     24.2
  SNOW DEPTH       2

DEGREE DAYS
 HEATING
  YESTERDAY       35                        45    -10       59
  MONTH TO DATE   68                        90    -22      107
  SINCE DEC 1   2379                      2824   -445     2627
  SINCE JUL 1   3570                      4403   -833     4311

 COOLING
  YESTERDAY        0                         0      0        0
  MONTH TO DATE    0                         0      0        0
  SINCE DEC 1      0                         0      0        0
  SINCE JAN 1      0                         0      0        0
..................................................................


WIND (MPH)
  HIGHEST WIND SPEED    24   HIGHEST WIND DIRECTION     E (70)
  HIGHEST GUST SPEED    38   HIGHEST GUST DIRECTION     E (80)
  AVERAGE WIND SPEED    11.1


SKY COVER
  POSSIBLE SUNSHINE  MM
  AVERAGE SKY COVER 0.9


WEATHER CONDITIONS
 THE FOLLOWING WEATHER WAS RECORDED YESTERDAY.
  THUNDERSTORM
  RAIN
  LIGHT RAIN
  HEAVY SNOW
  SNOW
  LIGHT SNOW
  SLEET
  FOG
  FOG W/VISIBILITY <= 1/4 MILE


RELATIVE HUMIDITY (PERCENT)
 HIGHEST   100           400 AM
 LOWEST     89           900 AM
 AVERAGE    95

..........................................................


THE MADISON WI CLIMATE NORMALS FOR TODAY
                         NORMAL    RECORD    YEAR
 MAXIMUM TEMPERATURE (F)   28        52      1992
 MINIMUM TEMPERATURE (F)   12       -29      1996


SUNRISE AND SUNSET
FEBRUARY  3 2016......SUNRISE   711 AM CST   SUNSET   512 PM CST
FEBRUARY  4 2016......SUNRISE   710 AM CST   SUNSET   513 PM CST


-  INDICATES NEGATIVE NUMBERS.
R  INDICATES RECORD WAS SET OR TIED.
MM INDICATES DATA IS MISSING.
T  INDICATES TRACE AMOUNT.




$$
