000
CDUS43 KMKX 262244
CLIMSN


CLIMATE REPORT
NATIONAL WEATHER SERVICE IN MILWAUKEE
443 PM CST WED NOV 26 2014


...................................

...THE MADISON WI CLIMATE SUMMARY FOR NOVEMBER 26 2014...
VALID TODAY AS OF 0400 PM LOCAL TIME.

CLIMATE NORMAL PERIOD 1981 TO 2010
CLIMATE RECORD PERIOD 1871 TO 2014


WEATHER ITEM   OBSERVED TIME   RECORD YEAR NORMAL DEPARTURE LAST
                VALUE   (LST)  VALUE       VALUE  FROM      YEAR
                                                  NORMAL
..................................................................
TEMPERATURE (F)
 TODAY
  MAXIMUM         24    134 PM  65    1990  38    -14       33
  MINIMUM          8    324 AM  -5    1977  24    -16       12
  AVERAGE         16                        31    -15       23

PRECIPITATION (IN)
  TODAY            0.00          1.05 1988   0.08  -0.08      T
  MONTH TO DATE    1.52                      2.08  -0.56     2.20
  SINCE SEP 1      6.45                      7.61  -1.16     7.28
  SINCE JAN 1     34.26                     32.43   1.83    43.76

SNOWFALL (IN)
  TODAY            0.0           3.8  1971   0.3   -0.3      0.2
                                      1940
  MONTH TO DATE    7.9                       2.7    5.2      3.5
  SINCE SEP 1      8.1                       3.2    4.9      3.5
  SINCE JUL 1      8.1                       3.2    4.9      3.5
  SNOW DEPTH       4

DEGREE DAYS
 HEATING
  TODAY           49                        34     15       42
  MONTH TO DATE  880                       724    156      738
  SINCE SEP 1   1506                      1400    106     1326
  SINCE JUL 1   1523                      1437     86     1356

 COOLING
  TODAY            0                         0      0        0
  MONTH TO DATE    0                         0      0        0
  SINCE SEP 1     44                        55    -11       96
  SINCE JAN 1    620                       568     52      709
..................................................................


WIND (MPH)
  HIGHEST WIND SPEED    10   HIGHEST WIND DIRECTION     N (20)
  HIGHEST GUST SPEED    12   HIGHEST GUST DIRECTION     S (180)
  AVERAGE WIND SPEED     4.5


SKY COVER
  POSSIBLE SUNSHINE  MM
  AVERAGE SKY COVER 0.6


WEATHER CONDITIONS
 THE FOLLOWING WEATHER WAS RECORDED TODAY.
  FOG
  HAZE


RELATIVE HUMIDITY (PERCENT)
 HIGHEST   100           900 AM
 LOWEST     80          1200 AM
 AVERAGE    90

..........................................................


THE MADISON WI CLIMATE NORMALS FOR TOMORROW
                         NORMAL    RECORD    YEAR
 MAXIMUM TEMPERATURE (F)   38        65      1998
                                             1990
 MINIMUM TEMPERATURE (F)   23        -7      1887


SUNRISE AND SUNSET
NOVEMBER 26 2014......SUNRISE   704 AM CST   SUNSET   425 PM CST
NOVEMBER 27 2014......SUNRISE   705 AM CST   SUNSET   425 PM CST


-  INDICATES NEGATIVE NUMBERS.
R  INDICATES RECORD WAS SET OR TIED.
MM INDICATES DATA IS MISSING.
T  INDICATES TRACE AMOUNT.




$$
