000
CDUS43 KMKX 282140
CLIMSN


CLIMATE REPORT
NATIONAL WEATHER SERVICE IN MILWAUKEE
440 PM CDT TUE MAR 28 2017


...................................

...THE MADISON WI CLIMATE SUMMARY FOR MARCH 28 2017...
VALID TODAY AS OF 0400 PM LOCAL TIME.

CLIMATE NORMAL PERIOD 1981 TO 2010
CLIMATE RECORD PERIOD 1871 TO 2017


WEATHER ITEM   OBSERVED TIME   RECORD YEAR NORMAL DEPARTURE LAST
                VALUE   (LST)  VALUE       VALUE  FROM      YEAR
                                                  NORMAL
..................................................................
TEMPERATURE (F)
 TODAY
  MAXIMUM         56    259 PM  76    1986  49      7       56
                                      1946
                                      1910
  MINIMUM         40    705 AM   2    1923  29     11       34
                                      1887
  AVERAGE         48                        39      9       45

PRECIPITATION (IN)
  TODAY            0.00          0.90 1977   0.09  -0.09     0.00
  MONTH TO DATE    2.10                      1.92   0.18     3.07
  SINCE MAR 1      2.10                      1.92   0.18     3.07
  SINCE JAN 1      6.80                      4.60   2.20     4.57

SNOWFALL (IN)
  TODAY            0.0          10.4  1931   0.2   -0.2      0.0
  MONTH TO DATE    8.3                       6.5    1.8      4.0
  SINCE MAR 1      8.3                       6.5    1.8      4.0
  SINCE JUL 1     44.0                      47.6   -3.6     28.5
  SNOW DEPTH       0

DEGREE DAYS
 HEATING
  TODAY           17                        26     -9       20
  MONTH TO DATE  869                       886    -17      713
  SINCE MAR 1    869                       886    -17      713
  SINCE JUL 1   5381                      6372   -991     5313

 COOLING
  TODAY            0                         0      0        0
  MONTH TO DATE    0                         0      0        0
  SINCE MAR 1      0                         0      0        0
  SINCE JAN 1      0                         0      0        0
..................................................................


WIND (MPH)
  HIGHEST WIND SPEED    14   HIGHEST WIND DIRECTION    NE (50)
  HIGHEST GUST SPEED    20   HIGHEST GUST DIRECTION     E (110)
  AVERAGE WIND SPEED     7.6


SKY COVER
  POSSIBLE SUNSHINE  MM
  AVERAGE SKY COVER 0.8


WEATHER CONDITIONS
 THE FOLLOWING WEATHER WAS RECORDED TODAY.
  FOG


RELATIVE HUMIDITY (PERCENT)
 HIGHEST    96          1200 AM
 LOWEST     51           200 PM
 AVERAGE    74

..........................................................


THE MADISON WI CLIMATE NORMALS FOR TOMORROW
                         NORMAL    RECORD    YEAR
 MAXIMUM TEMPERATURE (F)   49        82      1986
                                             1910
 MINIMUM TEMPERATURE (F)   29         1      1887


SUNRISE AND SUNSET
MARCH 28 2017.........SUNRISE   646 AM CDT   SUNSET   719 PM CDT
MARCH 29 2017.........SUNRISE   644 AM CDT   SUNSET   721 PM CDT


-  INDICATES NEGATIVE NUMBERS.
R  INDICATES RECORD WAS SET OR TIED.
MM INDICATES DATA IS MISSING.
T  INDICATES TRACE AMOUNT.




$$
