000
CDUS43 KMKX 110701
CLIMSN


CLIMATE REPORT
NATIONAL WEATHER SERVICE IN MILWAUKEE
200 AM CDT WED OCT 11 2017


...................................

...THE MADISON WI CLIMATE SUMMARY FOR OCTOBER 10 2017...

CLIMATE NORMAL PERIOD 1981 TO 2010
CLIMATE RECORD PERIOD 1871 TO 2017


WEATHER ITEM   OBSERVED TIME   RECORD YEAR NORMAL DEPARTURE LAST
                VALUE   (LST)  VALUE       VALUE  FROM      YEAR
                                                  NORMAL
..................................................................
TEMPERATURE (F)
 YESTERDAY
  MAXIMUM         57    159 PM  84    1938  61     -4       71
  MINIMUM         47    856 PM  17    1964  40      7       40
  AVERAGE         52                        51      1       56

PRECIPITATION (IN)
  YESTERDAY        0.42          1.75 1954   0.08   0.34      T
  MONTH TO DATE    2.12                      0.78   1.34     0.44
  SINCE SEP 1      2.67                      3.91  -1.24     8.90
  SINCE JAN 1     35.43                     28.73   6.70    37.14

SNOWFALL (IN)
  YESTERDAY        0.0           3.0  1990   0.1   -0.1      0.0
  MONTH TO DATE    0.0                       0.1   -0.1      0.0
  SINCE SEP 1      0.0                       0.1   -0.1      0.0
  SINCE JUL 1      0.0                       0.1   -0.1      0.0
  SNOW DEPTH       0

DEGREE DAYS
 HEATING
  YESTERDAY       13                        14     -1        9
  MONTH TO DATE   50                       127    -77       76
  SINCE SEP 1    163                       298   -135      118
  SINCE JUL 1    188                       335   -147      125

 COOLING
  YESTERDAY        0                         0      0        0
  MONTH TO DATE    8                         0      8        0
  SINCE SEP 1    118                        51     67       76
  SINCE JAN 1    578                       564     14      771
..................................................................


WIND (MPH)
  HIGHEST WIND SPEED    24   HIGHEST WIND DIRECTION    NE (60)
  HIGHEST GUST SPEED    31   HIGHEST GUST DIRECTION    NE (50)
  AVERAGE WIND SPEED    12.5


SKY COVER
  POSSIBLE SUNSHINE  MM
  AVERAGE SKY COVER 1.0


WEATHER CONDITIONS
 THE FOLLOWING WEATHER WAS RECORDED YESTERDAY.
  HEAVY RAIN
  RAIN
  LIGHT RAIN
  FOG


RELATIVE HUMIDITY (PERCENT)
 HIGHEST    93           600 PM
 LOWEST     59           300 AM
 AVERAGE    76

..........................................................


THE MADISON WI CLIMATE NORMALS FOR TODAY
                         NORMAL    RECORD    YEAR
 MAXIMUM TEMPERATURE (F)   61        84      1928
 MINIMUM TEMPERATURE (F)   40        23      1987
                                             1967


SUNRISE AND SUNSET
OCTOBER 11 2017.......SUNRISE   707 AM CDT   SUNSET   621 PM CDT
OCTOBER 12 2017.......SUNRISE   708 AM CDT   SUNSET   619 PM CDT


-  INDICATES NEGATIVE NUMBERS.
R  INDICATES RECORD WAS SET OR TIED.
MM INDICATES DATA IS MISSING.
T  INDICATES TRACE AMOUNT.




$$
