000
CDUS43 KMKX 102150
CLIMSN


CLIMATE REPORT
NATIONAL WEATHER SERVICE IN MILWAUKEE
348 PM CST TUE JAN 10 2017


...................................

...THE MADISON WI CLIMATE SUMMARY FOR JANUARY 10 2017...
VALID TODAY AS OF 0300 PM LOCAL TIME.

CLIMATE NORMAL PERIOD 1981 TO 2010
CLIMATE RECORD PERIOD 1871 TO 2017


WEATHER ITEM   OBSERVED TIME   RECORD YEAR NORMAL DEPARTURE LAST
                VALUE   (LST)  VALUE       VALUE  FROM      YEAR
                                                  NORMAL
..................................................................
TEMPERATURE (F)
 TODAY
  MAXIMUM         43    137 PM  53    1975  26     17       14
  MINIMUM         29   1222 AM -22    1982  11     18       -4
                                      1979
  AVERAGE         36                        19     17        5

PRECIPITATION (IN)
  TODAY            0.58          1.12 1869   0.04   0.54      T
  MONTH TO DATE    0.64                      0.41   0.23     0.52
  SINCE DEC 1      2.67                      2.15   0.52     3.85
  SINCE JAN 1      0.64                      0.41   0.23     0.52

SNOWFALL (IN)
  TODAY            T             5.3  1974   0.4   -0.4       T
  MONTH TO DATE    1.0                       4.0   -3.0      0.3
  SINCE DEC 1     23.7                      17.5    6.2      7.7
  SINCE JUL 1     23.7                      21.6    2.1     11.8
  SNOW DEPTH       2

DEGREE DAYS
 HEATING
  TODAY           29                        46    -17       60
  MONTH TO DATE  489                       460     29      415
  SINCE DEC 1   1798                      1760     38     1336
  SINCE JUL 1   2820                      3339   -519     2527

 COOLING
  TODAY            0                         0      0        0
  MONTH TO DATE    0                         0      0        0
  SINCE DEC 1      0                         0      0        0
  SINCE JAN 1      0                         0      0        0
..................................................................


WIND (MPH)
  HIGHEST WIND SPEED    22   HIGHEST WIND DIRECTION     S (170)
  HIGHEST GUST SPEED    26   HIGHEST GUST DIRECTION     W (270)
  AVERAGE WIND SPEED    13.9


SKY COVER
  POSSIBLE SUNSHINE  MM
  AVERAGE SKY COVER 0.9


WEATHER CONDITIONS
 THE FOLLOWING WEATHER WAS RECORDED TODAY.
  RAIN
  LIGHT RAIN
  FOG


RELATIVE HUMIDITY (PERCENT)
 HIGHEST   100          1100 AM
 LOWEST     78           100 AM
 AVERAGE    89

..........................................................


THE MADISON WI CLIMATE NORMALS FOR TOMORROW
                         NORMAL    RECORD    YEAR
 MAXIMUM TEMPERATURE (F)   26        53      2012
                                             1880
 MINIMUM TEMPERATURE (F)   11       -28      1979


SUNRISE AND SUNSET
JANUARY 10 2017.......SUNRISE   728 AM CST   SUNSET   442 PM CST
JANUARY 11 2017.......SUNRISE   728 AM CST   SUNSET   443 PM CST


-  INDICATES NEGATIVE NUMBERS.
R  INDICATES RECORD WAS SET OR TIED.
MM INDICATES DATA IS MISSING.
T  INDICATES TRACE AMOUNT.




$$
