000
CDUS43 KMKX 260704
CLIMSN


CLIMATE REPORT
NATIONAL WEATHER SERVICE IN MILWAUKEE
203 AM CDT FRI SEP 26 2014


...................................

...THE MADISON WI CLIMATE SUMMARY FOR SEPTEMBER 25 2014...

CLIMATE NORMAL PERIOD 1981 TO 2010
CLIMATE RECORD PERIOD 1871 TO 2014


WEATHER ITEM   OBSERVED TIME   RECORD YEAR NORMAL DEPARTURE LAST
                VALUE   (LST)  VALUE       VALUE  FROM      YEAR
                                                  NORMAL
..................................................................
TEMPERATURE (F)
 YESTERDAY
  MAXIMUM         79    102 PM  89    1920  68     11       72
  MINIMUM         50    645 AM  30    1942  46      4       42
  AVERAGE         65                        57      8       57

PRECIPITATION (IN)
  YESTERDAY        0.00          1.74 1931   0.10  -0.10     0.00
  MONTH TO DATE    1.79                      2.68  -0.89     3.02
  SINCE SEP 1      1.79                      2.68  -0.89     3.02
  SINCE JAN 1     29.60                     27.50   2.10    39.50

SNOWFALL (IN)
  YESTERDAY        0.0           T    1942   0.0    0.0      0.0
                                      1928
  MONTH TO DATE    0.0                       0.0    0.0      0.0
  SINCE SEP 1      0.0                       0.0    0.0      0.0
  SINCE JUL 1      0.0                       0.0    0.0      0.0
  SNOW DEPTH       0

DEGREE DAYS
 HEATING
  YESTERDAY        0                         9     -9        8
  MONTH TO DATE  147                       123     24      106
  SINCE SEP 1    147                       123     24      106
  SINCE JUL 1    164                       160      4      136

 COOLING
  YESTERDAY        0                         1     -1        0
  MONTH TO DATE   39                        49    -10       92
  SINCE SEP 1     39                        49    -10       92
  SINCE JAN 1    615                       562     53      705
..................................................................


WIND (MPH)
  HIGHEST WIND SPEED    10   HIGHEST WIND DIRECTION    SE (130)
  HIGHEST GUST SPEED    MM   HIGHEST GUST DIRECTION    MM
  AVERAGE WIND SPEED     2.9


SKY COVER
  POSSIBLE SUNSHINE  MM
  AVERAGE SKY COVER 0.3


WEATHER CONDITIONS
 THE FOLLOWING WEATHER WAS RECORDED YESTERDAY.
  FOG


RELATIVE HUMIDITY (PERCENT)
 HIGHEST    96           600 AM
 LOWEST     33           100 PM
 AVERAGE    65

..........................................................


THE MADISON WI CLIMATE NORMALS FOR TODAY
                         NORMAL    RECORD    YEAR
 MAXIMUM TEMPERATURE (F)   68        87      1974
 MINIMUM TEMPERATURE (F)   46        27      1966


SUNRISE AND SUNSET
SEPTEMBER 26 2014.....SUNRISE   649 AM CDT   SUNSET   647 PM CDT
SEPTEMBER 27 2014.....SUNRISE   650 AM CDT   SUNSET   646 PM CDT


-  INDICATES NEGATIVE NUMBERS.
R  INDICATES RECORD WAS SET OR TIED.
MM INDICATES DATA IS MISSING.
T  INDICATES TRACE AMOUNT.




$$
