000
CDUS43 KMKX 190700
CLIMSN


CLIMATE REPORT
NATIONAL WEATHER SERVICE IN MILWAUKEE
200 AM CDT FRI MAY 19 2017


...................................

...THE MADISON WI CLIMATE SUMMARY FOR MAY 18 2017...

CLIMATE NORMAL PERIOD 1981 TO 2010
CLIMATE RECORD PERIOD 1871 TO 2017


WEATHER ITEM   OBSERVED TIME   RECORD YEAR NORMAL DEPARTURE LAST
                VALUE   (LST)  VALUE       VALUE  FROM      YEAR
                                                  NORMAL
..................................................................
TEMPERATURE (F)
 YESTERDAY
  MAXIMUM         70   1105 AM  91    1934  69      1       67
  MINIMUM         47   1159 PM  28    2002  47      0       34
  AVERAGE         59                        58      1       51

PRECIPITATION (IN)
  YESTERDAY        0.02          2.09 2000   0.11  -0.09     0.00
  MONTH TO DATE    1.54                      1.96  -0.42     1.49
  SINCE MAR 1      9.67                      7.56   2.11     7.56
  SINCE JAN 1     14.37                     10.24   4.13     9.06

SNOWFALL (IN)
  YESTERDAY       MM             0.0    MM   0.0   MM        0.0
  MONTH TO DATE    0.0                       0.2   -0.2      0.0
  SINCE MAR 1      8.3                       9.8   -1.5      8.2
  SINCE JUL 1     44.0                      50.9   -6.9     32.7
  SNOW DEPTH       0

DEGREE DAYS
 HEATING
  YESTERDAY        6                         8     -2       14
  MONTH TO DATE  181                       184     -3      223
  SINCE MAR 1   1573                      1705   -132     1561
  SINCE JUL 1   6085                      7191  -1106     6161

 COOLING
  YESTERDAY        0                         1     -1        0
  MONTH TO DATE   15                         8      7        0
  SINCE MAR 1     15                        12      3        0
  SINCE JAN 1     15                        12      3        0
..................................................................


WIND (MPH)
  HIGHEST WIND SPEED    20   HIGHEST WIND DIRECTION    NE (30)
  HIGHEST GUST SPEED    26   HIGHEST GUST DIRECTION    NW (310)
  AVERAGE WIND SPEED    10.6


SKY COVER
  POSSIBLE SUNSHINE  MM
  AVERAGE SKY COVER 0.8


WEATHER CONDITIONS
 THE FOLLOWING WEATHER WAS RECORDED YESTERDAY.
  LIGHT RAIN


RELATIVE HUMIDITY (PERCENT)
 HIGHEST    93          1200 AM
 LOWEST     62           600 PM
 AVERAGE    78

..........................................................


THE MADISON WI CLIMATE NORMALS FOR TODAY
                         NORMAL    RECORD    YEAR
 MAXIMUM TEMPERATURE (F)   69        93      1975
 MINIMUM TEMPERATURE (F)   47        31      2002


SUNRISE AND SUNSET
MAY 19 2017...........SUNRISE   530 AM CDT   SUNSET   819 PM CDT
MAY 20 2017...........SUNRISE   529 AM CDT   SUNSET   820 PM CDT


-  INDICATES NEGATIVE NUMBERS.
R  INDICATES RECORD WAS SET OR TIED.
MM INDICATES DATA IS MISSING.
T  INDICATES TRACE AMOUNT.




$$
