000
CDUS43 KMKX 190652
CLIMSN


CLIMATE REPORT
NATIONAL WEATHER SERVICE IN MILWAUKEE
152 AM CDT MON SEP 19 2016


...................................

...THE MADISON WI CLIMATE SUMMARY FOR SEPTEMBER 18 2016...

CLIMATE NORMAL PERIOD 1981 TO 2010
CLIMATE RECORD PERIOD 1871 TO 2016


WEATHER ITEM   OBSERVED TIME   RECORD YEAR NORMAL DEPARTURE LAST
                VALUE   (LST)  VALUE       VALUE  FROM      YEAR
                                                  NORMAL
..................................................................
TEMPERATURE (F)
 YESTERDAY
  MAXIMUM         78    448 PM  92    1955  71      7       74
  MINIMUM         53    605 AM  33    1959  49      4       58
  AVERAGE         66                        60      6       66

PRECIPITATION (IN)
  YESTERDAY        0.00          3.40 1874   0.10  -0.10     0.48
  MONTH TO DATE    4.41                      1.95   2.46     3.91
  SINCE SEP 1      4.41                      1.95   2.46     3.91
  SINCE JAN 1     32.65                     26.77   5.88    26.70

SNOWFALL (IN)
  YESTERDAY        0.0           0.0    MM   0.0    0.0      0.0
  MONTH TO DATE    0.0                       0.0    0.0      0.0
  SINCE SEP 1      0.0                       0.0    0.0      0.0
  SINCE JUL 1      0.0                       0.0    0.0      0.0
  SNOW DEPTH       0

DEGREE DAYS
 HEATING
  YESTERDAY        0                         6     -6        0
  MONTH TO DATE    9                        69    -60       23
  SINCE SEP 1      9                        69    -60       23
  SINCE JUL 1     16                       106    -90       55

 COOLING
  YESTERDAY        1                         1      0        1
  MONTH TO DATE   53                        42     11      126
  SINCE SEP 1     53                        42     11      126
  SINCE JAN 1    748                       555    193      655
..................................................................


WIND (MPH)
  HIGHEST WIND SPEED    10   HIGHEST WIND DIRECTION     S (200)
  HIGHEST GUST SPEED    16   HIGHEST GUST DIRECTION     S (190)
  AVERAGE WIND SPEED     3.9


SKY COVER
  POSSIBLE SUNSHINE  MM
  AVERAGE SKY COVER 0.3


WEATHER CONDITIONS
 THE FOLLOWING WEATHER WAS RECORDED YESTERDAY.
  FOG


RELATIVE HUMIDITY (PERCENT)
 HIGHEST   100           600 AM
 LOWEST     45           300 PM
 AVERAGE    73

..........................................................


THE MADISON WI CLIMATE NORMALS FOR TODAY
                         NORMAL    RECORD    YEAR
 MAXIMUM TEMPERATURE (F)   71        93      1948
 MINIMUM TEMPERATURE (F)   49        32      1956


SUNRISE AND SUNSET
SEPTEMBER 19 2016.....SUNRISE   642 AM CDT   SUNSET   659 PM CDT
SEPTEMBER 20 2016.....SUNRISE   643 AM CDT   SUNSET   657 PM CDT


-  INDICATES NEGATIVE NUMBERS.
R  INDICATES RECORD WAS SET OR TIED.
MM INDICATES DATA IS MISSING.
T  INDICATES TRACE AMOUNT.




$$
