801
CDUS43 KMKX 180708
CLIMSN


CLIMATE REPORT
NATIONAL WEATHER SERVICE IN MILWAUKEE
206 AM CDT SUN JUN 18 2017


...................................

...THE MADISON WI CLIMATE SUMMARY FOR JUNE 17 2017...

CLIMATE NORMAL PERIOD 1981 TO 2010
CLIMATE RECORD PERIOD 1871 TO 2017


WEATHER ITEM   OBSERVED TIME   RECORD YEAR NORMAL DEPARTURE LAST
                VALUE   (LST)  VALUE       VALUE  FROM      YEAR
                                                  NORMAL
..................................................................
TEMPERATURE (F)
 YESTERDAY
  MAXIMUM         82    241 PM  95    1994  79      3       85
  MINIMUM         65    442 AM  36    1972  57      8       56
  AVERAGE         74                        68      6       71

PRECIPITATION (IN)
  YESTERDAY        0.20          4.51 1996   0.15   0.05     0.00
  MONTH TO DATE    3.17                      2.57   0.60     3.27
  SINCE JUN 1      3.17                      2.57   0.60     3.27
  SINCE JAN 1     18.83                     14.40   4.43    13.06

SNOWFALL (IN)
  YESTERDAY        0.0           0.0    MM   0.0    0.0      0.0
  MONTH TO DATE    0.0                       0.0    0.0      0.0
  SINCE JUN 1      0.0                       0.0    0.0      0.0
  SINCE JUL 1     44.0                      50.9   -6.9     32.7
  SNOW DEPTH       0

DEGREE DAYS
 HEATING
  YESTERDAY        0                         2     -2        0
  MONTH TO DATE    7                        50    -43       13
  SINCE JUN 1      7                        50    -43       13
  SINCE JUL 1   6195                      7323  -1128     6197

 COOLING
  YESTERDAY        9                         4      5        6
  MONTH TO DATE  125                        49     76       73
  SINCE JUN 1    125                        49     76       73
  SINCE JAN 1    140                        79     61      125
..................................................................


WIND (MPH)
  HIGHEST WIND SPEED    18   HIGHEST WIND DIRECTION     S (160)
  HIGHEST GUST SPEED    21   HIGHEST GUST DIRECTION     S (170)
  AVERAGE WIND SPEED     4.0


SKY COVER
  POSSIBLE SUNSHINE  MM
  AVERAGE SKY COVER 0.7


WEATHER CONDITIONS
 THE FOLLOWING WEATHER WAS RECORDED YESTERDAY.
  RAIN
  LIGHT RAIN
  FOG


RELATIVE HUMIDITY (PERCENT)
 HIGHEST   100           400 AM
 LOWEST     62           300 PM
 AVERAGE    81

..........................................................


THE MADISON WI CLIMATE NORMALS FOR TODAY
                         NORMAL    RECORD    YEAR
 MAXIMUM TEMPERATURE (F)   79        99      1994
 MINIMUM TEMPERATURE (F)   57        39      1972
                                             1965


SUNRISE AND SUNSET
JUNE 18 2017..........SUNRISE   517 AM CDT   SUNSET   840 PM CDT
JUNE 19 2017..........SUNRISE   517 AM CDT   SUNSET   840 PM CDT


-  INDICATES NEGATIVE NUMBERS.
R  INDICATES RECORD WAS SET OR TIED.
MM INDICATES DATA IS MISSING.
T  INDICATES TRACE AMOUNT.




$$
