000
CDUS43 KMKX 260708
CLIMSN


CLIMATE REPORT
NATIONAL WEATHER SERVICE IN MILWAUKEE
158 AM CDT TUE MAY 26 2015


...................................

...THE MADISON WI CLIMATE SUMMARY FOR MAY 25 2015...

CLIMATE NORMAL PERIOD 1981 TO 2010
CLIMATE RECORD PERIOD 1871 TO 2015


WEATHER ITEM   OBSERVED TIME   RECORD YEAR NORMAL DEPARTURE LAST
                VALUE   (LST)  VALUE       VALUE  FROM      YEAR
                                                  NORMAL
..................................................................
TEMPERATURE (F)
 YESTERDAY
  MAXIMUM         79    401 PM  89    1977  71      8       83
  MINIMUM         62   1202 AM  30    1988  49     13       47
  AVERAGE         71                        60     11       65

PRECIPITATION (IN)
  YESTERDAY        0.06          1.80 1883   0.13  -0.07     0.00
  MONTH TO DATE    3.40                      2.79   0.61     1.58
  SINCE MAR 1      8.54                      8.39   0.15     7.97
  SINCE JAN 1      9.74                     11.07  -1.33     9.86

SNOWFALL (IN)
  YESTERDAY        0.0           0.0    MM   0.0    0.0      0.0
  MONTH TO DATE    0.0                       0.2   -0.2      0.0
  SINCE MAR 1      4.2                       9.8   -5.6      9.2
  SINCE JUL 1     33.7                      50.9  -17.2     59.2
  SNOW DEPTH       0

DEGREE DAYS
 HEATING
  YESTERDAY        0                         6     -6        0
  MONTH TO DATE  167                       234    -67      207
  SINCE MAR 1   1596                      1755   -159     1935
  SINCE JUL 1   7307                      7241     66     8047

 COOLING
  YESTERDAY        6                         1      5        0
  MONTH TO DATE   32                        15     17       22
  SINCE MAR 1     32                        19     13       22
  SINCE JAN 1     32                        19     13       22
..................................................................


WIND (MPH)
  HIGHEST WIND SPEED    20   HIGHEST WIND DIRECTION     S (190)
  HIGHEST GUST SPEED    26   HIGHEST GUST DIRECTION    SW (210)
  AVERAGE WIND SPEED     9.3


SKY COVER
  POSSIBLE SUNSHINE  MM
  AVERAGE SKY COVER 0.6


WEATHER CONDITIONS
 THE FOLLOWING WEATHER WAS RECORDED YESTERDAY.
  LIGHT RAIN
  FOG


RELATIVE HUMIDITY (PERCENT)
 HIGHEST    93           100 AM
 LOWEST     52           400 PM
 AVERAGE    73

..........................................................


THE MADISON WI CLIMATE NORMALS FOR TODAY
                         NORMAL    RECORD    YEAR
 MAXIMUM TEMPERATURE (F)   72        91      1978
 MINIMUM TEMPERATURE (F)   49        30      1983


SUNRISE AND SUNSET
MAY 26 2015...........SUNRISE   524 AM CDT   SUNSET   825 PM CDT
MAY 27 2015...........SUNRISE   524 AM CDT   SUNSET   826 PM CDT


-  INDICATES NEGATIVE NUMBERS.
R  INDICATES RECORD WAS SET OR TIED.
MM INDICATES DATA IS MISSING.
T  INDICATES TRACE AMOUNT.




$$
