000
CDUS43 KMKX 132156
CLIMSN


CLIMATE REPORT
NATIONAL WEATHER SERVICE IN MILWAUKEE
352 PM CST FRI JAN 13 2017


...................................

...THE MADISON WI CLIMATE SUMMARY FOR JANUARY 13 2017...
VALID TODAY AS OF 0300 PM LOCAL TIME.

CLIMATE NORMAL PERIOD 1981 TO 2010
CLIMATE RECORD PERIOD 1871 TO 2017


WEATHER ITEM   OBSERVED TIME   RECORD YEAR NORMAL DEPARTURE LAST
                VALUE   (LST)  VALUE       VALUE  FROM      YEAR
                                                  NORMAL
..................................................................
TEMPERATURE (F)
 TODAY
  MAXIMUM         13   1206 AM  53    1961  26    -13       21
  MINIMUM          4    936 AM -22    1916  11     -7       -3
  AVERAGE          9                        18     -9        9

PRECIPITATION (IN)
  TODAY            T             1.21 1910   0.04  -0.04      T
  MONTH TO DATE    0.75                      0.53   0.22     0.56
  SINCE DEC 1      2.78                      2.27   0.51     3.89
  SINCE JAN 1      0.75                      0.53   0.22     0.56

SNOWFALL (IN)
  TODAY            T             7.3  1979   0.4   -0.4      0.3
  MONTH TO DATE    2.1                       5.3   -3.2      2.1
  SINCE DEC 1     24.8                      18.8    6.0      9.5
  SINCE JUL 1     24.8                      22.9    1.9     13.6
  SNOW DEPTH       2

DEGREE DAYS
 HEATING
  TODAY           56                        47      9       56
  MONTH TO DATE  640                       600     40      595
  SINCE DEC 1   1949                      1900     49     1516
  SINCE JUL 1   2971                      3479   -508     2707

 COOLING
  TODAY            0                         0      0        0
  MONTH TO DATE    0                         0      0        0
  SINCE DEC 1      0                         0      0        0
  SINCE JAN 1      0                         0      0        0
..................................................................


WIND (MPH)
  HIGHEST WIND SPEED    13   HIGHEST WIND DIRECTION     N (20)
  HIGHEST GUST SPEED    18   HIGHEST GUST DIRECTION     N (10)
  AVERAGE WIND SPEED     7.6


SKY COVER
  POSSIBLE SUNSHINE  MM
  AVERAGE SKY COVER 0.6


WEATHER CONDITIONS
 THE FOLLOWING WEATHER WAS RECORDED TODAY.
  NO SIGNIFICANT WEATHER WAS OBSERVED.


RELATIVE HUMIDITY (PERCENT)
 HIGHEST    69           400 AM
 LOWEST     58           100 AM
 AVERAGE    64

..........................................................


THE MADISON WI CLIMATE NORMALS FOR TOMORROW
                         NORMAL    RECORD    YEAR
 MAXIMUM TEMPERATURE (F)   26        48      1952
                                             1928
 MINIMUM TEMPERATURE (F)   11       -26      1963


SUNRISE AND SUNSET
JANUARY 13 2017.......SUNRISE   727 AM CST   SUNSET   446 PM CST
JANUARY 14 2017.......SUNRISE   726 AM CST   SUNSET   447 PM CST


-  INDICATES NEGATIVE NUMBERS.
R  INDICATES RECORD WAS SET OR TIED.
MM INDICATES DATA IS MISSING.
T  INDICATES TRACE AMOUNT.




$$

HAHN
