000
CDUS43 KMKX 062125
CLIMSN


CLIMATE REPORT
NATIONAL WEATHER SERVICE IN MILWAUKEE
422 PM CDT THU JUL 6 2017


...................................

...THE MADISON WI CLIMATE SUMMARY FOR JULY 6 2017...
VALID TODAY AS OF 0400 PM LOCAL TIME.

CLIMATE NORMAL PERIOD 1981 TO 2010
CLIMATE RECORD PERIOD 1871 TO 2017


WEATHER ITEM   OBSERVED TIME   RECORD YEAR NORMAL DEPARTURE LAST
                VALUE   (LST)  VALUE       VALUE  FROM      YEAR
                                                  NORMAL
..................................................................
TEMPERATURE (F)
 TODAY
  MAXIMUM         87    254 PM 102    2012  82      5       84
  MINIMUM         63    233 AM  36    1965  61      2       66
  AVERAGE         75                        71      4       75

PRECIPITATION (IN)
  TODAY            0.00          2.27 1954   0.14  -0.14     0.07
  MONTH TO DATE    0.08                      0.83  -0.75     0.49
  SINCE JUN 1      6.81                      5.37   1.44     5.84
  SINCE JAN 1     22.47                     17.20   5.27    15.63

SNOWFALL (IN)
  TODAY            0.0           0.0    MM   0.0    0.0      0.0
  MONTH TO DATE    0.0                       0.0    0.0      0.0
  SINCE JUN 1      0.0                       0.0    0.0      0.0
  SINCE JUL 1      0.0                       0.0    0.0      0.0
  SNOW DEPTH       0

DEGREE DAYS
 HEATING
  TODAY            0                         0      0        0
  MONTH TO DATE    0                         0      0        3
  SINCE JUN 1     30                        60    -30       17
  SINCE JUL 1      0                         0      0        3

 COOLING
  TODAY           10                         7      3       10
  MONTH TO DATE   40                        40      0       20
  SINCE JUN 1    197                       160     37      169
  SINCE JAN 1    212                       190     22      221
..................................................................


WIND (MPH)
  HIGHEST WIND SPEED    10   HIGHEST WIND DIRECTION    SW (230)
  HIGHEST GUST SPEED    16   HIGHEST GUST DIRECTION    SW (240)
  AVERAGE WIND SPEED     3.7


SKY COVER
  POSSIBLE SUNSHINE  MM
  AVERAGE SKY COVER 0.5


WEATHER CONDITIONS
 THE FOLLOWING WEATHER WAS RECORDED TODAY.
  FOG


RELATIVE HUMIDITY (PERCENT)
 HIGHEST   100          1200 AM
 LOWEST     55           200 PM
 AVERAGE    78

..........................................................


THE MADISON WI CLIMATE NORMALS FOR TOMORROW
                         NORMAL    RECORD    YEAR
 MAXIMUM TEMPERATURE (F)   82       102      1936
 MINIMUM TEMPERATURE (F)   61        45      1997


SUNRISE AND SUNSET
JULY  6 2017..........SUNRISE   525 AM CDT   SUNSET   839 PM CDT
JULY  7 2017..........SUNRISE   525 AM CDT   SUNSET   839 PM CDT


-  INDICATES NEGATIVE NUMBERS.
R  INDICATES RECORD WAS SET OR TIED.
MM INDICATES DATA IS MISSING.
T  INDICATES TRACE AMOUNT.




$$

HAHN
