000
CDUS43 KMKX 102235
CLIMSN


CLIMATE REPORT
NATIONAL WEATHER SERVICE IN MILWAUKEE
433 PM CST FRI MAR 10 2017


...................................

...THE MADISON WI CLIMATE SUMMARY FOR MARCH 10 2017...
VALID TODAY AS OF 0400 PM LOCAL TIME.

CLIMATE NORMAL PERIOD 1981 TO 2010
CLIMATE RECORD PERIOD 1871 TO 2017


WEATHER ITEM   OBSERVED TIME   RECORD YEAR NORMAL DEPARTURE LAST
                VALUE   (LST)  VALUE       VALUE  FROM      YEAR
                                                  NORMAL
..................................................................
TEMPERATURE (F)
 TODAY
  MAXIMUM         27   1236 AM  66    1894  40    -13       53
  MINIMUM         16    810 AM  -5    2003  23     -7       33
  AVERAGE         22                        32    -10       43

PRECIPITATION (IN)
  TODAY            0.00          0.93 2013   0.06  -0.06     0.00
  MONTH TO DATE    0.66                      0.61   0.05     0.48
  SINCE MAR 1      0.66                      0.61   0.05     0.48
  SINCE JAN 1      5.36                      3.29   2.07     1.98

SNOWFALL (IN)
  TODAY            0.0           5.5  1993   0.2   -0.2      0.0
  MONTH TO DATE    4.1                       2.8    1.3      3.5
  SINCE MAR 1      4.1                       2.8    1.3      3.5
  SINCE JUL 1     39.8                      43.9   -4.1     28.0
  SNOW DEPTH       0

DEGREE DAYS
 HEATING
  TODAY           43                        34      9       22
  MONTH TO DATE  304                       353    -49      286
  SINCE MAR 1    304                       353    -49      286
  SINCE JUL 1   4816                      5839  -1023     4886

 COOLING
  TODAY            0                         0      0        0
  MONTH TO DATE    0                         0      0        0
  SINCE MAR 1      0                         0      0        0
  SINCE JAN 1      0                         0      0        0
..................................................................


WIND (MPH)
  HIGHEST WIND SPEED    22   HIGHEST WIND DIRECTION     N (350)
  HIGHEST GUST SPEED    28   HIGHEST GUST DIRECTION     N (350)
  AVERAGE WIND SPEED    12.9


SKY COVER
  POSSIBLE SUNSHINE  MM
  AVERAGE SKY COVER 0.2


WEATHER CONDITIONS
 THE FOLLOWING WEATHER WAS RECORDED TODAY.
  NO SIGNIFICANT WEATHER WAS OBSERVED.


RELATIVE HUMIDITY (PERCENT)
 HIGHEST    45           500 AM
 LOWEST     22           400 PM
 AVERAGE    34

..........................................................


THE MADISON WI CLIMATE NORMALS FOR TOMORROW
                         NORMAL    RECORD    YEAR
 MAXIMUM TEMPERATURE (F)   41        65      2012
                                             2006
                                             1977
 MINIMUM TEMPERATURE (F)   23        -9      1948


SUNRISE AND SUNSET
MARCH 10 2017.........SUNRISE   618 AM CST   SUNSET   558 PM CST
MARCH 11 2017.........SUNRISE   616 AM CST   SUNSET   559 PM CST


-  INDICATES NEGATIVE NUMBERS.
R  INDICATES RECORD WAS SET OR TIED.
MM INDICATES DATA IS MISSING.
T  INDICATES TRACE AMOUNT.




$$
