000
CDUS43 KMKX 152138
CLIMSN


CLIMATE REPORT
NATIONAL WEATHER SERVICE IN MILWAUKEE
433 PM CDT SAT APR 15 2017


...................................

...THE MADISON WI CLIMATE SUMMARY FOR APRIL 15 2017...
VALID TODAY AS OF 0400 PM LOCAL TIME.

CLIMATE NORMAL PERIOD 1981 TO 2010
CLIMATE RECORD PERIOD 1871 TO 2017


WEATHER ITEM   OBSERVED TIME   RECORD YEAR NORMAL DEPARTURE LAST
                VALUE   (LST)  VALUE       VALUE  FROM      YEAR
                                                  NORMAL
..................................................................
TEMPERATURE (F)
 TODAY
  MAXIMUM         76    255 PM  87    2002  57     19       72
  MINIMUM         54    415 AM  18    2014  36     18       38
                                      1928
  AVERAGE         65                        46     19       55

PRECIPITATION (IN)
  TODAY            0.01          1.51 1998   0.11  -0.10     0.00
  MONTH TO DATE    1.68                      1.66   0.02     0.83
  SINCE MAR 1      4.51                      3.86   0.65     4.79
  SINCE JAN 1      9.21                      6.54   2.67     6.29

SNOWFALL (IN)
  TODAY            0.0           4.5  1923   0.1   -0.1      0.0
  MONTH TO DATE    T                         1.8   -1.8      4.2
  SINCE MAR 1      8.3                       8.8   -0.5      8.2
  SINCE JUL 1     44.0                      49.9   -5.9     32.7
  SNOW DEPTH       0

DEGREE DAYS
 HEATING
  TODAY            0                        19    -19       10
  MONTH TO DATE  229                       323    -94      388
  SINCE MAR 1   1178                      1286   -108     1158
  SINCE JUL 1   5690                      6772  -1082     5758

 COOLING
  TODAY            0                         0      0        0
  MONTH TO DATE    0                         0      0        0
  SINCE MAR 1      0                         0      0        0
  SINCE JAN 1      0                         0      0        0
..................................................................


WIND (MPH)
  HIGHEST WIND SPEED    16   HIGHEST WIND DIRECTION    SW (230)
  HIGHEST GUST SPEED    26   HIGHEST GUST DIRECTION    SW (210)
  AVERAGE WIND SPEED     8.5


SKY COVER
  POSSIBLE SUNSHINE  MM
  AVERAGE SKY COVER 0.7


WEATHER CONDITIONS
 THE FOLLOWING WEATHER WAS RECORDED TODAY.
  LIGHT RAIN
  FOG


RELATIVE HUMIDITY (PERCENT)
 HIGHEST    93           200 AM
 LOWEST     54           200 PM
 AVERAGE    74

..........................................................


THE MADISON WI CLIMATE NORMALS FOR TOMORROW
                         NORMAL    RECORD    YEAR
 MAXIMUM TEMPERATURE (F)   58        86      2002
 MINIMUM TEMPERATURE (F)   36        12      1875


SUNRISE AND SUNSET
APRIL 15 2017.........SUNRISE   615 AM CDT   SUNSET   740 PM CDT
APRIL 16 2017.........SUNRISE   613 AM CDT   SUNSET   742 PM CDT


-  INDICATES NEGATIVE NUMBERS.
R  INDICATES RECORD WAS SET OR TIED.
MM INDICATES DATA IS MISSING.
T  INDICATES TRACE AMOUNT.




$$

HAHN
