683
CDUS43 KMKX 040645
CLIMSN


CLIMATE REPORT
NATIONAL WEATHER SERVICE IN MILWAUKEE
1244 AM CST MON DEC 4 2017


...................................

...THE MADISON WI CLIMATE SUMMARY FOR DECEMBER 3 2017...

CLIMATE NORMAL PERIOD 1981 TO 2010
CLIMATE RECORD PERIOD 1871 TO 2017


WEATHER ITEM   OBSERVED TIME   RECORD YEAR NORMAL DEPARTURE LAST
                VALUE   (LST)  VALUE       VALUE  FROM      YEAR
                                                  NORMAL
..................................................................
TEMPERATURE (F)
 YESTERDAY
  MAXIMUM         51   1140 PM  65    2012  35     16       33
  MINIMUM         22    731 AM -12    1940  20      2       29
  AVERAGE         37                        27     10       31

PRECIPITATION (IN)
  YESTERDAY        0.00          2.19 1990   0.07  -0.07      T
  MONTH TO DATE    0.00                      0.22  -0.22      T
  SINCE DEC 1      0.00                      0.22  -0.22      T
  SINCE JAN 1     37.55                     32.96   4.59    43.53

SNOWFALL (IN)
  YESTERDAY        0.0          17.3  1990   0.4   -0.4       T
  MONTH TO DATE    0.0                       1.2   -1.2       T
  SINCE DEC 1      0.0                       1.2   -1.2       T
  SINCE JUL 1      0.3                       5.3   -5.0       T
  SNOW DEPTH       0

DEGREE DAYS
 HEATING
  YESTERDAY       28                        38    -10       34
  MONTH TO DATE   83                       112    -29       93
  SINCE DEC 1     83                       112    -29       93
  SINCE JUL 1   1442                      1691   -249     1115

 COOLING
  YESTERDAY        0                         0      0        0
  MONTH TO DATE    0                         0      0        0
  SINCE DEC 1      0                         0      0        0
  SINCE JAN 1    580                       568     12      780
..................................................................


WIND (MPH)
  HIGHEST WIND SPEED    18   HIGHEST WIND DIRECTION     S (160)
  HIGHEST GUST SPEED    25   HIGHEST GUST DIRECTION     S (180)
  AVERAGE WIND SPEED     6.4


SKY COVER
  POSSIBLE SUNSHINE  MM
  AVERAGE SKY COVER 0.5


WEATHER CONDITIONS
 THE FOLLOWING WEATHER WAS RECORDED YESTERDAY.
  NO SIGNIFICANT WEATHER WAS OBSERVED.


RELATIVE HUMIDITY (PERCENT)
 HIGHEST    88           100 AM
 LOWEST     41           200 PM
 AVERAGE    65

..........................................................


THE MADISON WI CLIMATE NORMALS FOR TODAY
                         NORMAL    RECORD    YEAR
 MAXIMUM TEMPERATURE (F)   34        60      2001
 MINIMUM TEMPERATURE (F)   20       -15      1886


SUNRISE AND SUNSET
DECEMBER  4 2017......SUNRISE   713 AM CST   SUNSET   423 PM CST
DECEMBER  5 2017......SUNRISE   714 AM CST   SUNSET   422 PM CST


-  INDICATES NEGATIVE NUMBERS.
R  INDICATES RECORD WAS SET OR TIED.
MM INDICATES DATA IS MISSING.
T  INDICATES TRACE AMOUNT.




$$
