000
CDUS43 KMKX 062140
CLIMSN


CLIMATE REPORT
NATIONAL WEATHER SERVICE IN MILWAUKEE
440 PM CDT SUN AUG 6 2017


...................................

...THE MADISON WI CLIMATE SUMMARY FOR AUGUST 6 2017...
VALID TODAY AS OF 0400 PM LOCAL TIME.

CLIMATE NORMAL PERIOD 1981 TO 2010
CLIMATE RECORD PERIOD 1871 TO 2017


WEATHER ITEM   OBSERVED TIME   RECORD YEAR NORMAL DEPARTURE LAST
                VALUE   (LST)  VALUE       VALUE  FROM      YEAR
                                                  NORMAL
..................................................................
TEMPERATURE (F)
 TODAY
  MAXIMUM         75    259 PM  98    1947  80     -5       80
  MINIMUM         59    527 AM  43    1992  60     -1       59
  AVERAGE         67                        70     -3       70

PRECIPITATION (IN)
  TODAY            T             3.18 1935   0.14  -0.14     0.00
  MONTH TO DATE    0.46                      0.83  -0.37     1.61
  SINCE JUN 1     13.71                      9.55   4.16    12.19
  SINCE JAN 1     29.37                     21.38   7.99    21.98

SNOWFALL (IN)
  TODAY            0.0           0.0    MM   0.0    0.0      0.0
  MONTH TO DATE    0.0                       0.0    0.0      0.0
  SINCE JUN 1      0.0                       0.0    0.0      0.0
  SINCE JUL 1      0.0                       0.0    0.0      0.0
  SNOW DEPTH       0

DEGREE DAYS
 HEATING
  TODAY            0                         1     -1        0
  MONTH TO DATE    3                         3      0        0
  SINCE JUN 1     33                        73    -40       18
  SINCE JUL 1      3                        13    -10        4

 COOLING
  TODAY            2                         6     -4        5
  MONTH TO DATE   18                        36    -18       61
  SINCE JUN 1    377                       362     15      465
  SINCE JAN 1    392                       392      0      517
..................................................................


WIND (MPH)
  HIGHEST WIND SPEED     7   HIGHEST WIND DIRECTION     S (180)
  HIGHEST GUST SPEED    11   HIGHEST GUST DIRECTION    SE (150)
  AVERAGE WIND SPEED     0.4


SKY COVER
  POSSIBLE SUNSHINE  MM
  AVERAGE SKY COVER 0.8


WEATHER CONDITIONS
 THE FOLLOWING WEATHER WAS RECORDED TODAY.
  NO SIGNIFICANT WEATHER WAS OBSERVED.


RELATIVE HUMIDITY (PERCENT)
 HIGHEST    97           300 AM
 LOWEST     54           300 PM
 AVERAGE    76

..........................................................


THE MADISON WI CLIMATE NORMALS FOR TOMORROW
                         NORMAL    RECORD    YEAR
 MAXIMUM TEMPERATURE (F)   80        96      1949
 MINIMUM TEMPERATURE (F)   60        42      1976


SUNRISE AND SUNSET
AUGUST  6 2017........SUNRISE   553 AM CDT   SUNSET   812 PM CDT
AUGUST  7 2017........SUNRISE   555 AM CDT   SUNSET   811 PM CDT


-  INDICATES NEGATIVE NUMBERS.
R  INDICATES RECORD WAS SET OR TIED.
MM INDICATES DATA IS MISSING.
T  INDICATES TRACE AMOUNT.




$$
