000
CDUS43 KMKX 160646
CLIMSN


CLIMATE REPORT
NATIONAL WEATHER SERVICE IN MILWAUKEE
1245 AM CST TUE DEC 16 2014


...................................

...THE MADISON WI CLIMATE SUMMARY FOR DECEMBER 15 2014...

CLIMATE NORMAL PERIOD 1981 TO 2010
CLIMATE RECORD PERIOD 1871 TO 2014


WEATHER ITEM   OBSERVED TIME   RECORD YEAR NORMAL DEPARTURE LAST
                VALUE   (LST)  VALUE       VALUE  FROM      YEAR
                                                  NORMAL
..................................................................
TEMPERATURE (F)
 YESTERDAY
  MAXIMUM         46    231 PM  52    2011  30     16       20
  MINIMUM         43   1159 PM -16    1901  16     27        4
  AVERAGE         45                        23     22       12

PRECIPITATION (IN)
  YESTERDAY        0.17          1.57 1971   0.06   0.11      T
  MONTH TO DATE    0.40                      0.99  -0.59     0.53
  SINCE DEC 1      0.40                      0.99  -0.59     0.53
  SINCE JAN 1     34.68                     33.73   0.95    44.29

SNOWFALL (IN)
  YESTERDAY        0.0          13.2  1987   0.5   -0.5       T
  MONTH TO DATE    0.1                       6.6   -6.5      6.8
  SINCE DEC 1      0.1                       6.6   -6.5      6.8
  SINCE JUL 1      8.6                      10.7   -2.1     10.3
  SNOW DEPTH       0

DEGREE DAYS
 HEATING
  YESTERDAY       20                        42    -22       53
  MONTH TO DATE  536                       594    -58      689
  SINCE DEC 1    536                       594    -58      689
  SINCE JUL 1   2220                      2173     47     2208

 COOLING
  YESTERDAY        0                         0      0        0
  MONTH TO DATE    0                         0      0        0
  SINCE DEC 1      0                         0      0        0
  SINCE JAN 1    620                       568     52      709
..................................................................


WIND (MPH)
  HIGHEST WIND SPEED    17   HIGHEST WIND DIRECTION     S (160)
  HIGHEST GUST SPEED    21   HIGHEST GUST DIRECTION     S (160)
  AVERAGE WIND SPEED     8.7


SKY COVER
  POSSIBLE SUNSHINE  MM
  AVERAGE SKY COVER 1.0


WEATHER CONDITIONS
 THE FOLLOWING WEATHER WAS RECORDED YESTERDAY.
  LIGHT RAIN
  FOG
  FOG W/VISIBILITY <= 1/4 MILE


RELATIVE HUMIDITY (PERCENT)
 HIGHEST   100          1200 AM
 LOWEST     92           300 AM
 AVERAGE    96

..........................................................


THE MADISON WI CLIMATE NORMALS FOR TODAY
                         NORMAL    RECORD    YEAR
 MAXIMUM TEMPERATURE (F)   30        57      1959
 MINIMUM TEMPERATURE (F)   16       -18      1876


SUNRISE AND SUNSET
DECEMBER 16 2014......SUNRISE   723 AM CST   SUNSET   423 PM CST
DECEMBER 17 2014......SUNRISE   723 AM CST   SUNSET   423 PM CST


-  INDICATES NEGATIVE NUMBERS.
R  INDICATES RECORD WAS SET OR TIED.
MM INDICATES DATA IS MISSING.
T  INDICATES TRACE AMOUNT.




$$
