399
CDUS43 KMKX 190645
CLIMSN


CLIMATE REPORT
NATIONAL WEATHER SERVICE IN MILWAUKEE
144 AM CDT WED APR 19 2017


...................................

...THE MADISON WI CLIMATE SUMMARY FOR APRIL 18 2017...

CLIMATE NORMAL PERIOD 1981 TO 2010
CLIMATE RECORD PERIOD 1871 TO 2017


WEATHER ITEM   OBSERVED TIME   RECORD YEAR NORMAL DEPARTURE LAST
                VALUE   (LST)  VALUE       VALUE  FROM      YEAR
                                                  NORMAL
..................................................................
TEMPERATURE (F)
 YESTERDAY
  MAXIMUM         70    539 PM  87    1977  59     11       80
  MINIMUM         38    513 AM  18    1983  37      1       46
  AVERAGE         54                        48      6       63

PRECIPITATION (IN)
  YESTERDAY        T             2.15 1880   0.12  -0.12     0.00
  MONTH TO DATE    2.56                      2.02   0.54     0.83
  SINCE MAR 1      5.39                      4.22   1.17     4.79
  SINCE JAN 1     10.09                      6.90   3.19     6.29

SNOWFALL (IN)
  YESTERDAY        0.0           3.4  1912   0.1   -0.1      0.0
  MONTH TO DATE    T                         2.0   -2.0      4.2
  SINCE MAR 1      8.3                       9.0   -0.7      8.2
  SINCE JUL 1     44.0                      50.1   -6.1     32.7
  SNOW DEPTH       0

DEGREE DAYS
 HEATING
  YESTERDAY       11                        18     -7        2
  MONTH TO DATE  255                       377   -122      399
  SINCE MAR 1   1204                      1340   -136     1169
  SINCE JUL 1   5716                      6826  -1110     5769

 COOLING
  YESTERDAY        0                         0      0        0
  MONTH TO DATE    0                         0      0        0
  SINCE MAR 1      0                         0      0        0
  SINCE JAN 1      0                         0      0        0
..................................................................


WIND (MPH)
  HIGHEST WIND SPEED    30   HIGHEST WIND DIRECTION     S (180)
  HIGHEST GUST SPEED    37   HIGHEST GUST DIRECTION     S (170)
  AVERAGE WIND SPEED     9.5


SKY COVER
  POSSIBLE SUNSHINE  MM
  AVERAGE SKY COVER 0.7


WEATHER CONDITIONS
 THE FOLLOWING WEATHER WAS RECORDED YESTERDAY.
  NO SIGNIFICANT WEATHER WAS OBSERVED.


RELATIVE HUMIDITY (PERCENT)
 HIGHEST    85           200 AM
 LOWEST     32          1200 PM
 AVERAGE    59

..........................................................


THE MADISON WI CLIMATE NORMALS FOR TODAY
                         NORMAL    RECORD    YEAR
 MAXIMUM TEMPERATURE (F)   59        84      1985
 MINIMUM TEMPERATURE (F)   37        16      1983


SUNRISE AND SUNSET
APRIL 19 2017.........SUNRISE   608 AM CDT   SUNSET   745 PM CDT
APRIL 20 2017.........SUNRISE   607 AM CDT   SUNSET   746 PM CDT


-  INDICATES NEGATIVE NUMBERS.
R  INDICATES RECORD WAS SET OR TIED.
MM INDICATES DATA IS MISSING.
T  INDICATES TRACE AMOUNT.




$$
