000
CDUS43 KMKX 290049
CLIMSN


CLIMATE REPORT
NATIONAL WEATHER SERVICE IN MILWAUKEE
748 PM CDT SUN JUN 28 2015


...................................

...THE MADISON WI CLIMATE SUMMARY FOR JUNE 28 2015...
VALID TODAY AS OF 0700 PM LOCAL TIME.

CLIMATE NORMAL PERIOD 1981 TO 2010
CLIMATE RECORD PERIOD 1871 TO 2015


WEATHER ITEM   OBSERVED TIME   RECORD YEAR NORMAL DEPARTURE LAST
                VALUE   (LST)  VALUE       VALUE  FROM      YEAR
                                                  NORMAL
..................................................................
TEMPERATURE (F)
 TODAY
  MAXIMUM         73    157 PM  97    2012  81     -8       87
                                      1931
  MINIMUM         52    407 AM  47    1968  60     -8       71
  AVERAGE         63                        70     -7       79

PRECIPITATION (IN)
  TODAY            0.05          2.00 1990   0.15  -0.10      T
  MONTH TO DATE    3.12                      4.25  -1.13     6.80
  SINCE JUN 1      3.12                      4.25  -1.13     6.80
  SINCE JAN 1     13.64                     16.08  -2.44    18.55

SNOWFALL (IN)
  TODAY            0.0           0.0    MM   0.0    0.0      0.0
  MONTH TO DATE    0.0                       0.0    0.0      0.0
  SINCE JUN 1      0.0                       0.0    0.0      0.0
  SINCE JUL 1     33.7                      50.9  -17.2     59.2
  SNOW DEPTH       0

DEGREE DAYS
 HEATING
  TODAY            2                         1      1        0
  MONTH TO DATE   37                        61    -24        9
  SINCE JUN 1     37                        61    -24        9
  SINCE JUL 1   7367                      7334     33     8057

 COOLING
  TODAY            0                         6     -6       14
  MONTH TO DATE  105                       108     -3      159
  SINCE JUN 1    105                       108     -3      159
  SINCE JAN 1    155                       138     17      210
..................................................................


WIND (MPH)
  HIGHEST WIND SPEED    14   HIGHEST WIND DIRECTION    SE (130)
  HIGHEST GUST SPEED    17   HIGHEST GUST DIRECTION    SE (130)
  AVERAGE WIND SPEED     5.0


SKY COVER
  POSSIBLE SUNSHINE  MM
  AVERAGE SKY COVER 0.7


WEATHER CONDITIONS
 THE FOLLOWING WEATHER WAS RECORDED TODAY.
  LIGHT RAIN


RELATIVE HUMIDITY (PERCENT)
 HIGHEST    93          1200 AM
 LOWEST     61           100 PM
 AVERAGE    77

..........................................................


THE MADISON WI CLIMATE NORMALS FOR TOMORROW
                         NORMAL    RECORD    YEAR
 MAXIMUM TEMPERATURE (F)   81        98      1931
 MINIMUM TEMPERATURE (F)   60        43      1989


SUNRISE AND SUNSET
JUNE 28 2015..........SUNRISE   520 AM CDT   SUNSET   841 PM CDT
JUNE 29 2015..........SUNRISE   520 AM CDT   SUNSET   841 PM CDT


-  INDICATES NEGATIVE NUMBERS.
R  INDICATES RECORD WAS SET OR TIED.
MM INDICATES DATA IS MISSING.
T  INDICATES TRACE AMOUNT.




$$
