000
CDUS43 KMKX 160710
CLIMSN


CLIMATE REPORT
NATIONAL WEATHER SERVICE IN MILWAUKEE
209 AM CDT THU OCT 16 2014


...................................

...THE MADISON WI CLIMATE SUMMARY FOR OCTOBER 15 2014...

CLIMATE NORMAL PERIOD 1981 TO 2010
CLIMATE RECORD PERIOD 1871 TO 2014


WEATHER ITEM   OBSERVED TIME   RECORD YEAR NORMAL DEPARTURE LAST
                VALUE   (LST)  VALUE       VALUE  FROM      YEAR
                                                  NORMAL
..................................................................
TEMPERATURE (F)
 YESTERDAY
  MAXIMUM         52    830 PM  86    1947  59     -7       61
  MINIMUM         49    814 AM  23    1876  39     10       48
  AVERAGE         51                        49      2       55

PRECIPITATION (IN)
  YESTERDAY        0.03          1.31 1880   0.07  -0.04     0.23
  MONTH TO DATE    2.88                      1.15   1.73     1.07
  SINCE SEP 1      4.72                      4.28   0.44     4.26
  SINCE JAN 1     32.53                     29.10   3.43    40.74

SNOWFALL (IN)
  YESTERDAY        0.0           T    1943   0.0    0.0      0.0
  MONTH TO DATE    T                         0.1   -0.1      0.0
  SINCE SEP 1      T                         0.1   -0.1      0.0
  SINCE JUL 1      T                         0.1   -0.1      0.0
  SNOW DEPTH       0

DEGREE DAYS
 HEATING
  YESTERDAY       14                        16     -2       10
  MONTH TO DATE  196                       204     -8      108
  SINCE SEP 1    362                       375    -13      235
  SINCE JUL 1    379                       412    -33      265

 COOLING
  YESTERDAY        0                         0      0        0
  MONTH TO DATE    0                         0      0        2
  SINCE SEP 1     44                        51     -7       96
  SINCE JAN 1    620                       564     56      709
..................................................................


WIND (MPH)
  HIGHEST WIND SPEED    17   HIGHEST WIND DIRECTION     N (10)
  HIGHEST GUST SPEED    23   HIGHEST GUST DIRECTION     N (10)
  AVERAGE WIND SPEED     9.8


SKY COVER
  POSSIBLE SUNSHINE  MM
  AVERAGE SKY COVER 1.0


WEATHER CONDITIONS
 THE FOLLOWING WEATHER WAS RECORDED YESTERDAY.
  LIGHT RAIN
  FOG


RELATIVE HUMIDITY (PERCENT)
 HIGHEST    96           200 PM
 LOWEST     83           900 PM
 AVERAGE    90

..........................................................


THE MADISON WI CLIMATE NORMALS FOR TODAY
                         NORMAL    RECORD    YEAR
 MAXIMUM TEMPERATURE (F)   59        81      1938
                                             1879
 MINIMUM TEMPERATURE (F)   39        19      1891


SUNRISE AND SUNSET
OCTOBER 16 2014.......SUNRISE   712 AM CDT   SUNSET   613 PM CDT
OCTOBER 17 2014.......SUNRISE   713 AM CDT   SUNSET   611 PM CDT


-  INDICATES NEGATIVE NUMBERS.
R  INDICATES RECORD WAS SET OR TIED.
MM INDICATES DATA IS MISSING.
T  INDICATES TRACE AMOUNT.




$$
