560
CDUS43 KMKX 122223
CLIMSN


CLIMATE REPORT
NATIONAL WEATHER SERVICE IN MILWAUKEE
422 PM CST FRI JAN 12 2018


...................................

...THE MADISON WI CLIMATE SUMMARY FOR JANUARY 12 2018...
VALID TODAY AS OF 0400 PM LOCAL TIME.

CLIMATE NORMAL PERIOD 1981 TO 2010
CLIMATE RECORD PERIOD 1871 TO 2018


WEATHER ITEM   OBSERVED TIME   RECORD YEAR NORMAL DEPARTURE LAST
                VALUE   (LST)  VALUE       VALUE  FROM      YEAR
                                                  NORMAL
..................................................................
TEMPERATURE (F)
 TODAY
  MAXIMUM         19    255 PM  55    1871  26     -7       21
  MINIMUM         11    930 AM -25    1912  11      0       13
  AVERAGE         15                        18     -3       17

PRECIPITATION (IN)
  TODAY            0.00          1.07 1960   0.04  -0.04     0.03
  MONTH TO DATE    0.21                      0.49  -0.28     0.75
  SINCE DEC 1      0.94                      2.23  -1.29     2.78
  SINCE JAN 1      0.21                      0.49  -0.28     0.75

SNOWFALL (IN)
  TODAY            0.0          11.7  1966   0.4   -0.4      0.7
  MONTH TO DATE    0.7                       4.9   -4.2      2.1
  SINCE DEC 1      4.4                      18.4  -14.0     24.8
  SINCE JUL 1      4.7                      22.5  -17.8     24.8
  SNOW DEPTH       0

DEGREE DAYS
 HEATING
  TODAY           50                        47      3       48
  MONTH TO DATE  605                       553     52      584
  SINCE DEC 1   1928                      1853     75     1893
  SINCE JUL 1   3287                      3432   -145     2915

 COOLING
  TODAY            0                         0      0        0
  MONTH TO DATE    0                         0      0        0
  SINCE DEC 1      0                         0      0        0
  SINCE JAN 1      0                         0      0        0
..................................................................


WIND (MPH)
  HIGHEST WIND SPEED    24   HIGHEST WIND DIRECTION     N (10)
  HIGHEST GUST SPEED    33   HIGHEST GUST DIRECTION     N (340)
  AVERAGE WIND SPEED    16.0


SKY COVER
  POSSIBLE SUNSHINE  MM
  AVERAGE SKY COVER 0.6


WEATHER CONDITIONS
 THE FOLLOWING WEATHER WAS RECORDED TODAY.
  NO SIGNIFICANT WEATHER WAS OBSERVED.


RELATIVE HUMIDITY (PERCENT)
 HIGHEST    80           100 AM
 LOWEST     47           400 PM
 AVERAGE    64

..........................................................


THE MADISON WI CLIMATE NORMALS FOR TOMORROW
                         NORMAL    RECORD    YEAR
 MAXIMUM TEMPERATURE (F)   26        53      1961
 MINIMUM TEMPERATURE (F)   11       -22      1916


SUNRISE AND SUNSET
JANUARY 12 2018.......SUNRISE   727 AM CST   SUNSET   444 PM CST
JANUARY 13 2018.......SUNRISE   727 AM CST   SUNSET   445 PM CST


-  INDICATES NEGATIVE NUMBERS.
R  INDICATES RECORD WAS SET OR TIED.
MM INDICATES DATA IS MISSING.
T  INDICATES TRACE AMOUNT.




$$
