000
CDUS43 KMKX 210657
CLIMSN


CLIMATE REPORT
NATIONAL WEATHER SERVICE IN MILWAUKEE
154 AM CDT WED SEP 21 2016


...................................

...THE MADISON WI CLIMATE SUMMARY FOR SEPTEMBER 20 2016...

CLIMATE NORMAL PERIOD 1981 TO 2010
CLIMATE RECORD PERIOD 1871 TO 2016


WEATHER ITEM   OBSERVED TIME   RECORD YEAR NORMAL DEPARTURE LAST
                VALUE   (LST)  VALUE       VALUE  FROM      YEAR
                                                  NORMAL
..................................................................
TEMPERATURE (F)
 YESTERDAY
  MAXIMUM         84    257 PM  89    1908  70     14       70
                                      1895
                                      1891
  MINIMUM         55    522 AM  28    1956  48      7       46
  AVERAGE         70                        59     11       58

PRECIPITATION (IN)
  YESTERDAY        0.00          3.34 1878   0.11  -0.11     0.00
  MONTH TO DATE    5.32                      2.16   3.16     3.96
  SINCE SEP 1      5.32                      2.16   3.16     3.96
  SINCE JAN 1     33.56                     26.98   6.58    26.75

SNOWFALL (IN)
  YESTERDAY        0.0           0.0    MM   0.0    0.0      0.0
  MONTH TO DATE    0.0                       0.0    0.0      0.0
  SINCE SEP 1      0.0                       0.0    0.0      0.0
  SINCE JUL 1      0.0                       0.0    0.0      0.0
  SNOW DEPTH       0

DEGREE DAYS
 HEATING
  YESTERDAY        0                         7     -7        7
  MONTH TO DATE    9                        83    -74       36
  SINCE SEP 1      9                        83    -74       36
  SINCE JUL 1     16                       120   -104       68

 COOLING
  YESTERDAY        5                         1      4        0
  MONTH TO DATE   63                        44     19      126
  SINCE SEP 1     63                        44     19      126
  SINCE JAN 1    758                       557    201      655
..................................................................


WIND (MPH)
  HIGHEST WIND SPEED    14   HIGHEST WIND DIRECTION     S (160)
  HIGHEST GUST SPEED    18   HIGHEST GUST DIRECTION     S (190)
  AVERAGE WIND SPEED     3.7


SKY COVER
  POSSIBLE SUNSHINE  MM
  AVERAGE SKY COVER 0.5


WEATHER CONDITIONS
 THE FOLLOWING WEATHER WAS RECORDED YESTERDAY.
  FOG
  FOG W/VISIBILITY <= 1/4 MILE


RELATIVE HUMIDITY (PERCENT)
 HIGHEST   100           100 AM
 LOWEST     31           300 PM
 AVERAGE    66

..........................................................


THE MADISON WI CLIMATE NORMALS FOR TODAY
                         NORMAL    RECORD    YEAR
 MAXIMUM TEMPERATURE (F)   70        90      1908
                                             1891
 MINIMUM TEMPERATURE (F)   48        33      1991
                                             1982
                                             1974


SUNRISE AND SUNSET
SEPTEMBER 21 2016.....SUNRISE   644 AM CDT   SUNSET   656 PM CDT
SEPTEMBER 22 2016.....SUNRISE   645 AM CDT   SUNSET   654 PM CDT


-  INDICATES NEGATIVE NUMBERS.
R  INDICATES RECORD WAS SET OR TIED.
MM INDICATES DATA IS MISSING.
T  INDICATES TRACE AMOUNT.




$$
