000
CDUS43 KMKX 292147
CLIMSN


CLIMATE REPORT
NATIONAL WEATHER SERVICE IN MILWAUKEE
443 PM CDT MON JUN 29 2015


...................................

...THE MADISON WI CLIMATE SUMMARY FOR JUNE 29 2015...
VALID TODAY AS OF 0400 PM LOCAL TIME.

CLIMATE NORMAL PERIOD 1981 TO 2010
CLIMATE RECORD PERIOD 1871 TO 2015


WEATHER ITEM   OBSERVED TIME   RECORD YEAR NORMAL DEPARTURE LAST
                VALUE   (LST)  VALUE       VALUE  FROM      YEAR
                                                  NORMAL
..................................................................
TEMPERATURE (F)
 TODAY
  MAXIMUM         77    235 PM  98    1931  81     -4       84
  MINIMUM         59    438 AM  43    1989  60     -1       67
  AVERAGE         68                        71     -3       76

PRECIPITATION (IN)
  TODAY            0.03          1.44 1933   0.15  -0.12     1.40
  MONTH TO DATE    3.15                      4.40  -1.25     8.20
  SINCE JUN 1      3.15                      4.40  -1.25     8.20
  SINCE JAN 1     13.67                     16.23  -2.56    19.95

SNOWFALL (IN)
  TODAY            0.0           0.0    MM   0.0    0.0      0.0
  MONTH TO DATE    0.0                       0.0    0.0      0.0
  SINCE JUN 1      0.0                       0.0    0.0      0.0
  SINCE JUL 1     33.7                      50.9  -17.2     59.2
  SNOW DEPTH       0

DEGREE DAYS
 HEATING
  TODAY            0                         1     -1        0
  MONTH TO DATE   37                        62    -25        9
  SINCE JUN 1     37                        62    -25        9
  SINCE JUL 1   7367                      7335     32     8057

 COOLING
  TODAY            3                         6     -3       11
  MONTH TO DATE  108                       114     -6      170
  SINCE JUN 1    108                       114     -6      170
  SINCE JAN 1    158                       144     14      221
..................................................................


WIND (MPH)
  HIGHEST WIND SPEED    14   HIGHEST WIND DIRECTION     E (100)
  HIGHEST GUST SPEED    16   HIGHEST GUST DIRECTION     E (100)
  AVERAGE WIND SPEED     2.0


SKY COVER
  POSSIBLE SUNSHINE  MM
  AVERAGE SKY COVER 0.9


WEATHER CONDITIONS
 THE FOLLOWING WEATHER WAS RECORDED TODAY.
  LIGHT RAIN
  FOG
  HAZE


RELATIVE HUMIDITY (PERCENT)
 HIGHEST    97           300 AM
 LOWEST     60          1200 PM
 AVERAGE    79

..........................................................


THE MADISON WI CLIMATE NORMALS FOR TOMORROW
                         NORMAL    RECORD    YEAR
 MAXIMUM TEMPERATURE (F)   81        99      1931
 MINIMUM TEMPERATURE (F)   60        43      1988


SUNRISE AND SUNSET
JUNE 29 2015..........SUNRISE   520 AM CDT   SUNSET   841 PM CDT
JUNE 30 2015..........SUNRISE   521 AM CDT   SUNSET   841 PM CDT


-  INDICATES NEGATIVE NUMBERS.
R  INDICATES RECORD WAS SET OR TIED.
MM INDICATES DATA IS MISSING.
T  INDICATES TRACE AMOUNT.




$$

HAHN
