000
CDUS43 KMKX 100642
CLIMSN


CLIMATE REPORT
NATIONAL WEATHER SERVICE IN MILWAUKEE
141 AM CDT MON APR 10 2017


...................................

...THE MADISON WI CLIMATE SUMMARY FOR APRIL 9 2017...

CLIMATE NORMAL PERIOD 1981 TO 2010
CLIMATE RECORD PERIOD 1871 TO 2017


WEATHER ITEM   OBSERVED TIME   RECORD YEAR NORMAL DEPARTURE LAST
                VALUE   (LST)  VALUE       VALUE  FROM      YEAR
                                                  NORMAL
..................................................................
TEMPERATURE (F)
 YESTERDAY
  MAXIMUM         74    122 PM  75    1955  55     19       38
  MINIMUM         55    533 AM  10    2003  33     22       16
  AVERAGE         65                        44     21       27

PRECIPITATION (IN)
  YESTERDAY        0.00          1.80 2015   0.12  -0.12     0.00
  MONTH TO DATE    0.87                      0.96  -0.09     0.80
  SINCE MAR 1      3.70                      3.16   0.54     4.76
  SINCE JAN 1      8.40                      5.84   2.56     6.26

SNOWFALL (IN)
  YESTERDAY        0.0          12.9  1973   0.1   -0.1      0.0
  MONTH TO DATE    T                         1.2   -1.2      4.2
  SINCE MAR 1      8.3                       8.2    0.1      8.2
  SINCE JUL 1     44.0                      49.3   -5.3     32.7
  SNOW DEPTH       0

DEGREE DAYS
 HEATING
  YESTERDAY        0                        21    -21       38
  MONTH TO DATE  149                       205    -56      263
  SINCE MAR 1   1098                      1168    -70     1033
  SINCE JUL 1   5610                      6654  -1044     5633

 COOLING
  YESTERDAY        0                         0      0        0
  MONTH TO DATE    0                         0      0        0
  SINCE MAR 1      0                         0      0        0
  SINCE JAN 1      0                         0      0        0
..................................................................


WIND (MPH)
  HIGHEST WIND SPEED    23   HIGHEST WIND DIRECTION     S (160)
  HIGHEST GUST SPEED    27   HIGHEST GUST DIRECTION     S (170)
  AVERAGE WIND SPEED    12.0


SKY COVER
  POSSIBLE SUNSHINE  MM
  AVERAGE SKY COVER 0.7


WEATHER CONDITIONS
 THE FOLLOWING WEATHER WAS RECORDED YESTERDAY.
  NO SIGNIFICANT WEATHER WAS OBSERVED.


RELATIVE HUMIDITY (PERCENT)
 HIGHEST    73           900 PM
 LOWEST     49          1200 PM
 AVERAGE    61

..........................................................


THE MADISON WI CLIMATE NORMALS FOR TODAY
                         NORMAL    RECORD    YEAR
 MAXIMUM TEMPERATURE (F)   55        89      1930
 MINIMUM TEMPERATURE (F)   34        18      1960


SUNRISE AND SUNSET
APRIL 10 2017.........SUNRISE   623 AM CDT   SUNSET   735 PM CDT
APRIL 11 2017.........SUNRISE   622 AM CDT   SUNSET   736 PM CDT


-  INDICATES NEGATIVE NUMBERS.
R  INDICATES RECORD WAS SET OR TIED.
MM INDICATES DATA IS MISSING.
T  INDICATES TRACE AMOUNT.




$$
