000
CDUS43 KMKX 212100
CLIMSN


CLIMATE REPORT
NATIONAL WEATHER SERVICE IN MILWAUKEE
400 PM CDT MON JUL 21 2014


...................................

...THE MADISON WI CLIMATE SUMMARY FOR JULY 21 2014...
VALID TODAY AS OF 0400 PM LOCAL TIME.

CLIMATE NORMAL PERIOD 1981 TO 2010
CLIMATE RECORD PERIOD 1871 TO 2014


WEATHER ITEM   OBSERVED TIME   RECORD YEAR NORMAL DEPARTURE LAST
                VALUE   (LST)  VALUE       VALUE  FROM      YEAR
                                                  NORMAL
..................................................................
TEMPERATURE (F)
 TODAY
  MAXIMUM         87    159 PM 104    1901  82      5       84
  MINIMUM         65    508 AM  41    1966  61      4       60
  AVERAGE         76                        71      5       72

PRECIPITATION (IN)
  TODAY            0.00          4.32 1881   0.14  -0.14     1.80
  MONTH TO DATE    1.03                      2.91  -1.88     3.46
  SINCE JUN 1     10.58                      7.45   3.13    14.32
  SINCE JAN 1     22.33                     19.28   3.05    34.41

SNOWFALL (IN)
  TODAY            0.0           0.0    MM   0.0    0.0      0.0
  MONTH TO DATE    0.0                       0.0    0.0      0.0
  SINCE JUN 1      0.0                       0.0    0.0      0.0
  SINCE JUL 1      0.0                       0.0    0.0      0.0
  SNOW DEPTH       0

DEGREE DAYS
 HEATING
  TODAY            0                         0      0        0
  MONTH TO DATE   13                         0     13        2
  SINCE JUN 1     22                        60    -38       54
  SINCE JUL 1     13                         0     13        2

 COOLING
  TODAY           11                         7      4        7
  MONTH TO DATE   87                       145    -58      206
  SINCE JUN 1    269                       265      4      343
  SINCE JAN 1    320                       295     25      396
..................................................................


WIND (MPH)
  HIGHEST WIND SPEED    20   HIGHEST WIND DIRECTION     S (180)
  HIGHEST GUST SPEED    25   HIGHEST GUST DIRECTION     S (200)
  AVERAGE WIND SPEED     9.8


SKY COVER
  POSSIBLE SUNSHINE  MM
  AVERAGE SKY COVER 0.2


WEATHER CONDITIONS
 THE FOLLOWING WEATHER WAS RECORDED TODAY.
  NO SIGNIFICANT WEATHER WAS OBSERVED.


RELATIVE HUMIDITY (PERCENT)
 HIGHEST    81           300 AM
 LOWEST     51          1200 PM
 AVERAGE    66

..........................................................


THE MADISON WI CLIMATE NORMALS FOR TOMORROW
                         NORMAL    RECORD    YEAR
 MAXIMUM TEMPERATURE (F)   82       100      1955
                                             1934
 MINIMUM TEMPERATURE (F)   61        47      1947


SUNRISE AND SUNSET
JULY 21 2014..........SUNRISE   537 AM CDT   SUNSET   830 PM CDT
JULY 22 2014..........SUNRISE   538 AM CDT   SUNSET   829 PM CDT


-  INDICATES NEGATIVE NUMBERS.
R  INDICATES RECORD WAS SET OR TIED.
MM INDICATES DATA IS MISSING.
T  INDICATES TRACE AMOUNT.




$$
