000
CDUS43 KMKX 112300
CLIMSN


CLIMATE REPORT
NATIONAL WEATHER SERVICE IN MILWAUKEE
500 PM CST SAT FEB 11 2017


...................................

...THE MADISON WI CLIMATE SUMMARY FOR FEBRUARY 11 2017...
VALID TODAY AS OF 0500 PM LOCAL TIME.

CLIMATE NORMAL PERIOD 1981 TO 2010
CLIMATE RECORD PERIOD 1871 TO 2017


WEATHER ITEM   OBSERVED TIME   RECORD YEAR NORMAL DEPARTURE LAST
                VALUE   (LST)  VALUE       VALUE  FROM      YEAR
                                                  NORMAL
..................................................................
TEMPERATURE (F)
 TODAY
  MAXIMUM         42    114 PM  61    1999  30     12       19
  MINIMUM         34    600 AM -22    1885  14     20        0
  AVERAGE         38                        22     16       10

PRECIPITATION (IN)
  TODAY            0.00          1.00 1880   0.05  -0.05     0.00
  MONTH TO DATE    0.25                      0.50  -0.25     0.40
  SINCE DEC 1      5.04                      3.47   1.57     4.71
  SINCE JAN 1      3.01                      1.73   1.28     1.38

SNOWFALL (IN)
  TODAY            0.0           6.5  1887   0.4   -0.4      0.0
  MONTH TO DATE    T                         4.4   -4.4      3.7
  SINCE DEC 1     33.8                      30.8    3.0     18.0
  SINCE JUL 1     33.8                      34.9   -1.1     22.1
  SNOW DEPTH       2

DEGREE DAYS
 HEATING
  TODAY           27                        43    -16       55
  MONTH TO DATE  465                       487    -22      458
  SINCE DEC 1   3047                      3221   -174     2769
  SINCE JUL 1   4069                      4800   -731     3960

 COOLING
  TODAY            0                         0      0        0
  MONTH TO DATE    0                         0      0        0
  SINCE DEC 1      0                         0      0        0
  SINCE JAN 1      0                         0      0        0
..................................................................


WIND (MPH)
  HIGHEST WIND SPEED     9   HIGHEST WIND DIRECTION     N (350)
  HIGHEST GUST SPEED    12   HIGHEST GUST DIRECTION     N (340)
  AVERAGE WIND SPEED     3.7


SKY COVER
  POSSIBLE SUNSHINE  MM
  AVERAGE SKY COVER 0.9


WEATHER CONDITIONS
 THE FOLLOWING WEATHER WAS RECORDED TODAY.
  NO SIGNIFICANT WEATHER WAS OBSERVED.


RELATIVE HUMIDITY (PERCENT)
 HIGHEST    89           800 AM
 LOWEST     67           100 PM
 AVERAGE    78

..........................................................


THE MADISON WI CLIMATE NORMALS FOR TOMORROW
                         NORMAL    RECORD    YEAR
 MAXIMUM TEMPERATURE (F)   30        63      1882
 MINIMUM TEMPERATURE (F)   14       -23      1899


SUNRISE AND SUNSET
FEBRUARY 11 2017......SUNRISE   700 AM CST   SUNSET   523 PM CST
FEBRUARY 12 2017......SUNRISE   659 AM CST   SUNSET   525 PM CST


-  INDICATES NEGATIVE NUMBERS.
R  INDICATES RECORD WAS SET OR TIED.
MM INDICATES DATA IS MISSING.
T  INDICATES TRACE AMOUNT.




$$
