000
CDUS43 KMKX 202141
CLIMSN


CLIMATE REPORT
NATIONAL WEATHER SERVICE IN MILWAUKEE
441 PM CDT WED JUL 20 2016


...................................

...THE MADISON WI CLIMATE SUMMARY FOR JULY 20 2016...
VALID TODAY AS OF 0400 PM LOCAL TIME.

CLIMATE NORMAL PERIOD 1981 TO 2010
CLIMATE RECORD PERIOD 1871 TO 2016


WEATHER ITEM   OBSERVED TIME   RECORD YEAR NORMAL DEPARTURE LAST
                VALUE   (LST)  VALUE       VALUE  FROM      YEAR
                                                  NORMAL
..................................................................
TEMPERATURE (F)
 TODAY
  MAXIMUM         84    237 PM  97    2011  82      2       82
                                      1930
                                      1901
  MINIMUM         68    454 AM  45    1970  61      7       66
  AVERAGE         76                        71      5       74

PRECIPITATION (IN)
  TODAY            0.00          2.53 1912   0.13  -0.13      T
  MONTH TO DATE    1.01                      2.77  -1.76     3.60
  SINCE JUN 1      6.36                      7.31  -0.95     6.75
  SINCE JAN 1     16.15                     19.14  -2.99    17.27

SNOWFALL (IN)
  TODAY            0.0           0.0    MM   0.0    0.0      0.0
  MONTH TO DATE    0.0                       0.0    0.0      0.0
  SINCE JUN 1      0.0                       0.0    0.0      0.0
  SINCE JUL 1      0.0                       0.0    0.0      0.0
  SNOW DEPTH       0

DEGREE DAYS
 HEATING
  TODAY            0                         0      0        0
  MONTH TO DATE    4                         0      4       16
  SINCE JUN 1     18                        60    -42       53
  SINCE JUL 1      4                         0      4       16

 COOLING
  TODAY           11                         7      4        9
  MONTH TO DATE  140                       138      2      104
  SINCE JUN 1    289                       258     31      215
  SINCE JAN 1    341                       288     53      265
..................................................................


WIND (MPH)
  HIGHEST WIND SPEED    18   HIGHEST WIND DIRECTION     S (180)
  HIGHEST GUST SPEED    22   HIGHEST GUST DIRECTION     S (180)
  AVERAGE WIND SPEED     8.1


SKY COVER
  POSSIBLE SUNSHINE  MM
  AVERAGE SKY COVER 0.5


WEATHER CONDITIONS
 THE FOLLOWING WEATHER WAS RECORDED TODAY.
  NO SIGNIFICANT WEATHER WAS OBSERVED.


RELATIVE HUMIDITY (PERCENT)
 HIGHEST    93           500 AM
 LOWEST     58          1000 AM
 AVERAGE    76

..........................................................


THE MADISON WI CLIMATE NORMALS FOR TOMORROW
                         NORMAL    RECORD    YEAR
 MAXIMUM TEMPERATURE (F)   82       104      1901
 MINIMUM TEMPERATURE (F)   61        41      1966


SUNRISE AND SUNSET
JULY 20 2016..........SUNRISE   536 AM CDT   SUNSET   831 PM CDT
JULY 21 2016..........SUNRISE   537 AM CDT   SUNSET   830 PM CDT


-  INDICATES NEGATIVE NUMBERS.
R  INDICATES RECORD WAS SET OR TIED.
MM INDICATES DATA IS MISSING.
T  INDICATES TRACE AMOUNT.




$$
