323
CDUS43 KMKX 132240
CLIMSN


CLIMATE REPORT
NATIONAL WEATHER SERVICE IN MILWAUKEE
440 PM CST MON NOV 13 2017


...................................

...THE MADISON WI CLIMATE SUMMARY FOR NOVEMBER 13 2017...
VALID TODAY AS OF 0400 PM LOCAL TIME.

CLIMATE NORMAL PERIOD 1981 TO 2010
CLIMATE RECORD PERIOD 1871 TO 2017


WEATHER ITEM   OBSERVED TIME   RECORD YEAR NORMAL DEPARTURE LAST
                VALUE   (LST)  VALUE       VALUE  FROM      YEAR
                                                  NORMAL
..................................................................
TEMPERATURE (F)
 TODAY
  MAXIMUM         42    231 PM  69    1999  46     -4       56
  MINIMUM         20    702 AM   2    1986  30    -10       39
  AVERAGE         31                        38     -7       48

PRECIPITATION (IN)
  TODAY            0.00          0.96 1951   0.08  -0.08     0.00
  MONTH TO DATE    0.35                      1.04  -0.69     0.25
  SINCE SEP 1      4.46                      6.57  -2.11    13.67
  SINCE JAN 1     37.22                     31.39   5.83    41.91

SNOWFALL (IN)
  TODAY            0.0           1.2  1959   0.1   -0.1      0.0
  MONTH TO DATE    T                         0.7   -0.7      0.0
  SINCE SEP 1      T                         1.2   -1.2      0.0
  SINCE JUL 1      T                         1.2   -1.2      0.0
  SNOW DEPTH       0

DEGREE DAYS
 HEATING
  TODAY           34                        27      7       17
  MONTH TO DATE  400                       320     80      202
  SINCE SEP 1    860                       996   -136      591
  SINCE JUL 1    885                      1033   -148      598

 COOLING
  TODAY            0                         0      0        0
  MONTH TO DATE    0                         0      0        0
  SINCE SEP 1    120                        55     65       85
  SINCE JAN 1    580                       568     12      780
..................................................................


WIND (MPH)
  HIGHEST WIND SPEED    12   HIGHEST WIND DIRECTION     S (170)
  HIGHEST GUST SPEED    13   HIGHEST GUST DIRECTION     S (170)
  AVERAGE WIND SPEED     2.6


SKY COVER
  POSSIBLE SUNSHINE  MM
  AVERAGE SKY COVER 0.7


WEATHER CONDITIONS
 THE FOLLOWING WEATHER WAS RECORDED TODAY.
  FOG
  FOG W/VISIBILITY <= 1/4 MILE
  HAZE


RELATIVE HUMIDITY (PERCENT)
 HIGHEST   100          1200 AM
 LOWEST     70          1100 AM
 AVERAGE    85

..........................................................


THE MADISON WI CLIMATE NORMALS FOR TOMORROW
                         NORMAL    RECORD    YEAR
 MAXIMUM TEMPERATURE (F)   45        71      1971
 MINIMUM TEMPERATURE (F)   29         2      1959


SUNRISE AND SUNSET
NOVEMBER 13 2017......SUNRISE   648 AM CST   SUNSET   435 PM CST
NOVEMBER 14 2017......SUNRISE   649 AM CST   SUNSET   434 PM CST


-  INDICATES NEGATIVE NUMBERS.
R  INDICATES RECORD WAS SET OR TIED.
MM INDICATES DATA IS MISSING.
T  INDICATES TRACE AMOUNT.




$$
