000
CDUS43 KMKX 010651
CLIMSN


CLIMATE REPORT
NATIONAL WEATHER SERVICE IN MILWAUKEE
1246 AM CST MON JAN 1 2018


...................................

...THE MADISON WI CLIMATE SUMMARY FOR DECEMBER 31 2017...

CLIMATE NORMAL PERIOD 1981 TO 2010
CLIMATE RECORD PERIOD 1871 TO 2017


WEATHER ITEM   OBSERVED TIME   RECORD YEAR NORMAL DEPARTURE LAST
                VALUE   (LST)  VALUE       VALUE  FROM      YEAR
                                                  NORMAL
..................................................................
TEMPERATURE (F)
 YESTERDAY
  MAXIMUM          5    309 PM  55    1965  27    -22       33
  MINIMUM         -9   1159 PM -16    1967  12    -21       20
  AVERAGE         -2                        20    -22       27

PRECIPITATION (IN)
  YESTERDAY        T             0.85 1876   0.04  -0.04      T
  MONTH TO DATE    0.73                      1.74  -1.01     2.03
  SINCE DEC 1      0.73                      1.74  -1.01     2.03
  SINCE JAN 1     38.28                     34.48   3.80    45.56

SNOWFALL (IN)
  YESTERDAY        T             8.1  1978   0.4   -0.4       T
  MONTH TO DATE    3.7                      13.5   -9.8     22.7
  SINCE DEC 1      3.7                      13.5   -9.8     22.7
  SINCE JUL 1      4.0                      17.6  -13.6     22.7
  SNOW DEPTH       2

DEGREE DAYS
 HEATING
  YESTERDAY       67                        46     21       38
  MONTH TO DATE 1323                      1301     22     1309
  SINCE DEC 1   1323                      1300     23     1309
  SINCE JUL 1   2682                      2879   -197     2331

 COOLING
  YESTERDAY        0                         0      0        0
  MONTH TO DATE    0                         0      0        0
  SINCE DEC 1      0                         0      0        0
  SINCE JAN 1    580                       568     12      780
..................................................................


WIND (MPH)
  HIGHEST WIND SPEED    15   HIGHEST WIND DIRECTION     N (340)
  HIGHEST GUST SPEED    21   HIGHEST GUST DIRECTION     N (340)
  AVERAGE WIND SPEED     8.1


SKY COVER
  POSSIBLE SUNSHINE  MM
  AVERAGE SKY COVER 0.3


WEATHER CONDITIONS
 THE FOLLOWING WEATHER WAS RECORDED YESTERDAY.
  LIGHT SNOW
  FOG


RELATIVE HUMIDITY (PERCENT)
 HIGHEST    79           700 AM
 LOWEST     51           600 PM
 AVERAGE    65

..........................................................


THE MADISON WI CLIMATE NORMALS FOR TODAY
                         NORMAL    RECORD    YEAR
 MAXIMUM TEMPERATURE (F)   27        54      1897
 MINIMUM TEMPERATURE (F)   12       -16      1887


SUNRISE AND SUNSET
JANUARY  1 2018.......SUNRISE   729 AM CST   SUNSET   433 PM CST
JANUARY  2 2018.......SUNRISE   729 AM CST   SUNSET   434 PM CST


-  INDICATES NEGATIVE NUMBERS.
R  INDICATES RECORD WAS SET OR TIED.
MM INDICATES DATA IS MISSING.
T  INDICATES TRACE AMOUNT.




$$
