000
CDUS43 KMKX 302208
CLIMSN


CLIMATE REPORT
NATIONAL WEATHER SERVICE IN MILWAUKEE
508 PM CDT SUN JUL 30 2017


...................................

...THE MADISON WI CLIMATE SUMMARY FOR JULY 30 2017...
VALID TODAY AS OF 0500 PM LOCAL TIME.

CLIMATE NORMAL PERIOD 1981 TO 2010
CLIMATE RECORD PERIOD 1871 TO 2017


WEATHER ITEM   OBSERVED TIME   RECORD YEAR NORMAL DEPARTURE LAST
                VALUE   (LST)  VALUE       VALUE  FROM      YEAR
                                                  NORMAL
..................................................................
TEMPERATURE (F)
 TODAY
  MAXIMUM         81    241 PM  97    1999  81      0       80
                                      1955
                                      1916
  MINIMUM         54    515 AM  45    1971  61     -7       59
  AVERAGE         68                        71     -3       70

PRECIPITATION (IN)
  TODAY            0.00          2.24 2004   0.12  -0.12     0.00
  MONTH TO DATE    6.52                      4.05   2.47     5.23
  SINCE JUN 1     13.25                      8.59   4.66    10.58
  SINCE JAN 1     28.91                     20.42   8.49    20.37

SNOWFALL (IN)
  TODAY            0.0           0.0    MM   0.0    0.0      0.0
  MONTH TO DATE    0.0                       0.0    0.0      0.0
  SINCE JUN 1      0.0                       0.0    0.0      0.0
  SINCE JUL 1      0.0                       0.0    0.0      0.0
  SNOW DEPTH       0

DEGREE DAYS
 HEATING
  TODAY            0                         0      0        0
  MONTH TO DATE    0                         0      0        4
  SINCE JUN 1     30                        60    -30       18
  SINCE JUL 1      0                         0      0        4

 COOLING
  TODAY            3                         6     -3        5
  MONTH TO DATE  195                       202     -7      251
  SINCE JUN 1    352                       322     30      400
  SINCE JAN 1    367                       352     15      452
..................................................................


WIND (MPH)
  HIGHEST WIND SPEED     8   HIGHEST WIND DIRECTION     W (290)
  HIGHEST GUST SPEED    13   HIGHEST GUST DIRECTION     W (250)
  AVERAGE WIND SPEED     2.2


SKY COVER
  POSSIBLE SUNSHINE  MM
  AVERAGE SKY COVER 0.2


WEATHER CONDITIONS
 THE FOLLOWING WEATHER WAS RECORDED TODAY.
  FOG


RELATIVE HUMIDITY (PERCENT)
 HIGHEST   100           200 AM
 LOWEST     45          1200 PM
 AVERAGE    73

..........................................................


THE MADISON WI CLIMATE NORMALS FOR TOMORROW
                         NORMAL    RECORD    YEAR
 MAXIMUM TEMPERATURE (F)   81        95      2006
                                             2001
                                             1988
 MINIMUM TEMPERATURE (F)   61        43      1971


SUNRISE AND SUNSET
JULY 30 2017..........SUNRISE   546 AM CDT   SUNSET   821 PM CDT
JULY 31 2017..........SUNRISE   547 AM CDT   SUNSET   820 PM CDT


-  INDICATES NEGATIVE NUMBERS.
R  INDICATES RECORD WAS SET OR TIED.
MM INDICATES DATA IS MISSING.
T  INDICATES TRACE AMOUNT.




$$
