000
CDUS43 KMKX 270711
CLIMSN


CLIMATE REPORT
NATIONAL WEATHER SERVICE IN MILWAUKEE
108 AM CST MON NOV 27 2017


...................................

...THE MADISON WI CLIMATE SUMMARY FOR NOVEMBER 26 2017...

CLIMATE NORMAL PERIOD 1981 TO 2010
CLIMATE RECORD PERIOD 1871 TO 2017


WEATHER ITEM   OBSERVED TIME   RECORD YEAR NORMAL DEPARTURE LAST
                VALUE   (LST)  VALUE       VALUE  FROM      YEAR
                                                  NORMAL
..................................................................
TEMPERATURE (F)
 YESTERDAY
  MAXIMUM         50    338 PM  65    1990  38     12       47
  MINIMUM         19    644 AM  -5    1977  24     -5       36
  AVERAGE         35                        31      4       42

PRECIPITATION (IN)
  YESTERDAY        0.00          1.19 2015   0.08  -0.08     0.00
  MONTH TO DATE    0.68                      2.08  -1.40     0.48
  SINCE SEP 1      4.79                      7.61  -2.82    13.90
  SINCE JAN 1     37.55                     32.43   5.12    42.14

SNOWFALL (IN)
  YESTERDAY        0.0           3.8  1971   0.3   -0.3      0.0
                                      1940
  MONTH TO DATE    0.3                       2.7   -2.4       T
  SINCE SEP 1      0.3                       3.2   -2.9       T
  SINCE JUL 1      0.3                       3.2   -2.9       T
  SNOW DEPTH       0

DEGREE DAYS
 HEATING
  YESTERDAY       30                        34     -4       23
  MONTH TO DATE  775                       724     51      526
  SINCE SEP 1   1235                      1400   -165      915
  SINCE JUL 1   1260                      1437   -177      922

 COOLING
  YESTERDAY        0                         0      0        0
  MONTH TO DATE    0                         0      0        0
  SINCE SEP 1    120                        55     65       85
  SINCE JAN 1    580                       568     12      780
..................................................................


WIND (MPH)
  HIGHEST WIND SPEED    13   HIGHEST WIND DIRECTION    SW (240)
  HIGHEST GUST SPEED    20   HIGHEST GUST DIRECTION    SW (230)
  AVERAGE WIND SPEED     3.2


SKY COVER
  POSSIBLE SUNSHINE  MM
  AVERAGE SKY COVER 0.5


WEATHER CONDITIONS
 THE FOLLOWING WEATHER WAS RECORDED YESTERDAY.
  NO SIGNIFICANT WEATHER WAS OBSERVED.


RELATIVE HUMIDITY (PERCENT)
 HIGHEST    92           200 AM
 LOWEST     46           300 PM
 AVERAGE    69

..........................................................


THE MADISON WI CLIMATE NORMALS FOR TODAY
                         NORMAL    RECORD    YEAR
 MAXIMUM TEMPERATURE (F)   38        65      1998
                                             1990
 MINIMUM TEMPERATURE (F)   23        -7      1887


SUNRISE AND SUNSET
NOVEMBER 27 2017......SUNRISE   705 AM CST   SUNSET   425 PM CST
NOVEMBER 28 2017......SUNRISE   706 AM CST   SUNSET   424 PM CST


-  INDICATES NEGATIVE NUMBERS.
R  INDICATES RECORD WAS SET OR TIED.
MM INDICATES DATA IS MISSING.
T  INDICATES TRACE AMOUNT.




$$
