000
CDUS43 KMKX 280641
CLIMSN


CLIMATE REPORT
NATIONAL WEATHER SERVICE IN MILWAUKEE
140 AM CDT TUE JUL 28 2015


...................................

...THE MADISON WI CLIMATE SUMMARY FOR JULY 27 2015...

CLIMATE NORMAL PERIOD 1981 TO 2010
CLIMATE RECORD PERIOD 1871 TO 2015


WEATHER ITEM   OBSERVED TIME   RECORD YEAR NORMAL DEPARTURE LAST
                VALUE   (LST)  VALUE       VALUE  FROM      YEAR
                                                  NORMAL
..................................................................
TEMPERATURE (F)
 YESTERDAY
  MAXIMUM         87    355 PM 100    1955  81      6       79
  MINIMUM         60    512 AM  45    1971  61     -1       60
  AVERAGE         74                        71      3       70

PRECIPITATION (IN)
  YESTERDAY        0.00          1.62 1877   0.13  -0.13     0.03
  MONTH TO DATE    3.60                      3.68  -0.08     1.08
  SINCE JUN 1      6.75                      8.22  -1.47    10.63
  SINCE JAN 1     17.27                     20.05  -2.78    22.38

SNOWFALL (IN)
  YESTERDAY        0.0           0.0    MM   0.0    0.0      0.0
  MONTH TO DATE    0.0                       0.0    0.0      0.0
  SINCE JUN 1      0.0                       0.0    0.0      0.0
  SINCE JUL 1      0.0                       0.0    0.0      0.0
  SNOW DEPTH       0

DEGREE DAYS
 HEATING
  YESTERDAY        0                         0      0        0
  MONTH TO DATE   16                         0     16       13
  SINCE JUN 1     53                        60     -7       22
  SINCE JUL 1     16                         0     16       13

 COOLING
  YESTERDAY        9                         6      3        5
  MONTH TO DATE  156                       184    -28      126
  SINCE JUN 1    267                       304    -37      308
  SINCE JAN 1    317                       334    -17      359
..................................................................


WIND (MPH)
  HIGHEST WIND SPEED    14   HIGHEST WIND DIRECTION    SE (140)
  HIGHEST GUST SPEED    19   HIGHEST GUST DIRECTION    SE (130)
  AVERAGE WIND SPEED     6.2


SKY COVER
  POSSIBLE SUNSHINE  MM
  AVERAGE SKY COVER 0.5


WEATHER CONDITIONS
 THE FOLLOWING WEATHER WAS RECORDED YESTERDAY.
  FOG


RELATIVE HUMIDITY (PERCENT)
 HIGHEST    97           300 AM
 LOWEST     48           500 PM
 AVERAGE    73

..........................................................


THE MADISON WI CLIMATE NORMALS FOR TODAY
                         NORMAL    RECORD    YEAR
 MAXIMUM TEMPERATURE (F)   81        98      1916
 MINIMUM TEMPERATURE (F)   61        47      1980
                                             1972
                                             1965


SUNRISE AND SUNSET
JULY 28 2015..........SUNRISE   543 AM CDT   SUNSET   824 PM CDT
JULY 29 2015..........SUNRISE   544 AM CDT   SUNSET   823 PM CDT


-  INDICATES NEGATIVE NUMBERS.
R  INDICATES RECORD WAS SET OR TIED.
MM INDICATES DATA IS MISSING.
T  INDICATES TRACE AMOUNT.




$$
