000
CDUS43 KMKX 090651
CLIMSN


CLIMATE REPORT
NATIONAL WEATHER SERVICE IN MILWAUKEE
151 AM CDT FRI JUN 9 2017


...................................

...THE MADISON WI CLIMATE SUMMARY FOR JUNE 8 2017...

CLIMATE NORMAL PERIOD 1981 TO 2010
CLIMATE RECORD PERIOD 1871 TO 2017


WEATHER ITEM   OBSERVED TIME   RECORD YEAR NORMAL DEPARTURE LAST
                VALUE   (LST)  VALUE       VALUE  FROM      YEAR
                                                  NORMAL
..................................................................
TEMPERATURE (F)
 YESTERDAY
  MAXIMUM         80    332 PM  92    1985  76      4       74
                                      1964
  MINIMUM         53    446 AM  37    1949  54     -1       45
  AVERAGE         67                        65      2       60

PRECIPITATION (IN)
  YESTERDAY        T             4.11 2008   0.15  -0.15     0.00
  MONTH TO DATE    0.01                      1.19  -1.18     1.10
  SINCE JUN 1      0.01                      1.19  -1.18     1.10
  SINCE JAN 1     15.67                     13.02   2.65    10.89

SNOWFALL (IN)
  YESTERDAY        0.0           0.0    MM   0.0    0.0      0.0
  MONTH TO DATE    0.0                       0.0    0.0      0.0
  SINCE JUN 1      0.0                       0.0    0.0      0.0
  SINCE JUL 1     44.0                      50.9   -6.9     32.7
  SNOW DEPTH       0

DEGREE DAYS
 HEATING
  YESTERDAY        0                         3     -3        5
  MONTH TO DATE    7                        30    -23       13
  SINCE JUN 1      7                        30    -23       13
  SINCE JUL 1   6195                      7303  -1108     6197

 COOLING
  YESTERDAY        2                         3     -1        0
  MONTH TO DATE   20                        17      3       15
  SINCE JUN 1     20                        17      3       15
  SINCE JAN 1     35                        47    -12       67
..................................................................


WIND (MPH)
  HIGHEST WIND SPEED    13   HIGHEST WIND DIRECTION     S (200)
  HIGHEST GUST SPEED    19   HIGHEST GUST DIRECTION     S (190)
  AVERAGE WIND SPEED     5.6


SKY COVER
  POSSIBLE SUNSHINE  MM
  AVERAGE SKY COVER 0.6


WEATHER CONDITIONS
 THE FOLLOWING WEATHER WAS RECORDED YESTERDAY.
  NO SIGNIFICANT WEATHER WAS OBSERVED.


RELATIVE HUMIDITY (PERCENT)
 HIGHEST    66           400 AM
 LOWEST     35          1000 AM
 AVERAGE    51

..........................................................


THE MADISON WI CLIMATE NORMALS FOR TODAY
                         NORMAL    RECORD    YEAR
 MAXIMUM TEMPERATURE (F)   76        93      1911
 MINIMUM TEMPERATURE (F)   54        34      1977


SUNRISE AND SUNSET
JUNE  9 2017..........SUNRISE   518 AM CDT   SUNSET   836 PM CDT
JUNE 10 2017..........SUNRISE   517 AM CDT   SUNSET   836 PM CDT


-  INDICATES NEGATIVE NUMBERS.
R  INDICATES RECORD WAS SET OR TIED.
MM INDICATES DATA IS MISSING.
T  INDICATES TRACE AMOUNT.




$$
