000
CDUS43 KMKX 100052
CLIMSN


CLIMATE REPORT
NATIONAL WEATHER SERVICE IN MILWAUKEE
751 PM CDT TUE SEP 9 2014


...................................

...THE MADISON WI CLIMATE SUMMARY FOR SEPTEMBER 9 2014...
VALID TODAY AS OF 0700 PM LOCAL TIME.

CLIMATE NORMAL PERIOD 1981 TO 2010
CLIMATE RECORD PERIOD 1871 TO 2014


WEATHER ITEM   OBSERVED TIME   RECORD YEAR NORMAL DEPARTURE LAST
                VALUE   (LST)  VALUE       VALUE  FROM      YEAR
                                                  NORMAL
..................................................................
TEMPERATURE (F)
 TODAY
  MAXIMUM         79    314 PM  97    1955  75      4       93
  MINIMUM         59    551 AM  36    1975  53      6       65
  AVERAGE         69                        64      5       79

PRECIPITATION (IN)
  TODAY            0.00          2.45 1994   0.11  -0.11     0.00
  MONTH TO DATE    0.87                      1.02  -0.15     0.00
  SINCE SEP 1      0.87                      1.02  -0.15     0.00
  SINCE JAN 1     28.68                     25.84   2.84    36.48

SNOWFALL (IN)
  TODAY            0.0           0.0    MM   0.0    0.0      0.0
  MONTH TO DATE    0.0                       0.0    0.0      0.0
  SINCE SEP 1      0.0                       0.0    0.0      0.0
  SINCE JUL 1      0.0                       0.0    0.0      0.0
  SNOW DEPTH       0

DEGREE DAYS
 HEATING
  TODAY            0                         4     -4        0
  MONTH TO DATE    1                        24    -23        9
  SINCE SEP 1      1                        24    -23        9
  SINCE JUL 1     18                        61    -43       39

 COOLING
  TODAY            4                         2      2       14
  MONTH TO DATE   34                        26      8       50
  SINCE SEP 1     34                        26      8       50
  SINCE JAN 1    610                       539     71      663
..................................................................


WIND (MPH)
  HIGHEST WIND SPEED    15   HIGHEST WIND DIRECTION    SE (150)
  HIGHEST GUST SPEED    19   HIGHEST GUST DIRECTION     S (160)
  AVERAGE WIND SPEED     5.3


SKY COVER
  POSSIBLE SUNSHINE  MM
  AVERAGE SKY COVER 0.4


WEATHER CONDITIONS
 THE FOLLOWING WEATHER WAS RECORDED TODAY.
  NO SIGNIFICANT WEATHER WAS OBSERVED.


RELATIVE HUMIDITY (PERCENT)
 HIGHEST    84           300 AM
 LOWEST     54           400 PM
 AVERAGE    69

..........................................................


THE MADISON WI CLIMATE NORMALS FOR TOMORROW
                         NORMAL    RECORD    YEAR
 MAXIMUM TEMPERATURE (F)   74        95      1931
 MINIMUM TEMPERATURE (F)   53        33      1967


SUNRISE AND SUNSET
SEPTEMBER  9 2014.....SUNRISE   630 AM CDT   SUNSET   718 PM CDT
SEPTEMBER 10 2014.....SUNRISE   631 AM CDT   SUNSET   716 PM CDT


-  INDICATES NEGATIVE NUMBERS.
R  INDICATES RECORD WAS SET OR TIED.
MM INDICATES DATA IS MISSING.
T  INDICATES TRACE AMOUNT.




$$
