000
CDUS43 KMKX 140642
CLIMSN


CLIMATE REPORT
NATIONAL WEATHER SERVICE IN MILWAUKEE
141 AM CDT WED JUN 14 2017


...................................

...THE MADISON WI CLIMATE SUMMARY FOR JUNE 13 2017...

CLIMATE NORMAL PERIOD 1981 TO 2010
CLIMATE RECORD PERIOD 1871 TO 2017


WEATHER ITEM   OBSERVED TIME   RECORD YEAR NORMAL DEPARTURE LAST
                VALUE   (LST)  VALUE       VALUE  FROM      YEAR
                                                  NORMAL
..................................................................
TEMPERATURE (F)
 YESTERDAY
  MAXIMUM         82    547 PM  95    1976  77      5       84
                                      1956
  MINIMUM         65    408 AM  36    1965  56      9       53
  AVERAGE         74                        66      8       69

PRECIPITATION (IN)
  YESTERDAY        1.57          2.24 2000   0.15   1.42     0.03
  MONTH TO DATE    1.94                      1.95  -0.01     1.79
  SINCE JUN 1      1.94                      1.95  -0.01     1.79
  SINCE JAN 1     17.60                     13.78   3.82    11.58

SNOWFALL (IN)
  YESTERDAY        0.0           0.0    MM   0.0    0.0      0.0
  MONTH TO DATE    0.0                       0.0    0.0      0.0
  SINCE JUN 1      0.0                       0.0    0.0      0.0
  SINCE JUL 1     44.0                      50.9   -6.9     32.7
  SNOW DEPTH       0

DEGREE DAYS
 HEATING
  YESTERDAY        0                         2     -2        0
  MONTH TO DATE    7                        42    -35       13
  SINCE JUN 1      7                        42    -35       13
  SINCE JUL 1   6195                      7315  -1120     6197

 COOLING
  YESTERDAY        9                         4      5        4
  MONTH TO DATE   78                        33     45       44
  SINCE JUN 1     78                        33     45       44
  SINCE JAN 1     93                        63     30       96
..................................................................


WIND (MPH)
  HIGHEST WIND SPEED    22   HIGHEST WIND DIRECTION     S (170)
  HIGHEST GUST SPEED    32   HIGHEST GUST DIRECTION    NW (330)
  AVERAGE WIND SPEED     9.8


SKY COVER
  POSSIBLE SUNSHINE  MM
  AVERAGE SKY COVER 0.6


WEATHER CONDITIONS
 THE FOLLOWING WEATHER WAS RECORDED YESTERDAY.
  THUNDERSTORM
  HEAVY RAIN
  RAIN
  LIGHT RAIN
  FOG


RELATIVE HUMIDITY (PERCENT)
 HIGHEST   100          1200 AM
 LOWEST     58           500 PM
 AVERAGE    79

..........................................................


THE MADISON WI CLIMATE NORMALS FOR TODAY
                         NORMAL    RECORD    YEAR
 MAXIMUM TEMPERATURE (F)   78        95      1987
                                             1954
 MINIMUM TEMPERATURE (F)   56        39      1965


SUNRISE AND SUNSET
JUNE 14 2017..........SUNRISE   517 AM CDT   SUNSET   838 PM CDT
JUNE 15 2017..........SUNRISE   517 AM CDT   SUNSET   839 PM CDT


-  INDICATES NEGATIVE NUMBERS.
R  INDICATES RECORD WAS SET OR TIED.
MM INDICATES DATA IS MISSING.
T  INDICATES TRACE AMOUNT.




$$
