000
CDUS43 KMKX 220646
CLIMSN


CLIMATE REPORT
NATIONAL WEATHER SERVICE IN MILWAUKEE
144 AM CDT FRI JUL 22 2016


...................................

...THE MADISON WI CLIMATE SUMMARY FOR JULY 21 2016...

CLIMATE NORMAL PERIOD 1981 TO 2010
CLIMATE RECORD PERIOD 1871 TO 2016


WEATHER ITEM   OBSERVED TIME   RECORD YEAR NORMAL DEPARTURE LAST
                VALUE   (LST)  VALUE       VALUE  FROM      YEAR
                                                  NORMAL
..................................................................
TEMPERATURE (F)
 YESTERDAY
  MAXIMUM         94    340 PM 104    1901  82     12       80
  MINIMUM         69   1105 PM  41    1966  61      8       58
  AVERAGE         82                        71     11       69

PRECIPITATION (IN)
  YESTERDAY        2.79          4.32 1881   0.14   2.65     0.00
  MONTH TO DATE    3.80                      2.91   0.89     3.60
  SINCE JUN 1      9.15                      7.45   1.70     6.75
  SINCE JAN 1     18.94                     19.28  -0.34    17.27

SNOWFALL (IN)
  YESTERDAY        0.0           0.0    MM   0.0    0.0      0.0
  MONTH TO DATE    0.0                       0.0    0.0      0.0
  SINCE JUN 1      0.0                       0.0    0.0      0.0
  SINCE JUL 1      0.0                       0.0    0.0      0.0
  SNOW DEPTH       0

DEGREE DAYS
 HEATING
  YESTERDAY        0                         0      0        0
  MONTH TO DATE    4                         0      4       16
  SINCE JUN 1     18                        60    -42       53
  SINCE JUL 1      4                         0      4       16

 COOLING
  YESTERDAY       17                         7     10        4
  MONTH TO DATE  157                       145     12      108
  SINCE JUN 1    306                       265     41      219
  SINCE JAN 1    358                       295     63      269
..................................................................


WIND (MPH)
  HIGHEST WIND SPEED    48   HIGHEST WIND DIRECTION     N (10)
  HIGHEST GUST SPEED    63   HIGHEST GUST DIRECTION     N (20)
  AVERAGE WIND SPEED    10.2


SKY COVER
  POSSIBLE SUNSHINE  MM
  AVERAGE SKY COVER 0.7


WEATHER CONDITIONS
 THE FOLLOWING WEATHER WAS RECORDED YESTERDAY.
  THUNDERSTORM
  HEAVY RAIN
  LIGHT RAIN
  FOG


RELATIVE HUMIDITY (PERCENT)
 HIGHEST    94           300 AM
 LOWEST     60           300 PM
 AVERAGE    77

..........................................................


THE MADISON WI CLIMATE NORMALS FOR TODAY
                         NORMAL    RECORD    YEAR
 MAXIMUM TEMPERATURE (F)   82       100      1955
                                             1934
 MINIMUM TEMPERATURE (F)   61        47      1947


SUNRISE AND SUNSET
JULY 22 2016..........SUNRISE   538 AM CDT   SUNSET   829 PM CDT
JULY 23 2016..........SUNRISE   539 AM CDT   SUNSET   828 PM CDT


-  INDICATES NEGATIVE NUMBERS.
R  INDICATES RECORD WAS SET OR TIED.
MM INDICATES DATA IS MISSING.
T  INDICATES TRACE AMOUNT.




$$
