000
CDUS43 KMKX 170648
CLIMSN


CLIMATE REPORT
NATIONAL WEATHER SERVICE IN MILWAUKEE
1247 AM CST MON NOV 17 2014


...................................

...THE MADISON WI CLIMATE SUMMARY FOR NOVEMBER 16 2014...

CLIMATE NORMAL PERIOD 1981 TO 2010
CLIMATE RECORD PERIOD 1871 TO 2014


WEATHER ITEM   OBSERVED TIME   RECORD YEAR NORMAL DEPARTURE LAST
                VALUE   (LST)  VALUE       VALUE  FROM      YEAR
                                                  NORMAL
..................................................................
TEMPERATURE (F)
 YESTERDAY
  MAXIMUM         27    342 PM  70    1953  44    -17       58
                                      1931
  MINIMUM         11   1159 PM   2    1959  28    -17       37
                                      1883
  AVERAGE         19                        36    -17       48

PRECIPITATION (IN)
  YESTERDAY        0.01          1.97 1961   0.08  -0.07     0.16
  MONTH TO DATE    0.42                      1.29  -0.87     1.03
  SINCE SEP 1      5.35                      6.82  -1.47     6.11
  SINCE JAN 1     33.16                     31.64   1.52    42.59

SNOWFALL (IN)
  YESTERDAY        0.5           2.8  2000   0.1    0.4      0.0
  MONTH TO DATE    2.4                       1.0    1.4      0.8
  SINCE SEP 1      2.6                       1.5    1.1      0.8
  SINCE JUL 1      2.6                       1.5    1.1      0.8
  SNOW DEPTH       2

DEGREE DAYS
 HEATING
  YESTERDAY       46                        29     17       17
  MONTH TO DATE  466                       405     61      393
  SINCE SEP 1   1092                      1081     11      981
  SINCE JUL 1   1109                      1118     -9     1011

 COOLING
  YESTERDAY        0                         0      0        0
  MONTH TO DATE    0                         0      0        0
  SINCE SEP 1     44                        55    -11       96
  SINCE JAN 1    620                       568     52      709
..................................................................


WIND (MPH)
  HIGHEST WIND SPEED    14   HIGHEST WIND DIRECTION    SW (240)
  HIGHEST GUST SPEED    23   HIGHEST GUST DIRECTION    SW (220)
  AVERAGE WIND SPEED     6.9


SKY COVER
  POSSIBLE SUNSHINE  MM
  AVERAGE SKY COVER 0.7


WEATHER CONDITIONS
 THE FOLLOWING WEATHER WAS RECORDED YESTERDAY.
  LIGHT SNOW
  FOG
  HAZE


RELATIVE HUMIDITY (PERCENT)
 HIGHEST    92           500 AM
 LOWEST     67          1100 PM
 AVERAGE    80

..........................................................


THE MADISON WI CLIMATE NORMALS FOR TODAY
                         NORMAL    RECORD    YEAR
 MAXIMUM TEMPERATURE (F)   43        69      1971
                                             1958
                                             1953
 MINIMUM TEMPERATURE (F)   28        -1      1959


SUNRISE AND SUNSET
NOVEMBER 17 2014......SUNRISE   653 AM CST   SUNSET   432 PM CST
NOVEMBER 18 2014......SUNRISE   654 AM CST   SUNSET   431 PM CST


-  INDICATES NEGATIVE NUMBERS.
R  INDICATES RECORD WAS SET OR TIED.
MM INDICATES DATA IS MISSING.
T  INDICATES TRACE AMOUNT.




$$
