234
CDUS43 KMKX 120653
CLIMSN


CLIMATE REPORT
NATIONAL WEATHER SERVICE IN MILWAUKEE
152 AM CDT SAT AUG 12 2017


...................................

...THE MADISON WI CLIMATE SUMMARY FOR AUGUST 11 2017...

CLIMATE NORMAL PERIOD 1981 TO 2010
CLIMATE RECORD PERIOD 1871 TO 2017


WEATHER ITEM   OBSERVED TIME   RECORD YEAR NORMAL DEPARTURE LAST
                VALUE   (LST)  VALUE       VALUE  FROM      YEAR
                                                  NORMAL
..................................................................
TEMPERATURE (F)
 YESTERDAY
  MAXIMUM         73    355 PM  96    1941  80     -7       84
  MINIMUM         56   1159 PM  39    1967  60     -4       74
  AVERAGE         65                        70     -5       79

PRECIPITATION (IN)
  YESTERDAY        T             1.67 1990   0.14  -0.14     0.15
  MONTH TO DATE    1.50                      1.50   0.00     1.76
  SINCE JUN 1     14.75                     10.22   4.53    12.34
  SINCE JAN 1     30.41                     22.05   8.36    22.13

SNOWFALL (IN)
  YESTERDAY        0.0           0.0    MM   0.0    0.0      0.0
  MONTH TO DATE    0.0                       0.0    0.0      0.0
  SINCE JUN 1      0.0                       0.0    0.0      0.0
  SINCE JUL 1      0.0                       0.0    0.0      0.0
  SNOW DEPTH       0

DEGREE DAYS
 HEATING
  YESTERDAY        0                         1     -1        0
  MONTH TO DATE    3                         8     -5        0
  SINCE JUN 1     33                        78    -45       18
  SINCE JUL 1      3                        18    -15        4

 COOLING
  YESTERDAY        0                         6     -6       14
  MONTH TO DATE   34                        66    -32      107
  SINCE JUN 1    393                       392      1      511
  SINCE JAN 1    408                       422    -14      563
..................................................................


WIND (MPH)
  HIGHEST WIND SPEED    16   HIGHEST WIND DIRECTION     N (360)
  HIGHEST GUST SPEED    21   HIGHEST GUST DIRECTION    NW (330)
  AVERAGE WIND SPEED     5.8


SKY COVER
  POSSIBLE SUNSHINE  MM
  AVERAGE SKY COVER 0.6


WEATHER CONDITIONS
 THE FOLLOWING WEATHER WAS RECORDED YESTERDAY.
  LIGHT RAIN
  FOG


RELATIVE HUMIDITY (PERCENT)
 HIGHEST    97           300 AM
 LOWEST     61           400 PM
 AVERAGE    79

..........................................................


THE MADISON WI CLIMATE NORMALS FOR TODAY
                         NORMAL    RECORD    YEAR
 MAXIMUM TEMPERATURE (F)   80        99      1995
 MINIMUM TEMPERATURE (F)   60        38      1967


SUNRISE AND SUNSET
AUGUST 12 2017........SUNRISE   600 AM CDT   SUNSET   804 PM CDT
AUGUST 13 2017........SUNRISE   601 AM CDT   SUNSET   802 PM CDT


-  INDICATES NEGATIVE NUMBERS.
R  INDICATES RECORD WAS SET OR TIED.
MM INDICATES DATA IS MISSING.
T  INDICATES TRACE AMOUNT.




$$
