000
CDUS43 KMKX 300645
CLIMSN


CLIMATE REPORT
NATIONAL WEATHER SERVICE IN MILWAUKEE
1245 AM CST WED NOV 30 2016


...................................

...THE MADISON WI CLIMATE SUMMARY FOR NOVEMBER 29 2016...

CLIMATE NORMAL PERIOD 1981 TO 2010
CLIMATE RECORD PERIOD 1871 TO 2016


WEATHER ITEM   OBSERVED TIME   RECORD YEAR NORMAL DEPARTURE LAST
                VALUE   (LST)  VALUE       VALUE  FROM      YEAR
                                                  NORMAL
..................................................................
TEMPERATURE (F)
 YESTERDAY
  MAXIMUM         48    302 PM  64    1998  37     11       37
  MINIMUM         34    852 PM -11    1875  22     12       17
  AVERAGE         41                        29     12       27

PRECIPITATION (IN)
  YESTERDAY        0.00          0.67 1975   0.08  -0.08      T
  MONTH TO DATE    1.87                      2.31  -0.44     4.21
  SINCE SEP 1     15.29                      7.84   7.45    12.93
  SINCE JAN 1     43.53                     32.66  10.87    35.72

SNOWFALL (IN)
  YESTERDAY        0.0           6.0  1991   0.3   -0.3       T
  MONTH TO DATE    T                         3.4   -3.4      4.1
  SINCE SEP 1      T                         3.9   -3.9      4.1
  SINCE JUL 1      T                         3.9   -3.9      4.1
  SNOW DEPTH       0

DEGREE DAYS
 HEATING
  YESTERDAY       24                        36    -12       38
  MONTH TO DATE  597                       830   -233      655
  SINCE SEP 1    986                      1506   -520     1131
  SINCE JUL 1    993                      1543   -550     1163

 COOLING
  YESTERDAY        0                         0      0        0
  MONTH TO DATE    0                         0      0        0
  SINCE SEP 1     85                        55     30      137
  SINCE JAN 1    780                       568    212      666
..................................................................


WIND (MPH)
  HIGHEST WIND SPEED    17   HIGHEST WIND DIRECTION     S (200)
  HIGHEST GUST SPEED    25   HIGHEST GUST DIRECTION    SW (210)
  AVERAGE WIND SPEED     7.3


SKY COVER
  POSSIBLE SUNSHINE  MM
  AVERAGE SKY COVER 0.2


WEATHER CONDITIONS
 THE FOLLOWING WEATHER WAS RECORDED YESTERDAY.
  NO SIGNIFICANT WEATHER WAS OBSERVED.


RELATIVE HUMIDITY (PERCENT)
 HIGHEST    92           700 PM
 LOWEST     54           100 PM
 AVERAGE    73

..........................................................


THE MADISON WI CLIMATE NORMALS FOR TODAY
                         NORMAL    RECORD    YEAR
 MAXIMUM TEMPERATURE (F)   36        63      1998
 MINIMUM TEMPERATURE (F)   22        -4      1947
                                             1929


SUNRISE AND SUNSET
NOVEMBER 30 2016......SUNRISE   709 AM CST   SUNSET   423 PM CST
DECEMBER  1 2016......SUNRISE   710 AM CST   SUNSET   423 PM CST


-  INDICATES NEGATIVE NUMBERS.
R  INDICATES RECORD WAS SET OR TIED.
MM INDICATES DATA IS MISSING.
T  INDICATES TRACE AMOUNT.




$$
