236
CDUS43 KMKX 070648
CLIMSN


CLIMATE REPORT
NATIONAL WEATHER SERVICE IN MILWAUKEE
1248 AM CST SUN JAN 7 2018


...................................

...THE MADISON WI CLIMATE SUMMARY FOR JANUARY 6 2018...

CLIMATE NORMAL PERIOD 1981 TO 2010
CLIMATE RECORD PERIOD 1871 TO 2018


WEATHER ITEM   OBSERVED TIME   RECORD YEAR NORMAL DEPARTURE LAST
                VALUE   (LST)  VALUE       VALUE  FROM      YEAR
                                                  NORMAL
..................................................................
TEMPERATURE (F)
 YESTERDAY
  MAXIMUM         11    321 PM  58    1880  26    -15        4
  MINIMUM        -11    615 AM -24    1912  11    -22       -5
  AVERAGE          0                        19    -19        0

PRECIPITATION (IN)
  YESTERDAY        0.00          1.30 1885   0.04  -0.04     0.00
  MONTH TO DATE    0.01                      0.25  -0.24     0.03
  SINCE DEC 1      0.74                      1.99  -1.25     2.06
  SINCE JAN 1      0.01                      0.25  -0.24     0.03

SNOWFALL (IN)
  YESTERDAY        0.0          11.0  1962   0.4   -0.4      0.0
  MONTH TO DATE    0.5                       2.4   -1.9      0.1
  SINCE DEC 1      4.2                      15.9  -11.7     22.8
  SINCE JUL 1      4.5                      20.0  -15.5     22.8
  SNOW DEPTH       2

DEGREE DAYS
 HEATING
  YESTERDAY       65                        46     19       65
  MONTH TO DATE  387                       276    111      300
  SINCE DEC 1   1710                      1576    134     1609
  SINCE JUL 1   3069                      3155    -86     2631

 COOLING
  YESTERDAY        0                         0      0        0
  MONTH TO DATE    0                         0      0        0
  SINCE DEC 1      0                         0      0        0
  SINCE JAN 1      0                         0      0        0
..................................................................


WIND (MPH)
  HIGHEST WIND SPEED    18   HIGHEST WIND DIRECTION     S (190)
  HIGHEST GUST SPEED    25   HIGHEST GUST DIRECTION     S (190)
  AVERAGE WIND SPEED     4.3


SKY COVER
  POSSIBLE SUNSHINE  MM
  AVERAGE SKY COVER 0.3


WEATHER CONDITIONS
 THE FOLLOWING WEATHER WAS RECORDED YESTERDAY.
  NO SIGNIFICANT WEATHER WAS OBSERVED.


RELATIVE HUMIDITY (PERCENT)
 HIGHEST    92           800 AM
 LOWEST     52           200 PM
 AVERAGE    72

..........................................................


THE MADISON WI CLIMATE NORMALS FOR TODAY
                         NORMAL    RECORD    YEAR
 MAXIMUM TEMPERATURE (F)   26        50      2008
 MINIMUM TEMPERATURE (F)   11       -29      1887


SUNRISE AND SUNSET
JANUARY  7 2018.......SUNRISE   729 AM CST   SUNSET   439 PM CST
JANUARY  8 2018.......SUNRISE   729 AM CST   SUNSET   440 PM CST


-  INDICATES NEGATIVE NUMBERS.
R  INDICATES RECORD WAS SET OR TIED.
MM INDICATES DATA IS MISSING.
T  INDICATES TRACE AMOUNT.




$$
