000
CDUS43 KMKX 270648
CLIMSN


CLIMATE REPORT
NATIONAL WEATHER SERVICE IN MILWAUKEE
148 AM CDT SUN JUL 27 2014


...................................

...THE MADISON WI CLIMATE SUMMARY FOR JULY 26 2014...

CLIMATE NORMAL PERIOD 1981 TO 2010
CLIMATE RECORD PERIOD 1871 TO 2014


WEATHER ITEM   OBSERVED TIME   RECORD YEAR NORMAL DEPARTURE LAST
                VALUE   (LST)  VALUE       VALUE  FROM      YEAR
                                                  NORMAL
..................................................................
TEMPERATURE (F)
 YESTERDAY
  MAXIMUM         81    608 PM 100    1955  81      0       77
  MINIMUM         66    101 AM  46    1977  61      5       60
  AVERAGE         74                        71      3       69

PRECIPITATION (IN)
  YESTERDAY        0.00          2.08 1940   0.12  -0.12     0.29
  MONTH TO DATE    1.05                      3.55  -2.50     3.97
  SINCE JUN 1     10.60                      8.09   2.51    14.83
  SINCE JAN 1     22.35                     19.92   2.43    34.92

SNOWFALL (IN)
  YESTERDAY        0.0           0.0    MM   0.0    0.0      0.0
  MONTH TO DATE    0.0                       0.0    0.0      0.0
  SINCE JUN 1      0.0                       0.0    0.0      0.0
  SINCE JUL 1      0.0                       0.0    0.0      0.0
  SNOW DEPTH       0

DEGREE DAYS
 HEATING
  YESTERDAY        0                         0      0        0
  MONTH TO DATE   13                         0     13        4
  SINCE JUN 1     22                        60    -38       56
  SINCE JUL 1     13                         0     13        4

 COOLING
  YESTERDAY        9                         6      3        4
  MONTH TO DATE  121                       178    -57      224
  SINCE JUN 1    303                       298      5      361
  SINCE JAN 1    354                       328     26      414
..................................................................


WIND (MPH)
  HIGHEST WIND SPEED    13   HIGHEST WIND DIRECTION     N (20)
  HIGHEST GUST SPEED    17   HIGHEST GUST DIRECTION     S (200)
  AVERAGE WIND SPEED     2.8


SKY COVER
  POSSIBLE SUNSHINE  MM
  AVERAGE SKY COVER 0.7


WEATHER CONDITIONS
 THE FOLLOWING WEATHER WAS RECORDED YESTERDAY.
  FOG


RELATIVE HUMIDITY (PERCENT)
 HIGHEST    93          1000 PM
 LOWEST     68           900 AM
 AVERAGE    81

..........................................................


THE MADISON WI CLIMATE NORMALS FOR TODAY
                         NORMAL    RECORD    YEAR
 MAXIMUM TEMPERATURE (F)   81       100      1955
 MINIMUM TEMPERATURE (F)   61        45      1971


SUNRISE AND SUNSET
JULY 27 2014..........SUNRISE   543 AM CDT   SUNSET   824 PM CDT
JULY 28 2014..........SUNRISE   544 AM CDT   SUNSET   823 PM CDT


-  INDICATES NEGATIVE NUMBERS.
R  INDICATES RECORD WAS SET OR TIED.
MM INDICATES DATA IS MISSING.
T  INDICATES TRACE AMOUNT.




$$
