000
CDUS43 KMKX 210656
CLIMSN


CLIMATE REPORT
NATIONAL WEATHER SERVICE IN MILWAUKEE
1254 AM CST FRI NOV 21 2014


...................................

...THE MADISON WI CLIMATE SUMMARY FOR NOVEMBER 20 2014...

CLIMATE NORMAL PERIOD 1981 TO 2010
CLIMATE RECORD PERIOD 1871 TO 2014


WEATHER ITEM   OBSERVED TIME   RECORD YEAR NORMAL DEPARTURE LAST
                VALUE   (LST)  VALUE       VALUE  FROM      YEAR
                                                  NORMAL
..................................................................
TEMPERATURE (F)
 YESTERDAY
  MAXIMUM         24    246 PM  65    2003  42    -18       40
  MINIMUM          7   1142 PM   5    1914  26    -19       33
  AVERAGE         16                        34    -18       37

PRECIPITATION (IN)
  YESTERDAY        0.00          1.55 1992   0.08  -0.08     0.04
  MONTH TO DATE    0.43                      1.61  -1.18     2.00
  SINCE SEP 1      5.36                      7.14  -1.78     7.08
  SINCE JAN 1     33.17                     31.96   1.21    43.56

SNOWFALL (IN)
  YESTERDAY        0.0           3.7  1964   0.1   -0.1      0.0
  MONTH TO DATE    2.6                       1.5    1.1      0.8
  SINCE SEP 1      2.8                       2.0    0.8      0.8
  SINCE JUL 1      2.8                       2.0    0.8      0.8
  SNOW DEPTH       1

DEGREE DAYS
 HEATING
  YESTERDAY       49                        31     18       28
  MONTH TO DATE  663                       526    137      505
  SINCE SEP 1   1289                      1202     87     1093
  SINCE JUL 1   1306                      1239     67     1123

 COOLING
  YESTERDAY        0                         0      0        0
  MONTH TO DATE    0                         0      0        0
  SINCE SEP 1     44                        55    -11       96
  SINCE JAN 1    620                       568     52      709
..................................................................


WIND (MPH)
  HIGHEST WIND SPEED    18   HIGHEST WIND DIRECTION    NW (310)
  HIGHEST GUST SPEED    27   HIGHEST GUST DIRECTION     W (270)
  AVERAGE WIND SPEED     8.3


SKY COVER
  POSSIBLE SUNSHINE  MM
  AVERAGE SKY COVER 0.1


WEATHER CONDITIONS
 THE FOLLOWING WEATHER WAS RECORDED YESTERDAY.
  NO SIGNIFICANT WEATHER WAS OBSERVED.


RELATIVE HUMIDITY (PERCENT)
 HIGHEST    76          1100 PM
 LOWEST     34           200 PM
 AVERAGE    55

..........................................................


THE MADISON WI CLIMATE NORMALS FOR TODAY
                         NORMAL    RECORD    YEAR
 MAXIMUM TEMPERATURE (F)   41        67      1913
 MINIMUM TEMPERATURE (F)   26        -7      1880


SUNRISE AND SUNSET
NOVEMBER 21 2014......SUNRISE   658 AM CST   SUNSET   429 PM CST
NOVEMBER 22 2014......SUNRISE   659 AM CST   SUNSET   428 PM CST


-  INDICATES NEGATIVE NUMBERS.
R  INDICATES RECORD WAS SET OR TIED.
MM INDICATES DATA IS MISSING.
T  INDICATES TRACE AMOUNT.




$$
