063
CDUS43 KMKX 140642
CLIMSN


CLIMATE REPORT
NATIONAL WEATHER SERVICE IN MILWAUKEE
142 AM CDT TUE MAR 14 2017


...................................

...THE MADISON WI CLIMATE SUMMARY FOR MARCH 13 2017...

CLIMATE NORMAL PERIOD 1981 TO 2010
CLIMATE RECORD PERIOD 1871 TO 2017


WEATHER ITEM   OBSERVED TIME   RECORD YEAR NORMAL DEPARTURE LAST
                VALUE   (LST)  VALUE       VALUE  FROM      YEAR
                                                  NORMAL
..................................................................
TEMPERATURE (F)
 YESTERDAY
  MAXIMUM         25    231 PM  71    1995  42    -17       51
                                      1990
  MINIMUM         14   1159 PM  -6    1975  24    -10       44
  AVERAGE         20                        33    -13       48

PRECIPITATION (IN)
  YESTERDAY        0.08          1.58 1990   0.06   0.02     0.28
  MONTH TO DATE    0.88                      0.79   0.09     0.78
  SINCE MAR 1      0.88                      0.79   0.09     0.78
  SINCE JAN 1      5.58                      3.47   2.11     2.28

SNOWFALL (IN)
  YESTERDAY        2.5           6.0  1917   0.3    2.2      0.0
  MONTH TO DATE    8.3                       3.6    4.7      3.5
  SINCE MAR 1      8.3                       3.6    4.7      3.5
  SINCE JUL 1     44.0                      44.7   -0.7     28.0
  SNOW DEPTH       2

DEGREE DAYS
 HEATING
  YESTERDAY       45                        32     13       17
  MONTH TO DATE  440                       451    -11      342
  SINCE MAR 1    440                       451    -11      342
  SINCE JUL 1   4952                      5937   -985     4942

 COOLING
  YESTERDAY        0                         0      0        0
  MONTH TO DATE    0                         0      0        0
  SINCE MAR 1      0                         0      0        0
  SINCE JAN 1      0                         0      0        0
..................................................................


WIND (MPH)
  HIGHEST WIND SPEED    24   HIGHEST WIND DIRECTION     N (10)
  HIGHEST GUST SPEED    31   HIGHEST GUST DIRECTION     N (20)
  AVERAGE WIND SPEED    15.3


SKY COVER
  POSSIBLE SUNSHINE  MM
  AVERAGE SKY COVER 1.0


WEATHER CONDITIONS
 THE FOLLOWING WEATHER WAS RECORDED YESTERDAY.
  SNOW
  LIGHT SNOW
  FOG
  BLOWING SNOW


RELATIVE HUMIDITY (PERCENT)
 HIGHEST    92          1200 AM
 LOWEST     61          1100 PM
 AVERAGE    77

..........................................................


THE MADISON WI CLIMATE NORMALS FOR TODAY
                         NORMAL    RECORD    YEAR
 MAXIMUM TEMPERATURE (F)   42        78      2012
 MINIMUM TEMPERATURE (F)   24        -4      1960


SUNRISE AND SUNSET
MARCH 14 2017.........SUNRISE   711 AM CDT   SUNSET   703 PM CDT
MARCH 15 2017.........SUNRISE   709 AM CDT   SUNSET   704 PM CDT


-  INDICATES NEGATIVE NUMBERS.
R  INDICATES RECORD WAS SET OR TIED.
MM INDICATES DATA IS MISSING.
T  INDICATES TRACE AMOUNT.




$$
