000
CDUS43 KMKX 162044
CLIMSN


CLIMATE REPORT
NATIONAL WEATHER SERVICE IN MILWAUKEE
344 PM CDT SAT JUL 16 2016


...................................

...THE MADISON WI CLIMATE SUMMARY FOR JULY 16 2016...
VALID TODAY AS OF 0300 PM LOCAL TIME.

CLIMATE NORMAL PERIOD 1981 TO 2010
CLIMATE RECORD PERIOD 1871 TO 2016


WEATHER ITEM   OBSERVED TIME   RECORD YEAR NORMAL DEPARTURE LAST
                VALUE   (LST)  VALUE       VALUE  FROM      YEAR
                                                  NORMAL
..................................................................
TEMPERATURE (F)
 TODAY
  MAXIMUM         78    150 PM  98    2012  82     -4       71
  MINIMUM         51    458 AM  48    2014  61    -10       60
                                      1973
                                      1966
  AVERAGE         65                        72     -7       66

PRECIPITATION (IN)
  TODAY            0.00          2.68 1950   0.14  -0.14     0.83
  MONTH TO DATE    0.65                      2.24  -1.59     2.48
  SINCE JUN 1      6.00                      6.78  -0.78     5.63
  SINCE JAN 1     15.79                     18.61  -2.82    16.15

SNOWFALL (IN)
  TODAY            0.0           0.0    MM   0.0    0.0      0.0
  MONTH TO DATE    0.0                       0.0    0.0      0.0
  SINCE JUN 1      0.0                       0.0    0.0      0.0
  SINCE JUL 1      0.0                       0.0    0.0      0.0
  SNOW DEPTH       0

DEGREE DAYS
 HEATING
  TODAY            0                         0      0        0
  MONTH TO DATE    4                         0      4       16
  SINCE JUN 1     18                        60    -42       53
  SINCE JUL 1      4                         0      4       16

 COOLING
  TODAY            0                         7     -7        1
  MONTH TO DATE  101                       110     -9       56
  SINCE JUN 1    250                       230     20      167
  SINCE JAN 1    302                       260     42      217
..................................................................


WIND (MPH)
  HIGHEST WIND SPEED    13   HIGHEST WIND DIRECTION    SE (150)
  HIGHEST GUST SPEED    16   HIGHEST GUST DIRECTION     S (160)
  AVERAGE WIND SPEED     2.5


SKY COVER
  POSSIBLE SUNSHINE  MM
  AVERAGE SKY COVER 0.2


WEATHER CONDITIONS
 THE FOLLOWING WEATHER WAS RECORDED TODAY.
  FOG


RELATIVE HUMIDITY (PERCENT)
 HIGHEST   100           200 AM
 LOWEST     36          1200 PM
 AVERAGE    68

..........................................................


THE MADISON WI CLIMATE NORMALS FOR TOMORROW
                         NORMAL    RECORD    YEAR
 MAXIMUM TEMPERATURE (F)   82       100      2012
 MINIMUM TEMPERATURE (F)   61        45      1976
                                             1958


SUNRISE AND SUNSET
JULY 16 2016..........SUNRISE   533 AM CDT   SUNSET   834 PM CDT
JULY 17 2016..........SUNRISE   534 AM CDT   SUNSET   833 PM CDT


-  INDICATES NEGATIVE NUMBERS.
R  INDICATES RECORD WAS SET OR TIED.
MM INDICATES DATA IS MISSING.
T  INDICATES TRACE AMOUNT.




$$
