000
CDUS43 KMKX 010646
CLIMSN


CLIMATE REPORT
NATIONAL WEATHER SERVICE IN MILWAUKEE
144 AM CDT FRI SEP 1 2017


...................................

...THE MADISON WI CLIMATE SUMMARY FOR AUGUST 31 2017...

CLIMATE NORMAL PERIOD 1981 TO 2010
CLIMATE RECORD PERIOD 1871 TO 2017


WEATHER ITEM   OBSERVED TIME   RECORD YEAR NORMAL DEPARTURE LAST
                VALUE   (LST)  VALUE       VALUE  FROM      YEAR
                                                  NORMAL
..................................................................
TEMPERATURE (F)
 YESTERDAY
  MAXIMUM         71    326 PM 100    1953  77     -6       77
  MINIMUM         50   1159 PM  37    1967  56     -6       59
  AVERAGE         61                        67     -6       68

PRECIPITATION (IN)
  YESTERDAY        0.00          1.59 1989   0.13  -0.13     0.00
  MONTH TO DATE    3.85                      4.27  -0.42     7.87
  SINCE JUN 1     17.10                     12.99   4.11    18.45
  SINCE JAN 1     32.76                     24.82   7.94    28.24

SNOWFALL (IN)
  YESTERDAY        0.0           0.0    MM   0.0    0.0      0.0
  MONTH TO DATE    0.0                       0.0    0.0      0.0
  SINCE JUN 1      0.0                       0.0    0.0      0.0
  SINCE JUL 1      0.0                       0.0    0.0      0.0
  SNOW DEPTH       0

DEGREE DAYS
 HEATING
  YESTERDAY        4                         2      2        0
  MONTH TO DATE   25                        30     -5        3
  SINCE JUN 1     55                        97    -42       21
  SINCE JUL 1     25                        37    -12        7

 COOLING
  YESTERDAY        0                         4     -4        3
  MONTH TO DATE   86                       157    -71      239
  SINCE JUN 1    445                       483    -38      643
  SINCE JAN 1    460                       513    -53      695
..................................................................


WIND (MPH)
  HIGHEST WIND SPEED    16   HIGHEST WIND DIRECTION    NE (40)
  HIGHEST GUST SPEED    26   HIGHEST GUST DIRECTION     N (350)
  AVERAGE WIND SPEED     9.1


SKY COVER
  POSSIBLE SUNSHINE  MM
  AVERAGE SKY COVER 0.7


WEATHER CONDITIONS
 THE FOLLOWING WEATHER WAS RECORDED YESTERDAY.
  HAZE


RELATIVE HUMIDITY (PERCENT)
 HIGHEST    93           400 AM
 LOWEST     53           300 PM
 AVERAGE    73

..........................................................


THE MADISON WI CLIMATE NORMALS FOR TODAY
                         NORMAL    RECORD    YEAR
 MAXIMUM TEMPERATURE (F)   77        99      1953
 MINIMUM TEMPERATURE (F)   56        36      1967


SUNRISE AND SUNSET
SEPTEMBER  1 2017.....SUNRISE   622 AM CDT   SUNSET   732 PM CDT
SEPTEMBER  2 2017.....SUNRISE   623 AM CDT   SUNSET   730 PM CDT


-  INDICATES NEGATIVE NUMBERS.
R  INDICATES RECORD WAS SET OR TIED.
MM INDICATES DATA IS MISSING.
T  INDICATES TRACE AMOUNT.




$$
