000
CDUS43 KMKX 080645
CLIMSN


CLIMATE REPORT
NATIONAL WEATHER SERVICE IN MILWAUKEE
144 AM CDT MON MAY 8 2017


...................................

...THE MADISON WI CLIMATE SUMMARY FOR MAY 7 2017...

CLIMATE NORMAL PERIOD 1981 TO 2010
CLIMATE RECORD PERIOD 1871 TO 2017


WEATHER ITEM   OBSERVED TIME   RECORD YEAR NORMAL DEPARTURE LAST
                VALUE   (LST)  VALUE       VALUE  FROM      YEAR
                                                  NORMAL
..................................................................
TEMPERATURE (F)
 YESTERDAY
  MAXIMUM         61    456 PM  86    1880  66     -5       68
  MINIMUM         33    444 AM  24    1989  43    -10       43
  AVERAGE         47                        54     -7       56

PRECIPITATION (IN)
  YESTERDAY        0.00          1.19 1904   0.11  -0.11      T
  MONTH TO DATE    0.58                      0.76  -0.18     0.09
  SINCE MAR 1      8.71                      6.36   2.35     6.16
  SINCE JAN 1     13.41                      9.04   4.37     7.66

SNOWFALL (IN)
  YESTERDAY        0.0           T    1974   0.0    0.0      0.0
  MONTH TO DATE    0.0                       0.1   -0.1      0.0
  SINCE MAR 1      8.3                       9.7   -1.4      8.2
  SINCE JUL 1     44.0                      50.8   -6.8     32.7
  SNOW DEPTH       0

DEGREE DAYS
 HEATING
  YESTERDAY       18                        11      7        9
  MONTH TO DATE  117                        82     35       79
  SINCE MAR 1   1509                      1603    -94     1417
  SINCE JUL 1   6021                      7089  -1068     6017

 COOLING
  YESTERDAY        0                         0      0        0
  MONTH TO DATE    0                         0      0        0
  SINCE MAR 1      0                         4     -4        0
  SINCE JAN 1      0                         4     -4        0
..................................................................


WIND (MPH)
  HIGHEST WIND SPEED    18   HIGHEST WIND DIRECTION     N (20)
  HIGHEST GUST SPEED    23   HIGHEST GUST DIRECTION     N (360)
  AVERAGE WIND SPEED     5.6


SKY COVER
  POSSIBLE SUNSHINE  MM
  AVERAGE SKY COVER 0.1


WEATHER CONDITIONS
 THE FOLLOWING WEATHER WAS RECORDED YESTERDAY.
  NO SIGNIFICANT WEATHER WAS OBSERVED.


RELATIVE HUMIDITY (PERCENT)
 HIGHEST    89           500 AM
 LOWEST     25           400 PM
 AVERAGE    57

..........................................................


THE MADISON WI CLIMATE NORMALS FOR TODAY
                         NORMAL    RECORD    YEAR
 MAXIMUM TEMPERATURE (F)   66        85      1993
                                             1979
                                             1953
 MINIMUM TEMPERATURE (F)   44        26      1966


SUNRISE AND SUNSET
MAY  8 2017...........SUNRISE   541 AM CDT   SUNSET   807 PM CDT
MAY  9 2017...........SUNRISE   540 AM CDT   SUNSET   808 PM CDT


-  INDICATES NEGATIVE NUMBERS.
R  INDICATES RECORD WAS SET OR TIED.
MM INDICATES DATA IS MISSING.
T  INDICATES TRACE AMOUNT.




$$
