000
CDUS43 KMKX 070643
CLIMSN


CLIMATE REPORT
NATIONAL WEATHER SERVICE IN MILWAUKEE
1242 AM CST WED FEB 7 2018


...................................

...THE MADISON WI CLIMATE SUMMARY FOR FEBRUARY 6 2018...

CLIMATE NORMAL PERIOD 1981 TO 2010
CLIMATE RECORD PERIOD 1871 TO 2018


WEATHER ITEM   OBSERVED TIME   RECORD YEAR NORMAL DEPARTURE LAST
                VALUE   (LST)  VALUE       VALUE  FROM      YEAR
                                                  NORMAL
..................................................................
TEMPERATURE (F)
 YESTERDAY
  MAXIMUM         13    301 PM  54    1882  29    -16       40
  MINIMUM         -1    718 AM -19    1977  13    -14       13
  AVERAGE          6                        21    -15       27

PRECIPITATION (IN)
  YESTERDAY        0.01          0.94 1904   0.05  -0.04     0.00
  MONTH TO DATE    0.45                      0.26   0.19      T
  SINCE DEC 1      2.86                      3.23  -0.37     4.79
  SINCE JAN 1      2.13                      1.49   0.64     2.76

SNOWFALL (IN)
  YESTERDAY        0.1          11.9  2008   0.4   -0.3      0.0
  MONTH TO DATE    5.7                       2.5    3.2       T
  SINCE DEC 1     19.6                      28.9   -9.3     33.8
  SINCE JUL 1     19.9                      33.0  -13.1     33.8
  SNOW DEPTH       3

DEGREE DAYS
 HEATING
  YESTERDAY       59                        44     15       38
  MONTH TO DATE  323                       269     54      272
  SINCE DEC 1   3029                      3003     26     2854
  SINCE JUL 1   4388                      4582   -194     3876

 COOLING
  YESTERDAY        0                         0      0        0
  MONTH TO DATE    0                         0      0        0
  SINCE DEC 1      0                         0      0        0
  SINCE JAN 1      0                         0      0        0
..................................................................


WIND (MPH)
  HIGHEST WIND SPEED    12   HIGHEST WIND DIRECTION    NE (30)
  HIGHEST GUST SPEED    14   HIGHEST GUST DIRECTION    NE (30)
  AVERAGE WIND SPEED     4.1


SKY COVER
  POSSIBLE SUNSHINE  MM
  AVERAGE SKY COVER 0.5


WEATHER CONDITIONS
 THE FOLLOWING WEATHER WAS RECORDED YESTERDAY.
  LIGHT SNOW
  FOG


RELATIVE HUMIDITY (PERCENT)
 HIGHEST    91           400 AM
 LOWEST     46           200 PM
 AVERAGE    69

..........................................................


THE MADISON WI CLIMATE NORMALS FOR TODAY
                         NORMAL    RECORD    YEAR
 MAXIMUM TEMPERATURE (F)   29        50      1987
 MINIMUM TEMPERATURE (F)   13       -21      1875


SUNRISE AND SUNSET
FEBRUARY  7 2018......SUNRISE   706 AM CST   SUNSET   518 PM CST
FEBRUARY  8 2018......SUNRISE   704 AM CST   SUNSET   519 PM CST


-  INDICATES NEGATIVE NUMBERS.
R  INDICATES RECORD WAS SET OR TIED.
MM INDICATES DATA IS MISSING.
T  INDICATES TRACE AMOUNT.




$$
