000
CDUS43 KMKX 120656
CLIMSN


CLIMATE REPORT
NATIONAL WEATHER SERVICE IN MILWAUKEE
154 AM CDT FRI SEP 12 2014


...................................

...THE MADISON WI CLIMATE SUMMARY FOR SEPTEMBER 11 2014...

CLIMATE NORMAL PERIOD 1981 TO 2010
CLIMATE RECORD PERIOD 1871 TO 2014


WEATHER ITEM   OBSERVED TIME   RECORD YEAR NORMAL DEPARTURE LAST
                VALUE   (LST)  VALUE       VALUE  FROM      YEAR
                                                  NORMAL
..................................................................
TEMPERATURE (F)
 YESTERDAY
  MAXIMUM         54    317 PM  93    1931  74    -20       82
  MINIMUM         44   1159 PM  34    1955  52     -8       64
  AVERAGE         49                        63    -14       73

PRECIPITATION (IN)
  YESTERDAY        0.00          1.71 2000   0.11  -0.11     0.26
  MONTH TO DATE    1.34                      1.23   0.11     0.26
  SINCE SEP 1      1.34                      1.23   0.11     0.26
  SINCE JAN 1     29.15                     26.05   3.10    36.74

SNOWFALL (IN)
  YESTERDAY        0.0           0.0    MM   0.0    0.0      0.0
  MONTH TO DATE    0.0                       0.0    0.0      0.0
  SINCE SEP 1      0.0                       0.0    0.0      0.0
  SINCE JUL 1      0.0                       0.0    0.0      0.0
  SNOW DEPTH       0

DEGREE DAYS
 HEATING
  YESTERDAY       16                         4     12        0
  MONTH TO DATE   20                        32    -12        9
  SINCE SEP 1     20                        32    -12        9
  SINCE JUL 1     37                        69    -32       39

 COOLING
  YESTERDAY        0                         2     -2        8
  MONTH TO DATE   34                        30      4       77
  SINCE SEP 1     34                        30      4       77
  SINCE JAN 1    610                       543     67      690
..................................................................


WIND (MPH)
  HIGHEST WIND SPEED    16   HIGHEST WIND DIRECTION     N (20)
  HIGHEST GUST SPEED    23   HIGHEST GUST DIRECTION     N (350)
  AVERAGE WIND SPEED     7.9


SKY COVER
  POSSIBLE SUNSHINE  MM
  AVERAGE SKY COVER 1.0


WEATHER CONDITIONS
 THE FOLLOWING WEATHER WAS RECORDED YESTERDAY.
  NO SIGNIFICANT WEATHER WAS OBSERVED.


RELATIVE HUMIDITY (PERCENT)
 HIGHEST    93          1100 PM
 LOWEST     66          1100 AM
 AVERAGE    80

..........................................................


THE MADISON WI CLIMATE NORMALS FOR TODAY
                         NORMAL    RECORD    YEAR
 MAXIMUM TEMPERATURE (F)   74        91      1927
 MINIMUM TEMPERATURE (F)   52        31      1955


SUNRISE AND SUNSET
SEPTEMBER 12 2014.....SUNRISE   634 AM CDT   SUNSET   713 PM CDT
SEPTEMBER 13 2014.....SUNRISE   635 AM CDT   SUNSET   711 PM CDT


-  INDICATES NEGATIVE NUMBERS.
R  INDICATES RECORD WAS SET OR TIED.
MM INDICATES DATA IS MISSING.
T  INDICATES TRACE AMOUNT.




$$
