000
CDUS43 KMKX 220650
CLIMSN


CLIMATE REPORT
NATIONAL WEATHER SERVICE IN MILWAUKEE
150 AM CDT FRI AUG 22 2014


...................................

...THE MADISON WI CLIMATE SUMMARY FOR AUGUST 21 2014...

CLIMATE NORMAL PERIOD 1981 TO 2010
CLIMATE RECORD PERIOD 1871 TO 2014


WEATHER ITEM   OBSERVED TIME   RECORD YEAR NORMAL DEPARTURE LAST
                VALUE   (LST)  VALUE       VALUE  FROM      YEAR
                                                  NORMAL
..................................................................
TEMPERATURE (F)
 YESTERDAY
  MAXIMUM         78    401 PM 101    1955  79     -1       89
  MINIMUM         67    212 AM  43    1970  59      8       72
                                      1969
  AVERAGE         73                        69      4       81

PRECIPITATION (IN)
  YESTERDAY        0.61          1.85 1966   0.13   0.48      T
  MONTH TO DATE    3.88                      2.96   0.92     0.30
  SINCE JUN 1     14.51                     11.68   2.83    15.16
  SINCE JAN 1     26.26                     23.51   2.75    35.25

SNOWFALL (IN)
  YESTERDAY        0.0           0.0    MM   0.0    0.0      0.0
  MONTH TO DATE    0.0                       0.0    0.0      0.0
  SINCE JUN 1      0.0                       0.0    0.0      0.0
  SINCE JUL 1      0.0                       0.0    0.0      0.0
  SNOW DEPTH       0

DEGREE DAYS
 HEATING
  YESTERDAY        0                         1     -1        0
  MONTH TO DATE    4                        18    -14       12
  SINCE JUN 1     26                        88    -62       82
  SINCE JUL 1     17                        28    -11       30

 COOLING
  YESTERDAY        8                         5      3       16
  MONTH TO DATE  114                       117     -3       83
  SINCE JUN 1    439                       443     -4      451
  SINCE JAN 1    490                       473     17      504
..................................................................


WIND (MPH)
  HIGHEST WIND SPEED    16   HIGHEST WIND DIRECTION     S (170)
  HIGHEST GUST SPEED    21   HIGHEST GUST DIRECTION     S (160)
  AVERAGE WIND SPEED     6.6


SKY COVER
  POSSIBLE SUNSHINE  MM
  AVERAGE SKY COVER 0.8


WEATHER CONDITIONS
 THE FOLLOWING WEATHER WAS RECORDED YESTERDAY.
  THUNDERSTORM
  RAIN
  LIGHT RAIN
  FOG


RELATIVE HUMIDITY (PERCENT)
 HIGHEST    93           200 AM
 LOWEST     82           400 PM
 AVERAGE    88

..........................................................


THE MADISON WI CLIMATE NORMALS FOR TODAY
                         NORMAL    RECORD    YEAR
 MAXIMUM TEMPERATURE (F)   79        94      1976
                                             1936
 MINIMUM TEMPERATURE (F)   58        44      1967


SUNRISE AND SUNSET
AUGUST 22 2014........SUNRISE   611 AM CDT   SUNSET   749 PM CDT
AUGUST 23 2014........SUNRISE   612 AM CDT   SUNSET   747 PM CDT


-  INDICATES NEGATIVE NUMBERS.
R  INDICATES RECORD WAS SET OR TIED.
MM INDICATES DATA IS MISSING.
T  INDICATES TRACE AMOUNT.




$$
