000
CDUS43 KMKX 051227 CCA
CLIMSN

CLIMATE REPORT...CORRECTED
NATIONAL WEATHER SERVICE IN MILWAUKEE
100 AM CST SUN MAR 5 2017


...................................

...THE MADISON WI CLIMATE SUMMARY FOR MARCH 4 2017...

CLIMATE NORMAL PERIOD 1981 TO 2010
CLIMATE RECORD PERIOD 1871 TO 2017


WEATHER ITEM   OBSERVED TIME   RECORD YEAR NORMAL DEPARTURE LAST
                VALUE   (LST)  VALUE       VALUE  FROM      YEAR
                                                  NORMAL
..................................................................
TEMPERATURE (F)
 YESTERDAY
  MAXIMUM         36    151 PM  69    1983  38     -2       37
  MINIMUM         26    746 AM  -9    1884  21      5       12
  AVERAGE         31                        29      2       25

PRECIPITATION (IN)
  YESTERDAY        T             1.86 1976   0.06  -0.06     0.10
  MONTH TO DATE    0.39                      0.24   0.15     0.28
  SINCE MAR 1      0.39                      0.24   0.15     0.28
  SINCE JAN 1      5.09                      2.92   2.17     1.78

SNOWFALL (IN)
  YESTERDAY        0.2           5.4  1982   0.3   -0.1      0.9
  MONTH TO DATE    4.1                       1.2    2.9      3.5
  SINCE MAR 1      4.1                       1.2    2.9      3.5
  SINCE JUL 1     39.8                      42.3   -2.5     28.0
  SNOW DEPTH       2

DEGREE DAYS
 HEATING
  YESTERDAY       34                        36     -2       40
  MONTH TO DATE  152                       146      6      179
  SINCE MAR 1    152                       146      6      179
  SINCE JUL 1   4664                      5632   -968     4779

 COOLING
  YESTERDAY        0                         0      0        0
  MONTH TO DATE    0                         0      0        0
  SINCE MAR 1      0                         0      0        0
  SINCE JAN 1      0                         0      0        0
..................................................................


WIND (MPH)
  HIGHEST WIND SPEED    23   HIGHEST WIND DIRECTION     E (110)
  HIGHEST GUST SPEED    35   HIGHEST GUST DIRECTION     E (110)
  AVERAGE WIND SPEED    13.6


SKY COVER
  POSSIBLE SUNSHINE  MM
  AVERAGE SKY COVER 0.7


WEATHER CONDITIONS
 THE FOLLOWING WEATHER WAS RECORDED YESTERDAY.
  LIGHT SNOW
  FOG
  HAZE


RELATIVE HUMIDITY (PERCENT)
 HIGHEST    92           400 AM
 LOWEST     70           100 PM
 AVERAGE    81

..........................................................


THE MADISON WI CLIMATE NORMALS FOR TODAY
                         NORMAL    RECORD    YEAR
 MAXIMUM TEMPERATURE (F)   38        68      2000
 MINIMUM TEMPERATURE (F)   21       -12      1890


SUNRISE AND SUNSET
MARCH  5 2017.........SUNRISE   626 AM CST   SUNSET   552 PM CST
MARCH  6 2017.........SUNRISE   625 AM CST   SUNSET   553 PM CST


-  INDICATES NEGATIVE NUMBERS.
R  INDICATES RECORD WAS SET OR TIED.
MM INDICATES DATA IS MISSING.
T  INDICATES TRACE AMOUNT.




$$
