000
CDUS43 KMKX 200645
CLIMSN


CLIMATE REPORT
NATIONAL WEATHER SERVICE IN MILWAUKEE
144 AM CDT THU APR 20 2017


...................................

...THE MADISON WI CLIMATE SUMMARY FOR APRIL 19 2017...

CLIMATE NORMAL PERIOD 1981 TO 2010
CLIMATE RECORD PERIOD 1871 TO 2017


WEATHER ITEM   OBSERVED TIME   RECORD YEAR NORMAL DEPARTURE LAST
                VALUE   (LST)  VALUE       VALUE  FROM      YEAR
                                                  NORMAL
..................................................................
TEMPERATURE (F)
 YESTERDAY
  MAXIMUM         61    104 AM  84    1985  59      2       54
  MINIMUM         44   1159 PM  16    1983  37      7       45
  AVERAGE         53                        48      5       50

PRECIPITATION (IN)
  YESTERDAY        0.02          1.13 2011   0.11  -0.09     0.19
  MONTH TO DATE    2.58                      2.13   0.45     1.02
  SINCE MAR 1      5.41                      4.33   1.08     4.98
  SINCE JAN 1     10.11                      7.01   3.10     6.48

SNOWFALL (IN)
  YESTERDAY        0.0           1.3  2011   0.1   -0.1      0.0
  MONTH TO DATE    T                         2.1   -2.1      4.2
  SINCE MAR 1      8.3                       9.1   -0.8      8.2
  SINCE JUL 1     44.0                      50.2   -6.2     32.7
  SNOW DEPTH       0

DEGREE DAYS
 HEATING
  YESTERDAY       12                        17     -5       15
  MONTH TO DATE  267                       394   -127      414
  SINCE MAR 1   1216                      1357   -141     1184
  SINCE JUL 1   5728                      6843  -1115     5784

 COOLING
  YESTERDAY        0                         0      0        0
  MONTH TO DATE    0                         0      0        0
  SINCE MAR 1      0                         0      0        0
  SINCE JAN 1      0                         0      0        0
..................................................................


WIND (MPH)
  HIGHEST WIND SPEED    24   HIGHEST WIND DIRECTION    NW (320)
  HIGHEST GUST SPEED    37   HIGHEST GUST DIRECTION    NW (320)
  AVERAGE WIND SPEED     9.8


SKY COVER
  POSSIBLE SUNSHINE  MM
  AVERAGE SKY COVER 0.8


WEATHER CONDITIONS
 THE FOLLOWING WEATHER WAS RECORDED YESTERDAY.
  THUNDERSTORM
  HEAVY RAIN
  RAIN
  LIGHT RAIN
  FOG


RELATIVE HUMIDITY (PERCENT)
 HIGHEST    87           300 AM
 LOWEST     62           100 PM
 AVERAGE    75

..........................................................


THE MADISON WI CLIMATE NORMALS FOR TODAY
                         NORMAL    RECORD    YEAR
 MAXIMUM TEMPERATURE (F)   59        85      1987
 MINIMUM TEMPERATURE (F)   38        21      1962
                                             1956


SUNRISE AND SUNSET
APRIL 20 2017.........SUNRISE   607 AM CDT   SUNSET   746 PM CDT
APRIL 21 2017.........SUNRISE   605 AM CDT   SUNSET   747 PM CDT


-  INDICATES NEGATIVE NUMBERS.
R  INDICATES RECORD WAS SET OR TIED.
MM INDICATES DATA IS MISSING.
T  INDICATES TRACE AMOUNT.




$$
