000
CDUS43 KMKX 010652
CLIMSN


CLIMATE REPORT
NATIONAL WEATHER SERVICE IN MILWAUKEE
1250 AM CST MON FEB 1 2016


...................................

...THE MADISON WI CLIMATE SUMMARY FOR JANUARY 31 2016...

CLIMATE NORMAL PERIOD 1981 TO 2010
CLIMATE RECORD PERIOD 1871 TO 2016


WEATHER ITEM   OBSERVED TIME   RECORD YEAR NORMAL DEPARTURE LAST
                VALUE   (LST)  VALUE       VALUE  FROM      YEAR
                                                  NORMAL
..................................................................
TEMPERATURE (F)
 YESTERDAY
  MAXIMUM         38    205 PM  56    1989  27     11       35
  MINIMUM         31   1159 PM -22    1985  12     19       22
  AVERAGE         35                        20     15       29

PRECIPITATION (IN)
  YESTERDAY        0.01          0.60 1871   0.04  -0.03     0.13
  MONTH TO DATE    0.98                      1.23  -0.25     0.66
  SINCE DEC 1      4.31                      2.97   1.34     1.69
  SINCE JAN 1      0.98                      1.23  -0.25     0.66

SNOWFALL (IN)
  YESTERDAY        0.0           5.4  1965   0.4   -0.4      1.3
  MONTH TO DATE    6.9                      12.9   -6.0     10.2
  SINCE DEC 1     14.3                      26.4  -12.1     10.3
  SINCE JUL 1     18.4                      30.5  -12.1     18.8
  SNOW DEPTH       3

DEGREE DAYS
 HEATING
  YESTERDAY       30                        46    -16       36
  MONTH TO DATE 1390                      1435    -45     1392
  SINCE DEC 1   2311                      2734   -423     2520
  SINCE JUL 1   3502                      4313   -811     4204

 COOLING
  YESTERDAY        0                         0      0        0
  MONTH TO DATE    0                         0      0        0
  SINCE DEC 1      0                         0      0        0
  SINCE JAN 1      0                         0      0        0
..................................................................


WIND (MPH)
  HIGHEST WIND SPEED    15   HIGHEST WIND DIRECTION    NW (320)
  HIGHEST GUST SPEED    29   HIGHEST GUST DIRECTION    SW (210)
  AVERAGE WIND SPEED     4.4


SKY COVER
  POSSIBLE SUNSHINE  MM
  AVERAGE SKY COVER 0.7


WEATHER CONDITIONS
 THE FOLLOWING WEATHER WAS RECORDED YESTERDAY.
  LIGHT RAIN
  FOG
  HAZE


RELATIVE HUMIDITY (PERCENT)
 HIGHEST   100           100 AM
 LOWEST     82           500 PM
 AVERAGE    91

..........................................................


THE MADISON WI CLIMATE NORMALS FOR TODAY
                         NORMAL    RECORD    YEAR
 MAXIMUM TEMPERATURE (F)   28        47      1968
 MINIMUM TEMPERATURE (F)   12       -28      1985


SUNRISE AND SUNSET
FEBRUARY  1 2016......SUNRISE   713 AM CST   SUNSET   509 PM CST
FEBRUARY  2 2016......SUNRISE   712 AM CST   SUNSET   510 PM CST


-  INDICATES NEGATIVE NUMBERS.
R  INDICATES RECORD WAS SET OR TIED.
MM INDICATES DATA IS MISSING.
T  INDICATES TRACE AMOUNT.




$$
