000
CDUS43 KMKX 250657
CLIMSN


CLIMATE REPORT
NATIONAL WEATHER SERVICE IN MILWAUKEE
157 AM CDT MON AUG 25 2014


...................................

...THE MADISON WI CLIMATE SUMMARY FOR AUGUST 24 2014...

CLIMATE NORMAL PERIOD 1981 TO 2010
CLIMATE RECORD PERIOD 1871 TO 2014


WEATHER ITEM   OBSERVED TIME   RECORD YEAR NORMAL DEPARTURE LAST
                VALUE   (LST)  VALUE       VALUE  FROM      YEAR
                                                  NORMAL
..................................................................
TEMPERATURE (F)
 YESTERDAY
  MAXIMUM         87    357 PM  98    1948  79      8       83
                                      1947
  MINIMUM         71    646 AM  41    1984  58     13       55
                                      1977
  AVERAGE         79                        68     11       69

PRECIPITATION (IN)
  YESTERDAY        0.00          2.25 2006   0.12  -0.12     0.00
  MONTH TO DATE    3.91                      3.35   0.56     1.53
  SINCE JUN 1     14.54                     12.07   2.47    16.39
  SINCE JAN 1     26.29                     23.90   2.39    36.48

SNOWFALL (IN)
  YESTERDAY        0.0           0.0    MM   0.0    0.0      0.0
  MONTH TO DATE    0.0                       0.0    0.0      0.0
  SINCE JUN 1      0.0                       0.0    0.0      0.0
  SINCE JUL 1      0.0                       0.0    0.0      0.0
  SNOW DEPTH       0

DEGREE DAYS
 HEATING
  YESTERDAY        0                         1     -1        0
  MONTH TO DATE    4                        21    -17       12
  SINCE JUN 1     26                        91    -65       82
  SINCE JUL 1     17                        31    -14       30

 COOLING
  YESTERDAY       14                         4     10        4
  MONTH TO DATE  156                       131     25       97
  SINCE JUN 1    481                       457     24      465
  SINCE JAN 1    532                       487     45      518
..................................................................


WIND (MPH)
  HIGHEST WIND SPEED    16   HIGHEST WIND DIRECTION    SE (120)
  HIGHEST GUST SPEED    18   HIGHEST GUST DIRECTION    SE (130)
  AVERAGE WIND SPEED     9.1


SKY COVER
  POSSIBLE SUNSHINE  MM
  AVERAGE SKY COVER 0.8


WEATHER CONDITIONS
 THE FOLLOWING WEATHER WAS RECORDED YESTERDAY.
  FOG


RELATIVE HUMIDITY (PERCENT)
 HIGHEST    90           100 AM
 LOWEST     70           100 PM
 AVERAGE    80

..........................................................


THE MADISON WI CLIMATE NORMALS FOR TODAY
                         NORMAL    RECORD    YEAR
 MAXIMUM TEMPERATURE (F)   79        94      1953
                                             1948
 MINIMUM TEMPERATURE (F)   58        37      1958


SUNRISE AND SUNSET
AUGUST 25 2014........SUNRISE   614 AM CDT   SUNSET   744 PM CDT
AUGUST 26 2014........SUNRISE   615 AM CDT   SUNSET   742 PM CDT


-  INDICATES NEGATIVE NUMBERS.
R  INDICATES RECORD WAS SET OR TIED.
MM INDICATES DATA IS MISSING.
T  INDICATES TRACE AMOUNT.




$$
