000
CDUS43 KMKX 222046
CLIMSN


CLIMATE REPORT
NATIONAL WEATHER SERVICE IN MILWAUKEE
345 PM CDT SUN MAR 22 2015


...................................

...THE MADISON WI CLIMATE SUMMARY FOR MARCH 22 2015...
VALID TODAY AS OF 0300 PM LOCAL TIME.

CLIMATE NORMAL PERIOD 1981 TO 2010
CLIMATE RECORD PERIOD 1871 TO 2015


WEATHER ITEM   OBSERVED TIME   RECORD YEAR NORMAL DEPARTURE LAST
                VALUE   (LST)  VALUE       VALUE  FROM      YEAR
                                                  NORMAL
..................................................................
TEMPERATURE (F)
 TODAY
  MAXIMUM         36    144 PM  79    2012  46    -10       38
  MINIMUM         26    217 AM  -5    1888  27     -1       19
  AVERAGE         31                        36     -5       29

PRECIPITATION (IN)
  TODAY            T             1.00 1916   0.07  -0.07      T
  MONTH TO DATE    0.11                      1.42  -1.31     0.71
  SINCE MAR 1      0.11                      1.42  -1.31     0.71
  SINCE JAN 1      1.31                      4.10  -2.79     2.60

SNOWFALL (IN)
  TODAY            T            12.0  1916   0.2   -0.2       T
  MONTH TO DATE    0.8                       5.5   -4.7      6.6
  SINCE MAR 1      0.8                       5.5   -4.7      6.6
  SINCE JUL 1     30.3                      46.6  -16.3     56.6
  SNOW DEPTH       0

DEGREE DAYS
 HEATING
  TODAY           34                        29      5       36
  MONTH TO DATE  663                       723    -60      865
  SINCE MAR 1    663                       723    -60      865
  SINCE JUL 1   6374                      6209    165     6977

 COOLING
  TODAY            0                         0      0        0
  MONTH TO DATE    0                         0      0        0
  SINCE MAR 1      0                         0      0        0
  SINCE JAN 1      0                         0      0        0
..................................................................


WIND (MPH)
  HIGHEST WIND SPEED    15   HIGHEST WIND DIRECTION     E (70)
  HIGHEST GUST SPEED    20   HIGHEST GUST DIRECTION     S (170)
  AVERAGE WIND SPEED     8.6


SKY COVER
  POSSIBLE SUNSHINE  MM
  AVERAGE SKY COVER 0.7


WEATHER CONDITIONS
 THE FOLLOWING WEATHER WAS RECORDED TODAY.
  LIGHT SNOW


RELATIVE HUMIDITY (PERCENT)
 HIGHEST    78           300 AM
 LOWEST     43           100 PM
 AVERAGE    61

..........................................................


THE MADISON WI CLIMATE NORMALS FOR TOMORROW
                         NORMAL    RECORD    YEAR
 MAXIMUM TEMPERATURE (F)   46        78      1910
 MINIMUM TEMPERATURE (F)   27        -6      1888


SUNRISE AND SUNSET
MARCH 22 2015.........SUNRISE   657 AM CDT   SUNSET   712 PM CDT
MARCH 23 2015.........SUNRISE   656 AM CDT   SUNSET   713 PM CDT


-  INDICATES NEGATIVE NUMBERS.
R  INDICATES RECORD WAS SET OR TIED.
MM INDICATES DATA IS MISSING.
T  INDICATES TRACE AMOUNT.




$$
