000
CDUS43 KMKX 162142
CLIMSN


CLIMATE REPORT
NATIONAL WEATHER SERVICE IN MILWAUKEE
441 PM CDT MON MAY 16 2016


...................................

...THE MADISON WI CLIMATE SUMMARY FOR MAY 16 2016...
VALID TODAY AS OF 0400 PM LOCAL TIME.

CLIMATE NORMAL PERIOD 1981 TO 2010
CLIMATE RECORD PERIOD 1871 TO 2016


WEATHER ITEM   OBSERVED TIME   RECORD YEAR NORMAL DEPARTURE LAST
                VALUE   (LST)  VALUE       VALUE  FROM      YEAR
                                                  NORMAL
..................................................................
TEMPERATURE (F)
 TODAY
  MAXIMUM         71   1220 PM  87    1992  68      3       80
                                      1977
                                      1951
  MINIMUM         48    513 AM  27    1997  46      2       60
  AVERAGE         60                        57      3       70

PRECIPITATION (IN)
  TODAY            T             1.64 1999   0.11  -0.11      T
  MONTH TO DATE    1.47                      1.74  -0.27     1.07
  SINCE MAR 1      7.54                      7.34   0.20     6.21
  SINCE JAN 1      9.04                     10.02  -0.98     7.41

SNOWFALL (IN)
  TODAY            0.0           T    1940   0.0    0.0      0.0
  MONTH TO DATE    0.0                       0.2   -0.2      0.0
  SINCE MAR 1      8.2                       9.8   -1.6      4.2
  SINCE JUL 1     32.7                      50.9  -18.2     33.7
  SNOW DEPTH       0

DEGREE DAYS
 HEATING
  TODAY            5                         8     -3        0
  MONTH TO DATE  194                       168     26       99
  SINCE MAR 1   1532                      1689   -157     1528
  SINCE JUL 1   6132                      7175  -1043     7239

 COOLING
  TODAY            0                         1     -1        5
  MONTH TO DATE    0                         6     -6       17
  SINCE MAR 1      0                        10    -10       17
  SINCE JAN 1      0                        10    -10       17
..................................................................


WIND (MPH)
  HIGHEST WIND SPEED    20   HIGHEST WIND DIRECTION    SW (220)
  HIGHEST GUST SPEED    28   HIGHEST GUST DIRECTION    SW (220)
  AVERAGE WIND SPEED     8.2


SKY COVER
  POSSIBLE SUNSHINE  MM
  AVERAGE SKY COVER 0.4


WEATHER CONDITIONS
 THE FOLLOWING WEATHER WAS RECORDED TODAY.
  LIGHT RAIN


RELATIVE HUMIDITY (PERCENT)
 HIGHEST    66           500 AM
 LOWEST     27           100 PM
 AVERAGE    47

..........................................................


THE MADISON WI CLIMATE NORMALS FOR TOMORROW
                         NORMAL    RECORD    YEAR
 MAXIMUM TEMPERATURE (F)   69        86      2001
                                             1987
                                             1971
 MINIMUM TEMPERATURE (F)   46        32      2002


SUNRISE AND SUNSET
MAY 16 2016...........SUNRISE   532 AM CDT   SUNSET   816 PM CDT
MAY 17 2016...........SUNRISE   531 AM CDT   SUNSET   817 PM CDT


-  INDICATES NEGATIVE NUMBERS.
R  INDICATES RECORD WAS SET OR TIED.
MM INDICATES DATA IS MISSING.
T  INDICATES TRACE AMOUNT.




$$
