722
CDUS43 KMKX 210654
CLIMSN


CLIMATE REPORT
NATIONAL WEATHER SERVICE IN MILWAUKEE
154 AM CDT SUN AUG 21 2016


...................................

...THE MADISON WI CLIMATE SUMMARY FOR AUGUST 20 2016...

CLIMATE NORMAL PERIOD 1981 TO 2010
CLIMATE RECORD PERIOD 1871 TO 2016


WEATHER ITEM   OBSERVED TIME   RECORD YEAR NORMAL DEPARTURE LAST
                VALUE   (LST)  VALUE       VALUE  FROM      YEAR
                                                  NORMAL
..................................................................
TEMPERATURE (F)
 YESTERDAY
  MAXIMUM         74    945 AM  98    1955  79     -5       71
                                      1916
  MINIMUM         60   1159 PM  39    1967  59      1       52
                                      1950
  AVERAGE         67                        69     -2       62

PRECIPITATION (IN)
  YESTERDAY        0.28          1.61 1952   0.14   0.14     0.02
  MONTH TO DATE    6.28                      2.83   3.45     2.26
  SINCE JUN 1     16.86                     11.55   5.31    10.43
  SINCE JAN 1     26.65                     23.38   3.27    20.95

SNOWFALL (IN)
  YESTERDAY        0.0           0.0    MM   0.0    0.0      0.0
  MONTH TO DATE    0.0                       0.0    0.0      0.0
  SINCE JUN 1      0.0                       0.0    0.0      0.0
  SINCE JUL 1      0.0                       0.0    0.0      0.0
  SNOW DEPTH       0

DEGREE DAYS
 HEATING
  YESTERDAY        0                         1     -1        3
  MONTH TO DATE    0                        17    -17        3
  SINCE JUN 1     18                        87    -69       56
  SINCE JUL 1      4                        27    -23       19

 COOLING
  YESTERDAY        2                         5     -3        0
  MONTH TO DATE  181                       112     69      152
  SINCE JUN 1    585                       438    147      463
  SINCE JAN 1    637                       468    169      513
..................................................................


WIND (MPH)
  HIGHEST WIND SPEED    17   HIGHEST WIND DIRECTION    NW (300)
  HIGHEST GUST SPEED    27   HIGHEST GUST DIRECTION    NW (300)
  AVERAGE WIND SPEED     5.5


SKY COVER
  POSSIBLE SUNSHINE  MM
  AVERAGE SKY COVER 0.7


WEATHER CONDITIONS
 THE FOLLOWING WEATHER WAS RECORDED YESTERDAY.
  THUNDERSTORM
  HEAVY RAIN
  RAIN
  LIGHT RAIN
  FOG


RELATIVE HUMIDITY (PERCENT)
 HIGHEST   100           200 AM
 LOWEST     63           600 PM
 AVERAGE    82

..........................................................


THE MADISON WI CLIMATE NORMALS FOR TODAY
                         NORMAL    RECORD    YEAR
 MAXIMUM TEMPERATURE (F)   79       101      1955
 MINIMUM TEMPERATURE (F)   59        43      1970
                                             1969


SUNRISE AND SUNSET
AUGUST 21 2016........SUNRISE   610 AM CDT   SUNSET   750 PM CDT
AUGUST 22 2016........SUNRISE   611 AM CDT   SUNSET   748 PM CDT


-  INDICATES NEGATIVE NUMBERS.
R  INDICATES RECORD WAS SET OR TIED.
MM INDICATES DATA IS MISSING.
T  INDICATES TRACE AMOUNT.




$$
