000
CDUS43 KMKX 110059
CLIMSN


CLIMATE REPORT
NATIONAL WEATHER SERVICE IN MILWAUKEE
759 PM CDT WED SEP 10 2014


...................................

...THE MADISON WI CLIMATE SUMMARY FOR SEPTEMBER 10 2014...
VALID TODAY AS OF 0700 PM LOCAL TIME.

CLIMATE NORMAL PERIOD 1981 TO 2010
CLIMATE RECORD PERIOD 1871 TO 2014


WEATHER ITEM   OBSERVED TIME   RECORD YEAR NORMAL DEPARTURE LAST
                VALUE   (LST)  VALUE       VALUE  FROM      YEAR
                                                  NORMAL
..................................................................
TEMPERATURE (F)
 TODAY
  MAXIMUM         75   1223 PM  95    1931  74      1       94
  MINIMUM         55    559 PM  33    1967  53      2       74
  AVERAGE         65                        64      1       84

PRECIPITATION (IN)
  TODAY            0.40          2.00 1876   0.10   0.30      T
  MONTH TO DATE    1.34                      1.12   0.22      T
  SINCE SEP 1      1.34                      1.12   0.22      T
  SINCE JAN 1     29.15                     25.94   3.21    36.48

SNOWFALL (IN)
  TODAY            0.0           0.0    MM   0.0    0.0      0.0
  MONTH TO DATE    0.0                       0.0    0.0      0.0
  SINCE SEP 1      0.0                       0.0    0.0      0.0
  SINCE JUL 1      0.0                       0.0    0.0      0.0
  SNOW DEPTH       0

DEGREE DAYS
 HEATING
  TODAY            0                         4     -4        0
  MONTH TO DATE    1                        28    -27        9
  SINCE SEP 1      1                        28    -27        9
  SINCE JUL 1     18                        65    -47       39

 COOLING
  TODAY            0                         2     -2       19
  MONTH TO DATE   34                        28      6       69
  SINCE SEP 1     34                        28      6       69
  SINCE JAN 1    610                       541     69      682
..................................................................


WIND (MPH)
  HIGHEST WIND SPEED    30   HIGHEST WIND DIRECTION    SE (150)
  HIGHEST GUST SPEED    37   HIGHEST GUST DIRECTION    SE (150)
  AVERAGE WIND SPEED    11.8


SKY COVER
  POSSIBLE SUNSHINE  MM
  AVERAGE SKY COVER 0.9


WEATHER CONDITIONS
 THE FOLLOWING WEATHER WAS RECORDED TODAY.
  RAIN
  LIGHT RAIN
  FOG


RELATIVE HUMIDITY (PERCENT)
 HIGHEST    93           700 AM
 LOWEST     79          1200 PM
 AVERAGE    86

..........................................................


THE MADISON WI CLIMATE NORMALS FOR TOMORROW
                         NORMAL    RECORD    YEAR
 MAXIMUM TEMPERATURE (F)   74        93      1931
 MINIMUM TEMPERATURE (F)   52        34      1955


SUNRISE AND SUNSET
SEPTEMBER 10 2014.....SUNRISE   631 AM CDT   SUNSET   716 PM CDT
SEPTEMBER 11 2014.....SUNRISE   632 AM CDT   SUNSET   715 PM CDT


-  INDICATES NEGATIVE NUMBERS.
R  INDICATES RECORD WAS SET OR TIED.
MM INDICATES DATA IS MISSING.
T  INDICATES TRACE AMOUNT.




$$
