000
CDUS43 KMKX 112248
CLIMSN


CLIMATE REPORT
NATIONAL WEATHER SERVICE IN MILWAUKEE
447 PM CST THU DEC 11 2014


...................................

...THE MADISON WI CLIMATE SUMMARY FOR DECEMBER 11 2014...
VALID TODAY AS OF 0400 PM LOCAL TIME.

CLIMATE NORMAL PERIOD 1981 TO 2010
CLIMATE RECORD PERIOD 1871 TO 2014


WEATHER ITEM   OBSERVED TIME   RECORD YEAR NORMAL DEPARTURE LAST
                VALUE   (LST)  VALUE       VALUE  FROM      YEAR
                                                  NORMAL
..................................................................
TEMPERATURE (F)
 TODAY
  MAXIMUM         31    332 PM  59    1949  31      0       14
  MINIMUM         21    828 AM -17    1976  17      4       -3
                                      1972
  AVERAGE         26                        24      2        6

PRECIPITATION (IN)
  TODAY            0.00          1.11 1965   0.06  -0.06      T
  MONTH TO DATE    0.23                      0.76  -0.53     0.52
  SINCE DEC 1      0.23                      0.76  -0.53     0.52
  SINCE JAN 1     34.51                     33.50   1.01    44.28

SNOWFALL (IN)
  TODAY            0.0           5.3  1904   0.5   -0.5      0.2
  MONTH TO DATE    0.1                       4.7   -4.6      6.5
  SINCE DEC 1      0.1                       4.7   -4.6      6.5
  SINCE JUL 1      8.6                       8.8   -0.2     10.0
  SNOW DEPTH       T

DEGREE DAYS
 HEATING
  TODAY           39                        41     -2       59
  MONTH TO DATE  433                       427      6      493
  SINCE DEC 1    433                       427      6      493
  SINCE JUL 1   2117                      2006    111     2012

 COOLING
  TODAY            0                         0      0        0
  MONTH TO DATE    0                         0      0        0
  SINCE DEC 1      0                         0      0        0
  SINCE JAN 1    620                       568     52      709
..................................................................


WIND (MPH)
  HIGHEST WIND SPEED    10   HIGHEST WIND DIRECTION    NW (300)
  HIGHEST GUST SPEED    13   HIGHEST GUST DIRECTION     W (290)
  AVERAGE WIND SPEED     5.4


SKY COVER
  POSSIBLE SUNSHINE  MM
  AVERAGE SKY COVER 0.8


WEATHER CONDITIONS
 THE FOLLOWING WEATHER WAS RECORDED TODAY.
  FOG
  HAZE


RELATIVE HUMIDITY (PERCENT)
 HIGHEST    92          1200 AM
 LOWEST     69           300 PM
 AVERAGE    81

..........................................................


THE MADISON WI CLIMATE NORMALS FOR TOMORROW
                         NORMAL    RECORD    YEAR
 MAXIMUM TEMPERATURE (F)   31        53      1991
                                             1968
                                             1965
 MINIMUM TEMPERATURE (F)   17       -10      1962


SUNRISE AND SUNSET
DECEMBER 11 2014......SUNRISE   719 AM CST   SUNSET   422 PM CST
DECEMBER 12 2014......SUNRISE   720 AM CST   SUNSET   422 PM CST


-  INDICATES NEGATIVE NUMBERS.
R  INDICATES RECORD WAS SET OR TIED.
MM INDICATES DATA IS MISSING.
T  INDICATES TRACE AMOUNT.




$$
