000
CDUS43 KMKX 030705
CLIMSN


CLIMATE REPORT
NATIONAL WEATHER SERVICE IN MILWAUKEE
204 AM CDT TUE OCT 3 2017


...................................

...THE MADISON WI CLIMATE SUMMARY FOR OCTOBER 2 2017...

CLIMATE NORMAL PERIOD 1981 TO 2010
CLIMATE RECORD PERIOD 1871 TO 2017


WEATHER ITEM   OBSERVED TIME   RECORD YEAR NORMAL DEPARTURE LAST
                VALUE   (LST)  VALUE       VALUE  FROM      YEAR
                                                  NORMAL
..................................................................
TEMPERATURE (F)
 YESTERDAY
  MAXIMUM         80    356 PM  87    1953  65     15       63
  MINIMUM         51   1247 AM  22    2003  43      8       49
                                      1974
  AVERAGE         66                        54     12       56

PRECIPITATION (IN)
  YESTERDAY        0.00          1.67 1879   0.08  -0.08      T
  MONTH TO DATE    0.00                      0.16  -0.16     0.03
  SINCE SEP 1      0.55                      3.29  -2.74     8.49
  SINCE JAN 1     33.31                     28.11   5.20    36.73

SNOWFALL (IN)
  YESTERDAY        0.0           0.0    MM   0.0    0.0      0.0
  MONTH TO DATE    0.0                       0.0    0.0      0.0
  SINCE SEP 1      0.0                       0.0    0.0      0.0
  SINCE JUL 1      0.0                       0.0    0.0      0.0
  SNOW DEPTH       0

DEGREE DAYS
 HEATING
  YESTERDAY        0                        11    -11        9
  MONTH TO DATE    8                        22    -14       14
  SINCE SEP 1    121                       193    -72       56
  SINCE JUL 1    146                       230    -84       63

 COOLING
  YESTERDAY        1                         0      1        0
  MONTH TO DATE    1                         0      1        0
  SINCE SEP 1    111                        51     60       76
  SINCE JAN 1    571                       564      7      771
..................................................................


WIND (MPH)
  HIGHEST WIND SPEED    21   HIGHEST WIND DIRECTION     S (160)
  HIGHEST GUST SPEED    26   HIGHEST GUST DIRECTION     S (170)
  AVERAGE WIND SPEED    12.2


SKY COVER
  POSSIBLE SUNSHINE  MM
  AVERAGE SKY COVER 0.6


WEATHER CONDITIONS
 THE FOLLOWING WEATHER WAS RECORDED YESTERDAY.
  NO SIGNIFICANT WEATHER WAS OBSERVED.


RELATIVE HUMIDITY (PERCENT)
 HIGHEST    83           100 AM
 LOWEST     51           100 PM
 AVERAGE    67

..........................................................


THE MADISON WI CLIMATE NORMALS FOR TODAY
                         NORMAL    RECORD    YEAR
 MAXIMUM TEMPERATURE (F)   64        85      2005
                                             1997
                                             1976
 MINIMUM TEMPERATURE (F)   43        25      1974


SUNRISE AND SUNSET
OCTOBER  3 2017.......SUNRISE   657 AM CDT   SUNSET   635 PM CDT
OCTOBER  4 2017.......SUNRISE   658 AM CDT   SUNSET   633 PM CDT


-  INDICATES NEGATIVE NUMBERS.
R  INDICATES RECORD WAS SET OR TIED.
MM INDICATES DATA IS MISSING.
T  INDICATES TRACE AMOUNT.




$$
