000
CDUS43 KMKX 180045
CLIMSN


CLIMATE REPORT
NATIONAL WEATHER SERVICE IN MILWAUKEE
744 PM CDT THU JUL 17 2014


...................................

...THE MADISON WI CLIMATE SUMMARY FOR JULY 17 2014...
VALID TODAY AS OF 0700 PM LOCAL TIME.

CLIMATE NORMAL PERIOD 1981 TO 2010
CLIMATE RECORD PERIOD 1871 TO 2014


WEATHER ITEM   OBSERVED TIME   RECORD YEAR NORMAL DEPARTURE LAST
                VALUE   (LST)  VALUE       VALUE  FROM      YEAR
                                                  NORMAL
..................................................................
TEMPERATURE (F)
 TODAY
  MAXIMUM         78    405 PM 100    2012  82     -4       93
  MINIMUM         49    501 AM  45    1976  61    -12       74
                                      1958
  AVERAGE         64                        72     -8       84

PRECIPITATION (IN)
  TODAY            0.00          3.43 1903   0.14  -0.14      T
  MONTH TO DATE    1.03                      2.38  -1.35     1.66
  SINCE JUN 1     10.58                      6.92   3.66    12.52
  SINCE JAN 1     22.33                     18.75   3.58    32.61

SNOWFALL (IN)
  TODAY            0.0           0.0    MM   0.0    0.0      0.0
  MONTH TO DATE    0.0                       0.0    0.0      0.0
  SINCE JUN 1      0.0                       0.0    0.0      0.0
  SINCE JUL 1      0.0                       0.0    0.0      0.0
  SNOW DEPTH       0

DEGREE DAYS
 HEATING
  TODAY            1                         0      1        0
  MONTH TO DATE   13                         0     13        2
  SINCE JUN 1     22                        60    -38       54
  SINCE JUL 1     13                         0     13        2

 COOLING
  TODAY            0                         7     -7       19
  MONTH TO DATE   61                       117    -56      154
  SINCE JUN 1    243                       237      6      291
  SINCE JAN 1    294                       267     27      344
..................................................................


WIND (MPH)
  HIGHEST WIND SPEED    12   HIGHEST WIND DIRECTION     S (170)
  HIGHEST GUST SPEED    13   HIGHEST GUST DIRECTION     S (160)
  AVERAGE WIND SPEED     2.9


SKY COVER
  POSSIBLE SUNSHINE  MM
  AVERAGE SKY COVER 0.3


WEATHER CONDITIONS
 THE FOLLOWING WEATHER WAS RECORDED TODAY.
  FOG


RELATIVE HUMIDITY (PERCENT)
 HIGHEST    96           100 AM
 LOWEST     36           100 PM
 AVERAGE    66

..........................................................


THE MADISON WI CLIMATE NORMALS FOR TOMORROW
                         NORMAL    RECORD    YEAR
 MAXIMUM TEMPERATURE (F)   82        95      1894
 MINIMUM TEMPERATURE (F)   61        47      1979


SUNRISE AND SUNSET
JULY 17 2014..........SUNRISE   533 AM CDT   SUNSET   833 PM CDT
JULY 18 2014..........SUNRISE   534 AM CDT   SUNSET   833 PM CDT


-  INDICATES NEGATIVE NUMBERS.
R  INDICATES RECORD WAS SET OR TIED.
MM INDICATES DATA IS MISSING.
T  INDICATES TRACE AMOUNT.




$$
