000
CDUS43 KMKX 240707
CLIMSN


CLIMATE REPORT
NATIONAL WEATHER SERVICE IN MILWAUKEE
155 AM CDT WED JUN 24 2015


...................................

...THE MADISON WI CLIMATE SUMMARY FOR JUNE 23 2015...

CLIMATE NORMAL PERIOD 1981 TO 2010
CLIMATE RECORD PERIOD 1871 TO 2015


WEATHER ITEM   OBSERVED TIME   RECORD YEAR NORMAL DEPARTURE LAST
                VALUE   (LST)  VALUE       VALUE  FROM      YEAR
                                                  NORMAL
..................................................................
TEMPERATURE (F)
 YESTERDAY
  MAXIMUM         79    445 PM  96    1995  80     -1       83
  MINIMUM         60    436 AM  37    1972  59      1       66
  AVERAGE         70                        69      1       75

PRECIPITATION (IN)
  YESTERDAY        0.00          2.25 1994   0.15  -0.15     0.01
  MONTH TO DATE    3.06                      3.49  -0.43     6.80
  SINCE JUN 1      3.06                      3.49  -0.43     6.80
  SINCE JAN 1     13.58                     15.32  -1.74    18.55

SNOWFALL (IN)
  YESTERDAY        0.0           0.0    MM   0.0    0.0      0.0
  MONTH TO DATE    0.0                       0.0    0.0      0.0
  SINCE JUN 1      0.0                       0.0    0.0      0.0
  SINCE JUL 1     33.7                      50.9  -17.2     59.2
  SNOW DEPTH       0

DEGREE DAYS
 HEATING
  YESTERDAY        0                         1     -1        0
  MONTH TO DATE   35                        56    -21        9
  SINCE JUN 1     35                        56    -21        9
  SINCE JUL 1   7365                      7329     36     8057

 COOLING
  YESTERDAY        5                         5      0       10
  MONTH TO DATE   93                        78     15      113
  SINCE JUN 1     93                        78     15      113
  SINCE JAN 1    143                       108     35      164
..................................................................


WIND (MPH)
  HIGHEST WIND SPEED    16   HIGHEST WIND DIRECTION     N (350)
  HIGHEST GUST SPEED    30   HIGHEST GUST DIRECTION    NE (40)
  AVERAGE WIND SPEED     6.0


SKY COVER
  POSSIBLE SUNSHINE  MM
  AVERAGE SKY COVER 0.2


WEATHER CONDITIONS
 THE FOLLOWING WEATHER WAS RECORDED YESTERDAY.
  HAZE


RELATIVE HUMIDITY (PERCENT)
 HIGHEST    84          1100 PM
 LOWEST     39           200 PM
 AVERAGE    62

..........................................................


THE MADISON WI CLIMATE NORMALS FOR TODAY
                         NORMAL    RECORD    YEAR
 MAXIMUM TEMPERATURE (F)   80        96      1923
 MINIMUM TEMPERATURE (F)   59        44      1972


SUNRISE AND SUNSET
JUNE 24 2015..........SUNRISE   518 AM CDT   SUNSET   841 PM CDT
JUNE 25 2015..........SUNRISE   519 AM CDT   SUNSET   841 PM CDT


-  INDICATES NEGATIVE NUMBERS.
R  INDICATES RECORD WAS SET OR TIED.
MM INDICATES DATA IS MISSING.
T  INDICATES TRACE AMOUNT.




$$
