000
CDUS43 KMKX 092127
CLIMSN


CLIMATE REPORT
NATIONAL WEATHER SERVICE IN MILWAUKEE
425 PM CDT SUN JUL 9 2017


...................................

...THE MADISON WI CLIMATE SUMMARY FOR JULY 9 2017...
VALID TODAY AS OF 0400 PM LOCAL TIME.

CLIMATE NORMAL PERIOD 1981 TO 2010
CLIMATE RECORD PERIOD 1871 TO 2017


WEATHER ITEM   OBSERVED TIME   RECORD YEAR NORMAL DEPARTURE LAST
                VALUE   (LST)  VALUE       VALUE  FROM      YEAR
                                                  NORMAL
..................................................................
TEMPERATURE (F)
 TODAY
  MAXIMUM         82    250 PM  98    1936  82      0       81
  MINIMUM         65    245 AM  47    1961  61      4       61
  AVERAGE         74                        72      2       71

PRECIPITATION (IN)
  TODAY            0.00          2.84 1922   0.14  -0.14     0.00
  MONTH TO DATE    1.61                      1.26   0.35     0.62
  SINCE JUN 1      8.34                      5.80   2.54     5.97
  SINCE JAN 1     24.00                     17.63   6.37    15.76

SNOWFALL (IN)
  TODAY            0.0           0.0    MM   0.0    0.0      0.0
  MONTH TO DATE    0.0                       0.0    0.0      0.0
  SINCE JUN 1      0.0                       0.0    0.0      0.0
  SINCE JUL 1      0.0                       0.0    0.0      0.0
  SNOW DEPTH       0

DEGREE DAYS
 HEATING
  TODAY            0                         0      0        0
  MONTH TO DATE    0                         0      0        3
  SINCE JUN 1     30                        60    -30       17
  SINCE JUL 1      0                         0      0        3

 COOLING
  TODAY            9                         7      2        6
  MONTH TO DATE   61                        61      0       46
  SINCE JUN 1    218                       181     37      195
  SINCE JAN 1    233                       211     22      247
..................................................................


WIND (MPH)
  HIGHEST WIND SPEED    18   HIGHEST WIND DIRECTION     S (180)
  HIGHEST GUST SPEED    21   HIGHEST GUST DIRECTION     S (190)
  AVERAGE WIND SPEED     7.3


SKY COVER
  POSSIBLE SUNSHINE  MM
  AVERAGE SKY COVER 0.6


WEATHER CONDITIONS
 THE FOLLOWING WEATHER WAS RECORDED TODAY.
  NO SIGNIFICANT WEATHER WAS OBSERVED.


RELATIVE HUMIDITY (PERCENT)
 HIGHEST    78          1200 AM
 LOWEST     47           200 PM
 AVERAGE    63

..........................................................


THE MADISON WI CLIMATE NORMALS FOR TOMORROW
                         NORMAL    RECORD    YEAR
 MAXIMUM TEMPERATURE (F)   82       104      1976
 MINIMUM TEMPERATURE (F)   61        44      1968


SUNRISE AND SUNSET
JULY  9 2017..........SUNRISE   527 AM CDT   SUNSET   838 PM CDT
JULY 10 2017..........SUNRISE   528 AM CDT   SUNSET   838 PM CDT


-  INDICATES NEGATIVE NUMBERS.
R  INDICATES RECORD WAS SET OR TIED.
MM INDICATES DATA IS MISSING.
T  INDICATES TRACE AMOUNT.




$$
