000
CDUS43 KMKX 122241
CLIMSN


CLIMATE REPORT
NATIONAL WEATHER SERVICE IN MILWAUKEE
440 PM CST SUN FEB 12 2017


...................................

...THE MADISON WI CLIMATE SUMMARY FOR FEBRUARY 12 2017...
VALID TODAY AS OF 0400 PM LOCAL TIME.

CLIMATE NORMAL PERIOD 1981 TO 2010
CLIMATE RECORD PERIOD 1871 TO 2017


WEATHER ITEM   OBSERVED TIME   RECORD YEAR NORMAL DEPARTURE LAST
                VALUE   (LST)  VALUE       VALUE  FROM      YEAR
                                                  NORMAL
..................................................................
TEMPERATURE (F)
 TODAY
  MAXIMUM         40   1148 AM  63    1882  30     10       18
  MINIMUM         33    347 AM -23    1899  14     19        2
  AVERAGE         37                        22     15       10

PRECIPITATION (IN)
  TODAY            0.02          0.71 1938   0.05  -0.03      T
  MONTH TO DATE    0.28                      0.55  -0.27     0.40
  SINCE DEC 1      5.07                      3.52   1.55     4.71
  SINCE JAN 1      3.04                      1.78   1.26     1.38

SNOWFALL (IN)
  TODAY            T             4.9  1923   0.4   -0.4       T
  MONTH TO DATE    T                         4.8   -4.8      3.7
  SINCE DEC 1     33.8                      31.2    2.6     18.0
  SINCE JUL 1     33.8                      35.3   -1.5     22.1
  SNOW DEPTH       1

DEGREE DAYS
 HEATING
  TODAY           28                        43    -15       55
  MONTH TO DATE  493                       530    -37      513
  SINCE DEC 1   3075                      3264   -189     2824
  SINCE JUL 1   4097                      4843   -746     4015

 COOLING
  TODAY            0                         0      0        0
  MONTH TO DATE    0                         0      0        0
  SINCE DEC 1      0                         0      0        0
  SINCE JAN 1      0                         0      0        0
..................................................................


WIND (MPH)
  HIGHEST WIND SPEED    26   HIGHEST WIND DIRECTION    NW (310)
  HIGHEST GUST SPEED    40   HIGHEST GUST DIRECTION    NW (320)
  AVERAGE WIND SPEED    12.5


SKY COVER
  POSSIBLE SUNSHINE  MM
  AVERAGE SKY COVER 0.5


WEATHER CONDITIONS
 THE FOLLOWING WEATHER WAS RECORDED TODAY.
  LIGHT RAIN
  FOG


RELATIVE HUMIDITY (PERCENT)
 HIGHEST   100           600 AM
 LOWEST     37           400 PM
 AVERAGE    69

..........................................................


THE MADISON WI CLIMATE NORMALS FOR TOMORROW
                         NORMAL    RECORD    YEAR
 MAXIMUM TEMPERATURE (F)   30        51      1921
 MINIMUM TEMPERATURE (F)   14       -24      1905


SUNRISE AND SUNSET
FEBRUARY 12 2017......SUNRISE   659 AM CST   SUNSET   525 PM CST
FEBRUARY 13 2017......SUNRISE   657 AM CST   SUNSET   526 PM CST


-  INDICATES NEGATIVE NUMBERS.
R  INDICATES RECORD WAS SET OR TIED.
MM INDICATES DATA IS MISSING.
T  INDICATES TRACE AMOUNT.




$$
