000
CDUS43 KMKX 090643
CLIMSN


CLIMATE REPORT
NATIONAL WEATHER SERVICE IN MILWAUKEE
141 AM CDT WED APR 9 2014


...................................

...THE MADISON WI CLIMATE SUMMARY FOR APRIL 8 2014...

CLIMATE NORMAL PERIOD 1981 TO 2010
CLIMATE RECORD PERIOD 1871 TO 2014


WEATHER ITEM   OBSERVED TIME   RECORD YEAR NORMAL DEPARTURE LAST
                VALUE   (LST)  VALUE       VALUE  FROM      YEAR
                                                  NORMAL
..................................................................
TEMPERATURE (F)
 YESTERDAY
  MAXIMUM         60    226 PM  77    1971  54      6       57
  MINIMUM         38    533 AM   9    1972  33      5       38
  AVERAGE         49                        44      5       48

PRECIPITATION (IN)
  YESTERDAY        T             1.05 1999   0.11  -0.11     0.54
  MONTH TO DATE    0.27                      0.84  -0.57     0.61
  SINCE MAR 1      1.53                      3.04  -1.51     3.02
  SINCE JAN 1      3.42                      5.72  -2.30     8.30

SNOWFALL (IN)
  YESTERDAY        0.0           1.1  1973   0.1   -0.1      0.0
  MONTH TO DATE    T                         1.1   -1.1      0.0
  SINCE MAR 1      8.2                       8.1    0.1     15.2
  SINCE JUL 1     58.2                      49.2    9.0     70.3
  SNOW DEPTH       0

DEGREE DAYS
 HEATING
  YESTERDAY       16                        22     -6       17
  MONTH TO DATE  187                       184      3      199
  SINCE MAR 1   1335                      1147    188     1381
  SINCE JUL 1   7447                      6633    814     6539

 COOLING
  YESTERDAY        0                         0      0        0
  MONTH TO DATE    0                         0      0        0
  SINCE MAR 1      0                         0      0        0
  SINCE JAN 1      0                         0      0        0
..................................................................


WIND (MPH)
  HIGHEST WIND SPEED    17   HIGHEST WIND DIRECTION     N (350)
  HIGHEST GUST SPEED    24   HIGHEST GUST DIRECTION     N (350)
  AVERAGE WIND SPEED     8.5


SKY COVER
  POSSIBLE SUNSHINE  MM
  AVERAGE SKY COVER 0.6


WEATHER CONDITIONS
 THE FOLLOWING WEATHER WAS RECORDED YESTERDAY.
  LIGHT RAIN


RELATIVE HUMIDITY (PERCENT)
 HIGHEST    85           400 AM
 LOWEST     32           600 PM
 AVERAGE    59

..........................................................


THE MADISON WI CLIMATE NORMALS FOR TODAY
                         NORMAL    RECORD    YEAR
 MAXIMUM TEMPERATURE (F)   55        75      1955
 MINIMUM TEMPERATURE (F)   33        10      2003


SUNRISE AND SUNSET
APRIL  9 2014.........SUNRISE   625 AM CDT   SUNSET   733 PM CDT
APRIL 10 2014.........SUNRISE   624 AM CDT   SUNSET   734 PM CDT


-  INDICATES NEGATIVE NUMBERS.
R  INDICATES RECORD WAS SET OR TIED.
MM INDICATES DATA IS MISSING.
T  INDICATES TRACE AMOUNT.




$$
