000
CDUS43 KMKX 012212
CLIMSN


CLIMATE REPORT
NATIONAL WEATHER SERVICE IN MILWAUKEE
511 PM CDT WED NOV 1 2017


...................................

...THE MADISON WI CLIMATE SUMMARY FOR NOVEMBER 1 2017...
VALID TODAY AS OF 0500 PM LOCAL TIME.

CLIMATE NORMAL PERIOD 1981 TO 2010
CLIMATE RECORD PERIOD 1871 TO 2017


WEATHER ITEM   OBSERVED TIME   RECORD YEAR NORMAL DEPARTURE LAST
                VALUE   (LST)  VALUE       VALUE  FROM      YEAR
                                                  NORMAL
..................................................................
TEMPERATURE (F)
 TODAY
  MAXIMUM         43    115 PM  77    1933  52     -9       73
  MINIMUM         30    142 AM  15    1873  34     -4       47
  AVERAGE         37                        43     -6       60

PRECIPITATION (IN)
  TODAY            T             2.30 1971   0.09  -0.09     0.00
  MONTH TO DATE    T                         0.09  -0.09     0.00
  SINCE SEP 1      4.11                      5.62  -1.51    13.42
  SINCE JAN 1     36.87                     30.44   6.43    41.66

SNOWFALL (IN)
  TODAY            0.0           1.5  1954   0.0    0.0      0.0
  MONTH TO DATE    0.0                       0.0    0.0      0.0
  SINCE SEP 1      T                         0.5   -0.5      0.0
  SINCE JUL 1      T                         0.5   -0.5      0.0
  SNOW DEPTH       0

DEGREE DAYS
 HEATING
  TODAY           28                        22      6        5
  MONTH TO DATE   28                        22      6        5
  SINCE SEP 1    488                       698   -210      394
  SINCE JUL 1    513                       735   -222      401

 COOLING
  TODAY            0                         0      0        0
  MONTH TO DATE    0                         0      0        0
  SINCE SEP 1    120                        55     65       85
  SINCE JAN 1    580                       568     12      780
..................................................................


WIND (MPH)
  HIGHEST WIND SPEED    22   HIGHEST WIND DIRECTION     S (160)
  HIGHEST GUST SPEED    25   HIGHEST GUST DIRECTION     S (170)
  AVERAGE WIND SPEED     9.0


SKY COVER
  POSSIBLE SUNSHINE  MM
  AVERAGE SKY COVER 1.0


WEATHER CONDITIONS
 THE FOLLOWING WEATHER WAS RECORDED TODAY.
  LIGHT RAIN


RELATIVE HUMIDITY (PERCENT)
 HIGHEST    78           200 AM
 LOWEST     54          1100 AM
 AVERAGE    66

..........................................................


THE MADISON WI CLIMATE NORMALS FOR TOMORROW
                         NORMAL    RECORD    YEAR
 MAXIMUM TEMPERATURE (F)   52        74      1938
 MINIMUM TEMPERATURE (F)   34        11      1951


SUNRISE AND SUNSET
NOVEMBER  1 2017......SUNRISE   732 AM CDT   SUNSET   549 PM CDT
NOVEMBER  2 2017......SUNRISE   734 AM CDT   SUNSET   548 PM CDT


-  INDICATES NEGATIVE NUMBERS.
R  INDICATES RECORD WAS SET OR TIED.
MM INDICATES DATA IS MISSING.
T  INDICATES TRACE AMOUNT.




$$
