000
CDUS43 KMKX 010656
CLIMSN


CLIMATE REPORT
NATIONAL WEATHER SERVICE IN MILWAUKEE
156 AM CDT MON MAY 1 2017


...................................

...THE MADISON WI CLIMATE SUMMARY FOR APRIL 30 2017...

CLIMATE NORMAL PERIOD 1981 TO 2010
CLIMATE RECORD PERIOD 1871 TO 2017


WEATHER ITEM   OBSERVED TIME   RECORD YEAR NORMAL DEPARTURE LAST
                VALUE   (LST)  VALUE       VALUE  FROM      YEAR
                                                  NORMAL
..................................................................
TEMPERATURE (F)
 YESTERDAY
  MAXIMUM         44    306 PM  90    1952  63    -19       49
  MINIMUM         39    519 AM  27    1956  41     -2       42
  AVERAGE         42                        52    -10       46

PRECIPITATION (IN)
  YESTERDAY        0.50          1.87 2003   0.12   0.38     0.42
  MONTH TO DATE    5.30                      3.40   1.90     2.11
  SINCE MAR 1      8.13                      5.60   2.53     6.07
  SINCE JAN 1     12.83                      8.28   4.55     7.57

SNOWFALL (IN)
  YESTERDAY        0.0           7.8  1994   0.0    0.0      0.0
  MONTH TO DATE    T                         2.6   -2.6      4.2
  SINCE MAR 1      8.3                       9.6   -1.3      8.2
  SINCE JUL 1     44.0                      50.7   -6.7     32.7
  SNOW DEPTH       0

DEGREE DAYS
 HEATING
  YESTERDAY       23                        13     10       19
  MONTH TO DATE  443                       558   -115      568
  SINCE MAR 1   1392                      1521   -129     1338
  SINCE JUL 1   5904                      7007  -1103     5938

 COOLING
  YESTERDAY        0                         0      0        0
  MONTH TO DATE    0                         4     -4        0
  SINCE MAR 1      0                         4     -4        0
  SINCE JAN 1      0                         4     -4        0
..................................................................


WIND (MPH)
  HIGHEST WIND SPEED    23   HIGHEST WIND DIRECTION    NE (60)
  HIGHEST GUST SPEED    30   HIGHEST GUST DIRECTION     E (70)
  AVERAGE WIND SPEED    15.1


SKY COVER
  POSSIBLE SUNSHINE  MM
  AVERAGE SKY COVER 1.0


WEATHER CONDITIONS
 THE FOLLOWING WEATHER WAS RECORDED YESTERDAY.
  THUNDERSTORM
  RAIN
  LIGHT RAIN
  FOG


RELATIVE HUMIDITY (PERCENT)
 HIGHEST   100           800 AM
 LOWEST     85           200 AM
 AVERAGE    93

..........................................................


THE MADISON WI CLIMATE NORMALS FOR TODAY
                         NORMAL    RECORD    YEAR
 MAXIMUM TEMPERATURE (F)   64        93      1952
 MINIMUM TEMPERATURE (F)   41        19      1978


SUNRISE AND SUNSET
MAY  1 2017...........SUNRISE   551 AM CDT   SUNSET   759 PM CDT
MAY  2 2017...........SUNRISE   549 AM CDT   SUNSET   800 PM CDT


-  INDICATES NEGATIVE NUMBERS.
R  INDICATES RECORD WAS SET OR TIED.
MM INDICATES DATA IS MISSING.
T  INDICATES TRACE AMOUNT.




$$
